--
-- Host: 192.168.0.11    Database: db_eswaps2_2
-- ------------------------------------------------------


--
-- Table structure for table `am_alert`
--

CREATE TABLE `am_alert` (
  `nAlert_Id` bigint(20) NOT NULL AUTO_INCREMENT,
  `nUser_Id` bigint(20) DEFAULT NULL,
  `nNewUser` char(1) DEFAULT NULL,
  `nAddFavourites` char(1) DEFAULT NULL,
  `nProfileViewed` char(1) DEFAULT NULL,
  `nAddHot` char(1) DEFAULT NULL,
  `nNewMessageMobile` char(1) DEFAULT 'N',
  `nNewInterestMobile` char(1) DEFAULT 'N',
  `nMatchesAlerts` varchar(50) DEFAULT 'No',
  `dLastAlertSentOn` date DEFAULT NULL,
  PRIMARY KEY (`nAlert_Id`)
) ENGINE=MyISAM AUTO_INCREMENT=71 DEFAULT CHARSET=utf8;

--
-- Dumping data for table `am_alert`
--

INSERT INTO `am_alert` VALUES (1,1,'N','N','N','N','N','N','No','2013-11-11'),(2,1,'N','N','N','N','N','N','No','2013-11-04'),(3,2,'N','N','N','N','N','N','No','2013-10-30'),(4,3,'N','N','N','N','N','N','No','2013-11-12'),(5,4,'N','N','N','N','N','N','No',NULL),(6,5,'N','N','N','N','N','N','No',NULL),(7,6,'N','N','N','N','N','N','No',NULL),(8,7,'N','N','N','N','N','N','No',NULL),(9,8,'N','N','N','N','N','N','No',NULL),(10,9,'N','N','N','N','N','N','No',NULL),(11,10,'N','N','N','N','N','N','No',NULL),(12,11,'N','N','N','N','N','N','No',NULL),(13,12,'N','N','N','N','N','N','No',NULL),(14,14,'N','N','N','N','N','N','No',NULL),(15,15,'N','N','N','N','N','N','No',NULL),(16,16,'N','N','N','N','N','N','No',NULL),(17,17,'N','N','N','N','N','N','No',NULL),(18,18,'N','N','N','N','N','N','No',NULL),(19,19,'N','N','N','N','N','N','No',NULL),(20,20,'N','N','N','N','N','N','No',NULL),(21,21,'N','N','N','N','N','N','No',NULL),(22,22,'N','N','N','N','N','N','No',NULL),(23,23,'N','N','N','N','N','N','No',NULL),(24,24,'N','N','N','N','N','N','No',NULL),(25,25,'N','N','N','N','N','N','Daily','2013-11-10'),(26,26,'N','N','N','N','N','N','Daily','2013-10-30'),(27,27,'N','N','N','N','N','N','Daily','2013-11-10'),(28,28,'N','N','N','N','N','N','No',NULL),(29,29,'N','N','N','N','N','N','No',NULL),(30,30,'N','N','N','N','N','N','No',NULL),(31,31,'N','N','N','N','N','N','No',NULL),(32,32,'N','N','N','N','N','N','No',NULL),(33,33,'N','N','N','N','N','N','No',NULL),(34,34,'N','N','N','N','N','N','No',NULL),(35,35,'N','N','N','N','N','N','No',NULL),(36,36,'N','N','N','N','N','N','No',NULL),(37,37,'N','N','N','N','N','N','No',NULL),(38,38,'N','N','N','N','N','N','No',NULL),(39,39,'N','N','N','N','N','N','No',NULL),(40,40,'N','N','N','N','N','N','No',NULL),(41,41,'N','N','Y','N','N','Y','No','2013-10-29'),(42,42,'N','N','Y','Y','Y','Y','Weekly','2013-11-03'),(43,42,'Y','N','Y','N','Y','Y','Monthly','2013-10-28'),(44,47,'Y','N','Y','Y','N','N','Weekly','2013-10-30'),(68,68,'N','N','N','N','N','N','Daily','2013-11-12'),(69,69,'N','N','N','N','N','N','Daily','2013-11-12'),(70,70,'N','N','N','N','N','N','Weekly','2013-11-12');

--
-- Table structure for table `am_partner_preferance`
--

CREATE TABLE `am_partner_preferance` (
  `nPartner_Pref_Id` bigint(20) NOT NULL AUTO_INCREMENT,
  `nUser_Id` bigint(20) DEFAULT NULL,
  `nAge_Low` int(5) DEFAULT NULL,
  `nAge_High` int(5) DEFAULT NULL,
  `vBody_Type` varchar(100) DEFAULT NULL,
  `nHeight_Low` int(5) DEFAULT NULL,
  `nHeight_High` int(5) DEFAULT NULL,
  `vDrinking` varchar(100) DEFAULT NULL,
  `vSmoking` varchar(100) DEFAULT NULL,
  `vEye_Color` varchar(100) DEFAULT NULL,
  `vHair_Color` varchar(100) DEFAULT NULL,
  `vEthinicity` varchar(100) DEFAULT NULL,
  `vRelegion` varchar(100) DEFAULT NULL,
  `vEducation` varchar(100) DEFAULT NULL,
  `vLanguages` varchar(250) DEFAULT NULL,
  `vProfession` varchar(100) DEFAULT NULL,
  `vIncome` varchar(100) DEFAULT NULL,
  `vRelationship` varchar(100) DEFAULT NULL,
  `vChildren` varchar(100) DEFAULT NULL,
  PRIMARY KEY (`nPartner_Pref_Id`)
) ENGINE=MyISAM AUTO_INCREMENT=6 DEFAULT CHARSET=utf8;

--
-- Dumping data for table `am_partner_preferance`
--

INSERT INTO `am_partner_preferance` VALUES (1,42,25,30,'',62,66,'Non drinker','Non Smoker','','','Asian','Christian','College Graduate/Masters Degree','English,Hindi,Tamil','Government','More than $250,000','','0'),(2,25,25,32,'',63,68,'Non drinker','Non Smoker','','','','Christian','College Graduate/Masters Degree','English,Hindi,Tamil','Education & Science','$200,001 to $250,000','','2'),(5,69,24,33,'',60,72,'Non drinker','','','','','Christian','Doctorate','English,Hindi,Tamil','Government','$200,001 to $250,000','','2');

--
-- Table structure for table `am_user_activitytags`
--

CREATE TABLE `am_user_activitytags` (
  `tActivity_Id` int(11) NOT NULL AUTO_INCREMENT,
  `tTag_Id` int(11) NOT NULL,
  `tUser_Id` int(11) NOT NULL,
  `tExperience_Level` varchar(50) DEFAULT NULL COMMENT '1 - Begginner 2 - Intermediate 3 -Expert',
  PRIMARY KEY (`tActivity_Id`)
) ENGINE=MyISAM AUTO_INCREMENT=28 DEFAULT CHARSET=utf8;

--
-- Dumping data for table `am_user_activitytags`
--

INSERT INTO `am_user_activitytags` VALUES (7,1,25,'3'),(6,2,25,'2'),(8,6,25,'2'),(9,7,25,'2'),(10,2,27,'2'),(11,1,27,'2'),(12,2,40,'3'),(13,2,41,'3'),(14,2,68,'2'),(15,2,69,'2'),(16,2,70,'2'),(17,2,71,'2'),(18,2,72,'2'),(19,2,73,'2'),(20,2,74,'2'),(21,2,75,'2'),(22,2,76,'2'),(23,2,77,'2'),(24,2,78,'2'),(25,2,79,'2'),(26,1,71,'2'),(27,1,69,'3');

--
-- Table structure for table `es_affiliate`
--

CREATE TABLE `es_affiliate` (
  `nAffiliateId` int(11) NOT NULL AUTO_INCREMENT,
  `vLoginName` varchar(100) DEFAULT NULL,
  `vPassword` varchar(100) DEFAULT NULL,
  `vFirstName` varchar(100) DEFAULT NULL,
  `vLastName` varchar(100) DEFAULT NULL,
  `vAddress1` varchar(100) DEFAULT NULL,
  `vAddress2` varchar(100) DEFAULT NULL,
  `vCity` varchar(100) DEFAULT NULL,
  `vState` varchar(100) DEFAULT NULL,
  `vCountry` varchar(100) DEFAULT NULL,
  `nZip` int(11) DEFAULT NULL,
  `vPhone` varchar(50) DEFAULT NULL,
  `vFax` varchar(50) DEFAULT NULL,
  `vEmail` varchar(100) DEFAULT NULL,
  `vUrl` varchar(100) DEFAULT NULL,
  `nAmount` double DEFAULT '0',
  `vDelStatus` varchar(10) NOT NULL DEFAULT '0',
  PRIMARY KEY (`nAffiliateId`)
) ENGINE=MyISAM DEFAULT CHARSET=latin1;

--
-- Dumping data for table `es_affiliate`
--


--
-- Table structure for table `es_banners`
--

CREATE TABLE `es_banners` (
  `nBId` int(11) NOT NULL AUTO_INCREMENT,
  `vlocUrl` varchar(200) DEFAULT NULL,
  `vImg` varchar(200) DEFAULT NULL,
  `nDate` date DEFAULT '0000-00-00',
  `vWidth` varchar(100) DEFAULT NULL,
  `vHeight` varchar(100) DEFAULT NULL,
  `nPosition` int(11) DEFAULT NULL,
  `vActive` enum('1','0') DEFAULT '0',
  `vLocation` varchar(10) DEFAULT NULL,
  `nCount` int(11) DEFAULT '0',
  PRIMARY KEY (`nBId`)
) ENGINE=MyISAM AUTO_INCREMENT=39 DEFAULT CHARSET=latin1;

--
-- Dumping data for table `es_banners`
--

INSERT INTO `es_banners` VALUES (4,'http://123.com','banner1335181994.gif','2011-06-11','728','90',1,'0','Home',8800),(7,'http://www.google.com','banner1335182129.gif','2011-07-15','728','90',3,'1','Home',4204),(15,'http://www.google.com','banner1312548680.jpg','2011-08-05','800','600',4,'1','Sub',17261),(18,'http://www.goto2gle.com','banner1335178867.jpg','2011-08-09','728','90',2,'0','Sub',3808),(22,'http://www.google.com','banner1421850483.png','2012-04-23','1086','631',6,'0','Home',125),(20,'http://www.googlsdfdfdfe.com','banner1355737244.jpg','2011-08-09','2210','547',5,'0','Home',1428),(23,'http://google.co.in','banner1421850470.jpg','2012-12-17','1024','768',0,'1','Home',1406),(24,'http://google.com','banner1415782213.jpg','2014-11-12','960','272',7,'1','Home',1208),(25,'http://google.com','banner1461325148.jpg','2014-11-18','1920','854',8,'1','Home',5162),(26,'http://google.com','banner1416316272.png','2014-11-18','1080','1920',9,'1','Sub',11005),(27,'http://localhost/eswap/index.php','banner1429258444.jpg','2015-04-17','1440','964',10,'1','Sub',5346),(28,'http://localhost/eswap/index.php','banner1429259820.jpg','2015-04-17','1440','900',11,'1','Sub',5384),(29,'http://localhost/eswap/index.php','banner1429259869.jpg','2015-04-17','1440','900',12,'1','Sub',5448),(30,'http://localhost/eswap/index.php','banner1429259913.jpg','2015-04-17','1440','960',14,'1','Sub',5555),(31,'http://test.com','banner1430393848.gif','2015-04-30','728','90',15,'1','Sub',4954),(32,'http://sdfasdfasd','banner1431000807.jpg','2015-05-07','1366','421',16,'1','Sub',4860),(33,'http://localhost/cybermatch/admin/add_banner.php','banner1431001901.jpg','2015-05-07','1366','421',17,'1','Sub',4941),(34,'http://localhost/cybermatch/admin/add_banner.php','banner1431001916.jpg','2015-05-07','1366','421',18,'1','Sub',4854),(35,'http://google.com','banner1435650015.jpg','2015-07-01','800','400',19,'1','Home',367),(36,'http://google.com','banner1496226778.png','2017-05-31','728','90',13,'1','Home',17),(37,'http://google.com','banner1496231918.jpg','2017-05-31','728','90',20,'1','Home',23),(38,'http://google.com','banner1496234088.gif','2017-05-31','728','90',21,'1','Home',13);

--
-- Table structure for table `es_banners_lang`
--

CREATE TABLE `es_banners_lang` (
  `banner_lang_id` int(11) NOT NULL AUTO_INCREMENT,
  `banner_id` int(11) NOT NULL COMMENT 'banner id',
  `lang_id` int(11) NOT NULL COMMENT 'language id',
  `vName` varchar(200) NOT NULL COMMENT 'blog name',
  PRIMARY KEY (`banner_lang_id`)
) ENGINE=MyISAM AUTO_INCREMENT=125 DEFAULT CHARSET=utf8;

--
-- Dumping data for table `es_banners_lang`
--

INSERT INTO `es_banners_lang` VALUES (1,4,1,'tst'),(5,6,2,'testfre'),(4,6,1,'testeng'),(6,7,1,'http://www.google.com'),(7,7,2,'http://www.google.comFR'),(27,18,2,'fr Banner Name'),(26,18,1,'English Banner Name1'),(36,22,5,'r'),(35,22,2,'sdfsdfdsf'),(34,22,1,'ABC BANNER'),(30,20,1,'etrrtrtr'),(31,20,2,'sdfsdfdsf'),(37,22,6,'r'),(38,18,5,''),(39,18,6,'B'),(40,4,2,'s'),(41,4,5,'t'),(42,4,6,''),(43,7,5,'t'),(44,7,6,'p'),(45,20,5,'r'),(46,20,6,'r'),(47,23,1,'ANX TEST BANNER'),(48,23,2,'N'),(49,23,5,'X'),(50,23,6,''),(51,23,7,'X'),(52,4,7,'t'),(53,7,7,'t'),(54,23,8,'T'),(55,24,1,'asdas'),(56,24,2,''),(57,24,5,''),(58,24,6,''),(59,24,8,''),(60,25,1,'asdasd'),(61,25,2,''),(62,25,5,''),(63,25,6,''),(64,25,8,''),(65,26,1,'asd'),(66,26,2,''),(67,26,5,''),(68,26,6,''),(69,26,8,''),(70,22,8,''),(71,27,1,'Test'),(72,27,2,''),(73,27,5,''),(74,27,6,''),(75,27,8,''),(76,28,1,'asdfasdf'),(77,28,2,''),(78,28,5,''),(79,28,6,''),(80,28,8,''),(81,29,1,'asdfasdf'),(82,29,2,''),(83,29,5,''),(84,29,6,''),(85,29,8,''),(86,30,1,'Test'),(87,30,2,''),(88,30,5,''),(89,30,6,''),(90,30,8,''),(91,31,1,'Test'),(92,31,2,''),(93,31,5,''),(94,31,6,''),(95,31,8,''),(96,32,1,'das'),(97,32,2,'fasdfasdf'),(98,32,5,''),(99,32,6,''),(100,32,8,''),(101,33,1,'asdfsd'),(102,33,2,''),(103,33,5,''),(104,33,6,''),(105,33,8,''),(106,34,1,'sdfasd'),(107,34,2,''),(108,34,5,''),(109,34,6,''),(110,34,8,''),(111,35,1,'hello'),(112,35,2,'hello'),(113,35,5,'hello'),(114,35,6,''),(115,35,8,''),(116,23,9,''),(117,36,1,'Home banner'),(118,36,9,'Home banner'),(119,37,1,'Sample banner-2'),(120,37,9,'Sample banner-2'),(121,38,1,'Sample banner -1'),(122,38,2,'Sample banner -1'),(123,38,5,'Sample banner -1'),(124,38,6,'Sample banner -1');

--
-- Table structure for table `es_batches`
--

CREATE TABLE `es_batches` (
  `nBatchId` bigint(20) NOT NULL AUTO_INCREMENT,
  `vBatchName` varchar(100) DEFAULT NULL,
  `dDate` datetime DEFAULT NULL,
  PRIMARY KEY (`nBatchId`)
) ENGINE=MyISAM DEFAULT CHARSET=latin1;

--
-- Dumping data for table `es_batches`
--


--
-- Table structure for table `es_cashtxn`
--

CREATE TABLE `es_cashtxn` (
  `nCashTxnId` int(11) NOT NULL AUTO_INCREMENT,
  `nUserId` int(11) DEFAULT '0',
  `nAffiliateId` int(11) DEFAULT '0',
  `nAmount` double DEFAULT '0',
  `nCommission` double DEFAULT '0',
  `dDate` datetime DEFAULT NULL,
  `vMode` varchar(100) DEFAULT NULL,
  `vModeNo` varchar(100) DEFAULT NULL,
  `vReason` varchar(100) DEFAULT NULL,
  `vKey` varchar(100) DEFAULT NULL,
  PRIMARY KEY (`nCashTxnId`)
) ENGINE=MyISAM AUTO_INCREMENT=15 DEFAULT CHARSET=latin1;

--
-- Dumping data for table `es_cashtxn`
--

INSERT INTO `es_cashtxn` VALUES (1,21,0,0.95,0.05,'2011-07-26 17:25:02','Cheque','12121','es_swap','45ì22ì21ìbeniston'),(2,1,0,21.16,1.84,'2011-07-28 09:55:31','Demand Draft','446668954558956544','es_saledetails','5|2|2010-06-30 13:05:56'),(3,1,0,21.16,1.84,'2011-07-28 09:55:31','Demand Draft','446668954558956544','es_saledetails','5|2|2010-07-01 11:27:43'),(4,21,0,9.2,0.8,'2011-08-09 09:21:54','Cheque','122356','es_saledetails','16|22|2011-07-19 07:42:19'),(5,22,0,2.85,0.15,'2011-12-12 15:35:42','Cheque','123','es_saledetails','19|37|2011-08-04 16:42:15'),(6,37,0,54,1,'2011-12-12 15:39:33','Cheque','','es_saledetails','59|57|2011-12-09 08:33:59'),(7,37,0,280,50,'2011-12-12 15:51:59','Cheque','','es_saledetails','66|57|2011-12-06 11:53:41'),(8,89,0,225,25,'2013-03-08 16:03:25','Cheque','qsasasa','es_saledetails','96|78|2013-03-08 10:02:00'),(9,37,0,65,0,'2013-11-21 17:31:34','Cheque','54','registration','1'),(10,114,0,20,10,'2014-08-06 10:37:59','Cheque','','es_saledetails','101|113|2014-08-05 21:57:38'),(11,111,0,30.8,4.2,'2016-05-05 04:50:26','Cheque','','es_saledetails','109|121|2015-04-17 06:24:56'),(13,139,0,36.96,5.04,'2016-05-06 21:18:32','Cheque','','es_saledetails','134|111|2015-06-30 04:32:39'),(14,137,0,46.64,6.36,'2016-05-06 21:42:53','Cheque','','es_saledetails','121|111|2016-04-24 22:41:01');

--
-- Table structure for table `es_category`
--

CREATE TABLE `es_category` (
  `nCategoryId` int(11) NOT NULL AUTO_INCREMENT,
  `nParentId` int(11) NOT NULL DEFAULT '0',
  `vRoute` varchar(100) DEFAULT NULL,
  `nCount` int(11) DEFAULT '0',
  `nPosition` int(11) DEFAULT '0',
  `cat_image` varchar(300) NOT NULL,
  PRIMARY KEY (`nCategoryId`)
) ENGINE=MyISAM AUTO_INCREMENT=175 DEFAULT CHARSET=latin1;

--
-- Dumping data for table `es_category`
--

INSERT INTO `es_category` VALUES (72,0,'72',18,10,'nocatimage.jpg'),(39,0,'39',30,11,'nocatimage.jpg'),(38,0,'38',5,8,'nocatimage.jpg'),(37,0,'37',12,5,'nocatimage.jpg'),(36,0,'36',25,7,'nocatimage.jpg'),(35,0,'35',4,32,'nocatimage.jpg'),(34,0,'34',21,2,'banner1407243544.jpg'),(12,0,'12',31,3,'banner1407242294.png'),(33,0,'33',66,0,'banner1407242287.jpg'),(25,0,'25',8,4,'banner1407149255.jpg'),(68,0,'68',14,6,'nocatimage.jpg'),(31,0,'31',50,1,'nocatimage.jpg'),(90,0,'90',24,12,''),(89,88,'71,88,89',7,14,''),(88,71,'71,88',7,13,''),(70,0,'70',14,15,''),(71,0,'71',7,9,'nocatimage.jpg'),(91,0,'91',8,16,'nocatimage.jpg'),(92,0,'92',10,17,'banner1334311355.jpg'),(102,0,'102',1,21,'banner1336560689.jpg'),(103,102,'102,103',1,22,'banner1336560710.jpg'),(104,103,'102,103,104',1,23,'banner1336560736.jpg'),(105,0,'105',0,20,'banner1340962469.jpg'),(106,0,'106',-1,24,'banner1344605066.jpg'),(107,106,'106,107',-1,25,'nocatimage.jpg'),(108,106,'106,108',0,26,'nocatimage.jpg'),(109,106,'106,109',0,27,'nocatimage.jpg'),(110,106,'106,110',0,28,'nocatimage.jpg'),(111,106,'106,111',0,29,'nocatimage.jpg'),(112,106,'106,112',0,30,'nocatimage.jpg'),(113,106,'106,113',0,31,'nocatimage.jpg'),(114,106,'106,114',0,33,'nocatimage.jpg'),(115,106,'106,115',0,34,'nocatimage.jpg'),(116,106,'106,116',0,35,'nocatimage.jpg'),(117,106,'106,117',0,36,'nocatimage.jpg'),(118,106,'106,118',0,37,'nocatimage.jpg'),(119,106,'106,119',0,38,'nocatimage.jpg'),(120,107,'106,107,120',-1,39,'nocatimage.jpg'),(171,0,'171',3,44,'banner1435569974.png'),(172,105,'105,172',0,45,'nocatimage.jpg'),(174,173,'173,174',0,47,'nocatimage.jpg'),(173,0,'173',0,46,'nocatimage.jpg');

--
-- Table structure for table `es_category_lang`
--

CREATE TABLE `es_category_lang` (
  `cat_lang_id` int(11) NOT NULL AUTO_INCREMENT,
  `cat_id` int(11) NOT NULL COMMENT 'category id',
  `lang_id` int(11) NOT NULL COMMENT 'language id',
  `vCategoryDesc` varchar(100) NOT NULL COMMENT 'category name',
  PRIMARY KEY (`cat_lang_id`)
) ENGINE=MyISAM AUTO_INCREMENT=631 DEFAULT CHARSET=utf8;

--
-- Dumping data for table `es_category_lang`
--

INSERT INTO `es_category_lang` VALUES (38,36,1,'Automotive '),(37,35,2,'Bijoux et montres'),(36,35,1,'Jewelry & Watches'),(152,34,5,'monedas'),(35,34,2,'pièces'),(34,34,1,'Coins '),(10,12,1,'Cameras '),(17,25,2,'Ordinateurs et périphériques'),(16,25,1,'Computers and Peripherals'),(39,36,2,'automobile'),(33,33,2,'Livres, BD et revues'),(32,33,1,'Books, Comics & Magazines '),(591,0,6,'Chudidar'),(28,31,1,'Clothing '),(29,31,2,'&#27979;&#35797;'),(590,0,5,'Chudidar'),(40,37,1,'Stationary'),(41,37,2,'stationnaire'),(42,38,1,'MP3 '),(43,38,2,'MP3 '),(44,39,1,'Compute'),(45,39,2,'Calculer'),(622,171,8,'dibujos animados'),(592,0,8,'Chudidar'),(254,92,5,'yeryer'),(253,92,1,'eryer'),(252,91,5,'catgeory11'),(251,91,1,'catgeory11'),(250,90,5,'Mofiles'),(249,90,1,'Mobiles'),(248,89,5,''),(247,89,1,'cars'),(246,88,5,''),(245,88,1,'toys'),(146,37,5,'estacionario'),(145,38,6,'MP3'),(144,38,5,'MP3'),(142,39,5,'calcular '),(143,39,6,'berechnen '),(148,36,5,'automotor'),(147,37,6,'stationär'),(149,36,6,'Automotive'),(150,35,5,'Joyería y Relojería'),(151,35,6,'Schmuck & Uhren'),(153,34,6,'Münzen'),(154,33,5,'Libros, Comics y Revistas'),(155,33,6,'Bücher, Comics & Zeitschriften'),(589,0,2,'Chudidar'),(588,0,1,'Chudidar'),(158,31,5,'ropa'),(159,31,6,'Kleidung'),(160,25,5,'Ordenadores y Periféricos'),(161,25,6,'Computer und Peripheriegeräte'),(162,12,2,'Appareils'),(163,12,5,'cámaras'),(164,12,6,'Kameras'),(165,68,1,'Furniture'),(166,68,2,'meubles'),(167,68,5,'muebles'),(168,68,6,'Möbel'),(173,70,1,'Pets'),(174,70,2,'Animaux'),(175,70,5,'Animales domésticos'),(176,70,6,'Haustiere'),(177,71,1,'Gifts'),(178,71,2,'Cadeaux'),(179,71,5,'regalos'),(180,71,6,'Geschenke'),(181,72,1,'Mobile Phones'),(182,72,2,'Téléphones mobiles'),(183,72,5,'Teléfonos móviles'),(184,72,6,'Mobile Phones'),(273,0,1,'High definition'),(275,0,5,'High definition'),(274,0,2,'High definition'),(276,0,6,'High definition'),(277,0,1,'High definition'),(279,0,5,''),(278,0,2,''),(281,102,1,'Fruits'),(280,0,6,''),(282,102,2,'Fruits'),(283,102,5,'Fruits'),(284,102,6,'Fruits'),(285,103,1,'Peach'),(286,103,2,'Peach'),(287,103,5,'Peach'),(288,103,6,'Peach'),(289,104,1,'Plum'),(290,104,2,'Plum'),(291,104,5,'Plum'),(292,104,6,'Plum'),(293,105,1,'Toys'),(294,105,2,'Toys'),(295,105,5,'Toys'),(296,105,6,'Toys'),(297,106,1,'Paintings'),(298,106,2,'Paintings'),(299,106,5,'Paintings'),(300,106,6,'Paintings'),(301,107,1,'Art'),(302,107,2,'Art'),(303,107,5,'Art'),(304,107,6,'Art'),(305,108,1,'Oil Painting'),(306,108,2,'Oil Painting'),(307,108,5,'Oil Painting'),(308,108,6,'Oil Painting'),(309,109,1,'Water Color'),(310,109,2,'Water Color'),(311,109,5,'Water Color'),(312,109,6,'Water Color'),(313,110,1,'Art1'),(314,110,2,'Art1'),(315,110,5,'Art1'),(316,110,6,'Art1'),(317,111,1,'Water Color1'),(318,111,2,'Water Color1'),(319,111,5,'Water Color1'),(320,111,6,'Water Color1'),(321,112,1,'Oil Painting1'),(322,112,2,'Oil Painting1'),(323,112,5,'Oil Painting1'),(324,112,6,'Oil Painting1'),(325,113,1,'Art3'),(326,113,2,'Art3'),(327,113,5,'Art3'),(328,113,6,'Art3'),(329,114,1,'Oil Painting3'),(330,114,2,'Oil Painting3'),(331,114,5,'Oil Painting3'),(332,114,6,'Oil Painting3'),(333,115,1,'Water Color3'),(334,115,2,'Water Color3'),(335,115,5,'Water Color3'),(336,115,6,'Water Color3'),(337,116,1,'Art4'),(338,116,2,'Art4'),(339,116,5,'Art4'),(340,116,6,'Art4'),(341,117,1,'Water Color4'),(342,117,2,'Water Color4'),(343,117,5,'Water Color4'),(344,117,6,'Water Color4'),(345,118,1,'Oil Painting4'),(346,118,2,'Oil Painting4'),(347,118,5,'Oil Painting4'),(348,118,6,'Oil Painting4'),(349,119,1,'Art5'),(350,119,2,'Art5'),(351,119,5,'Art5'),(352,119,6,'Art5'),(353,120,1,'Wall Paintings'),(354,120,2,'Wall Paintings'),(355,120,5,'Wall Paintings'),(356,120,6,'Wall Paintings'),(621,171,6,'cartoon'),(620,171,5,'dibujos animados'),(619,171,2,'dessin animé'),(618,171,1,'cartoon'),(626,0,1,'test'),(625,0,1,'test'),(605,0,5,'fdgfd'),(604,0,2,'fvgd'),(603,0,1,'test'),(607,0,8,'fghgf'),(606,0,6,'gfhgf'),(379,25,8,'&#38651;&#33126;&#21450;&#21608;&#37002;&#35373;&#20633;'),(400,31,8,''),(404,33,8,''),(405,12,8,''),(629,173,1,'reejatesta'),(630,174,1,'testr'),(492,34,8,''),(628,0,1,'gfg'),(627,0,1,'gfffffffff'),(624,0,1,'test'),(623,172,1,'fdfgxdfgdg');

--
-- Table structure for table `es_chat`
--

CREATE TABLE `es_chat` (
  `nUserId` int(100) NOT NULL DEFAULT '0',
  `vMsg` varchar(250) NOT NULL DEFAULT '',
  `vTimeStamp` varchar(250) NOT NULL DEFAULT '',
  `vDisplayed` char(1) NOT NULL DEFAULT '',
  `nFromId` int(100) DEFAULT NULL
) ENGINE=MyISAM DEFAULT CHARSET=latin1;

--
-- Dumping data for table `es_chat`
--

INSERT INTO `es_chat` VALUES (37,'hi','5:42:14','1',57),(57,'hello','5:43:3','1',37),(57,'ss','5:43:27','1',37),(57,'sdsd','5:43:28','1',37),(57,'sdsddssd','5:43:31','1',37),(57,'qqqq','5:43:34','1',37),(57,'wwww','5:43:36','1',37),(37,'rrrr','5:43:41','1',57),(37,'ttt','5:43:43','1',57),(37,'esfreswf','5:43:45','1',57),(37,'\nfds','5:43:46','1',57),(37,'\nv','5:43:46','1',57),(37,'\ngdf','5:43:47','1',57),(37,'\nsfg','5:43:47','1',57),(37,'\ndsfsdvg','5:43:48','1',57),(37,'\nsgffsg','5:43:49','1',57),(37,'\nsgfg','5:43:49','1',57),(37,'\nfdsgf','5:43:50','1',57),(37,'\nsgfg','5:43:51','1',57),(37,'\n','5:43:51','1',57),(37,'\n','5:43:52','1',57),(37,'\n','5:43:53','1',57),(37,'dsxdfsgdfg\n','5:43:55','1',57),(37,'\nfgvdfg','5:43:56','1',57),(37,'\n222222222222222','5:44:52','1',57),(57,'q','5:46:38','1',37),(57,'eeeeeeeeeeee','5:46:45','1',37),(57,'aaaaaaaaaa','5:48:36','1',37),(59,'hi','5:20:26','0',21),(37,'Hi babitha','11:58:51','1',78),(37,'helloooooo','11:59:44','1',78),(37,'rtsugfdtju','12:0:18','1',78),(37,'\ntukfufuk6fu6','12:2:5','1',78),(37,'\nfsdhsj uhsiuis utusu','12:11:18','1',78),(37,'hello there','12:24:21','1',78),(76,'hi','13:39:3','0',91),(76,'\nhello','13:39:10','0',91),(76,'\nhow are you','13:39:28','0',91),(76,'\nhi','13:40:11','0',91),(76,'\nhello','13:40:16','0',91),(76,'\n','13:40:17','0',91),(76,'\n','13:40:17','0',91),(76,'\n','13:40:17','0',91),(76,'\nngfgkjf','13:40:18','0',91),(76,'\nf;fffff','13:40:20','0',91),(76,'\nf','13:40:21','0',91),(76,'\ndfd','13:40:21','0',91),(76,'\ndf','13:40:22','0',91),(76,'\ndf','13:40:22','0',91),(76,'\nf','13:40:22','0',91),(76,'the','13:41:28','0',91),(76,'\nher','13:41:32','0',91),(76,'\nhjd','13:41:33','0',91),(76,'\ncduid','13:41:35','0',91),(76,'hfdf\n','13:41:59','0',91),(76,'\nfdfd','13:42:0','0',91),(76,'\nfdfd','13:42:1','0',91),(76,'\ndf','13:42:2','0',91),(76,'\ndf','13:42:2','0',91),(76,'\ndf','13:42:3','0',91),(76,'\ndf','13:42:3','0',91),(76,'\nd','13:42:3','0',91),(76,'\nfdf','13:42:3','0',91),(76,'here I\'m','13:43:8','0',91),(76,'\nhello','13:43:13','0',91),(78,'Hi','5:22:39','1',91),(78,'hello ','5:23:9','1',91),(78,'here comes my new entry','5:24:9','1',91),(78,'yes','5:24:23','1',92),(78,'here I\'m','5:24:47','1',92),(92,'hi','5:35:15','1',91),(91,'yes I\'m  here','5:35:44','1',92),(92,'here is my new shop details, please come and visit, have a good shopping','5:36:44','1',91),(91,'Santra Park, 163 Ave, Door no 13','5:37:29','1',92),(92,'wow, so good to here that.','5:37:56','1',91),(92,'Definitely I should get something from your shoppers stop  ','5:39:10','1',91),(92,'Is it only with garments','5:39:37','1',91),(91,'no with all the items','5:40:44','1',92),(91,'\n <img src=\'../icons/4.gif\'> ','5:41:34','1',92),(92,'cool','5:41:45','1',91),(92,'\n <img src=\'../icons/16.gif\'> ','5:41:52','1',91),(92,'Hey one new store opened in my street, just 100 mt distant from my door step.','5:44:4','1',91),(92,'a Food Court with all the Indian cusines','5:44:35','1',91),(1,'hi','16:36:35','1',104),(1,'hiiiiiiiii','16:36:45','1',104),(1,'\n <img src=\'../icons/21.gif\'> ','16:36:53','1',104),(89,'........','12:27:13','1',1),(104,'hai','13:4:58','0',1),(104,'kkkk','13:10:41','0',1),(89,'%u9805%u76EE','3:39:27','1',111),(89,'hi','5:0:35','1',111),(89,'\nhi','5:0:36','1',111),(89,'\nhello','5:0:39','1',111),(89,'sdfsdf','22:16:29','1',111),(22,'asdasd','4:24:40','0',115),(22,'asdasd','4:24:41','0',115),(76,'hi','2:40:39','0',115),(22,'hi','3:11:43','0',115),(20,'hi','3:13:8','0',115),(22,'hi','4:9:14','0',115),(115,'hi','4:9:48','1',21),(22,'hi\n','4:10:0','0',115),(115,'\n','4:10:4','1',21),(115,'helloo','4:10:11','1',21),(22,'\n','4:20:7','0',115),(22,'hello','4:20:11','0',115),(22,'\ncan u pls reply','4:20:14','0',115),(22,'hi','6:39:2','0',115),(22,'hi','6:39:5','0',115),(76,'hi','7:5:19','0',115),(76,'asdasd','7:34:50','0',115),(76,'asdasd','7:36:15','0',115),(76,'\nasd','7:36:15','0',115),(76,'\nasd','7:36:16','0',115),(76,'\nas','7:36:16','0',115),(76,'\nd','7:36:17','0',115),(76,' <img src=\'../icons/18.gif\'> ','7:37:12','0',115),(76,'asdasd','7:37:15','0',115),(76,'\nasd','7:37:17','0',115),(76,'\nasd','7:37:17','0',115),(76,'\nas','7:37:18','0',115),(76,'\ndasdasdasd s','7:37:19','0',115),(76,'\nasdA','7:37:20','0',115),(76,'\nsdA','7:37:20','0',115),(76,'\nSdas','7:37:20','0',115),(76,'\nD','7:37:22','0',115),(76,'\nasdasd','7:37:26','0',115),(76,'asdasd','7:39:10','0',115),(76,'\nasd','7:39:10','0',115),(76,'\nas','7:39:10','0',115),(76,'\nd','7:39:10','0',115),(76,'\nsad','7:39:11','0',115),(76,'\nasd','7:39:11','0',115),(76,'\nas','7:39:11','0',115),(76,'\ndas','7:39:11','0',115),(76,'\nd','7:39:11','0',115),(76,'\nasd','7:39:11','0',115),(76,'\nas','7:39:11','0',115),(76,'\nd','7:39:12','0',115),(76,'\nsad','7:39:12','0',115),(76,'\nas','7:39:12','0',115),(76,'\nd','7:39:12','0',115),(76,'\nas','7:39:12','0',115),(76,'\ndas','7:39:12','0',115),(76,'\nd','7:39:12','0',115),(76,'\nasd','7:39:12','0',115),(76,'\nas','7:39:13','0',115),(76,'\ndas','7:39:13','0',115),(76,'\nd','7:39:13','0',115),(76,'\nasd','7:39:13','0',115),(76,'\nas','7:39:13','0',115),(76,'\nds','7:39:13','0',115),(76,'\nad','7:39:13','0',115),(76,'\nas','7:39:13','0',115),(76,'asd','7:40:35','0',115),(76,'asd','7:41:13','0',115),(76,'asdasd','7:41:32','0',115),(76,'\nasd','7:41:32','0',115),(76,'\nasd','7:41:32','0',115),(76,'\nas','7:41:32','0',115),(76,'asd','7:41:57','0',115),(76,'\nasd','7:41:57','0',115),(76,'\nasd','7:41:57','0',115),(76,'\nasd','7:41:57','0',115),(76,'asd','7:42:36','0',115),(76,'\nasd','7:42:36','0',115),(76,'\nasd','7:42:36','0',115),(76,'asdas','7:44:14','0',115),(76,'\nd','7:44:15','0',115),(76,'\nasd','7:44:15','0',115),(76,'\nasd','7:44:15','0',115),(76,'asd','7:44:34','0',115),(76,'\nasd','7:44:35','0',115),(76,'\nasd','7:44:35','0',115),(76,'hi','0:16:19','0',115),(112,'hi','2:20:45','0',115),(115,'hi','2:22:40','1',21),(22,'hi','2:22:50','0',115),(22,'\nhelloo','2:23:5','0',115),(110,'hi','1:40:46','1',115),(76,'asdasd','5:55:57','0',115),(76,' <img src=\'../icons/8.gif\'> ','5:56:6','0',115),(76,' <img src=\'../icons/19.gif\'> ','3:51:44','0',115),(115,'hi','1:54:59','1',110),(112,'hi','23:33:54','0',115),(112,'hello','23:34:0','0',115),(120,'hi','2:30:8','1',111),(111,'hello','2:30:19','1',120),(111,'ddffd','2:0:33','1',121),(121,'hi','2:37:6','1',111),(111,'hw','2:37:22','1',121),(121,'\n <img src=\'../icons/19.gif\'> ','2:37:32','1',111),(121,'adcss','2:37:32','1',111),(121,'hgh\n','2:37:56','1',111),(111,'\nhjhjkh','2:38:9','1',121),(121,'\nfghghj','2:38:47','1',111),(111,'\njjklj','2:38:52','1',121),(121,'sdfsdfsdf','3:8:55','1',111),(76,'cxvxcvxv','3:9:27','0',111),(76,'\nncnbc','3:9:33','0',111),(76,'\nvhvmh','3:9:35','0',111),(76,'\nhvhv','3:9:36','0',111),(76,'\nbjk\'hf','3:9:40','0',111),(76,'\ngf','3:9:40','0',111),(76,'\nfh','3:9:40','0',111),(76,'\nf','3:9:40','0',111),(76,'\nh','3:9:41','0',111),(76,'\nfh','3:9:41','0',111),(76,'\nfhf','3:9:41','0',111),(76,'\nh','3:9:41','0',111),(76,'\nf','3:9:41','0',111),(76,'\nhf','3:9:41','0',111),(76,'\nhf','3:9:42','0',111),(76,'\nh','3:9:42','0',111),(76,'\nf','3:9:42','0',111),(76,'\nhf','3:9:42','0',111),(76,'\nhf','3:9:43','0',111),(76,'\nhf','3:9:43','0',111),(76,'\nh','3:9:43','0',111),(76,'\nfh','3:9:43','0',111),(76,'\nf','3:9:43','0',111),(76,'\nhf','3:9:43','0',111),(76,'\nhf','3:9:44','0',111),(89,'sfsdf','4:31:37','1',111),(89,'\nsdfsdf','4:31:37','1',111),(89,'\nasdfsadf','4:31:38','1',111),(89,'\nsadf','4:31:39','1',111),(89,'\nasdf','4:31:39','1',111),(89,'\nasf','4:31:40','1',111),(89,'\nasdfasfd','4:31:40','1',111),(89,'\nsadf','4:31:41','1',111),(89,'\nadsf','4:31:42','1',111),(89,'\nasfsda','4:31:43','1',111),(89,'\nasf','4:31:43','1',111),(89,'\nasdf','4:31:44','1',111),(89,'\nasdf','4:31:44','1',111),(89,'\nasdf','4:31:45','1',111),(89,'\nasdf','4:31:46','1',111),(89,'\nasfd','4:31:46','1',111),(89,'\nasdf','4:31:47','1',111),(89,'\nasdf','4:31:49','1',111),(89,'sdfgdg','5:6:44','1',111),(89,'\ndsfgd','5:6:46','1',111),(89,'\ndsfg','5:6:46','1',111),(89,'\ndsfg','5:6:47','1',111),(89,'\ndsfg','5:6:47','1',111),(89,'\nsdfg','5:6:48','1',111),(89,'\nsdfg','5:6:48','1',111),(89,'\ndsfg','5:6:49','1',111),(89,'\nsdfg','5:6:49','1',111),(89,'\nsdfg','5:6:50','1',111),(89,'\nsdfg','5:6:50','1',111),(89,'\ndsfg','5:6:51','1',111),(89,'\nsdfg','5:6:52','1',111),(89,'\nsdgf','5:6:52','1',111),(89,'\nsdgf','5:6:53','1',111),(89,'asdasdf','5:7:57','1',111),(89,'asfd','5:7:58','1',111),(89,'asdf','5:7:58','1',111),(89,'asf','5:7:59','1',111),(89,'asdf','5:8:0','1',111),(89,'asdf','5:8:0','1',111),(89,'asdf','5:8:1','1',111),(89,'asdf','5:8:1','1',111),(89,'asdf','5:8:2','1',111),(89,'asdf','5:8:2','1',111),(89,'asdf','5:8:3','1',111),(89,'asdf','5:8:3','1',111),(89,'asdf','5:8:4','1',111),(89,'asfd','5:8:4','1',111),(89,'sadf','5:8:5','1',111),(89,'asdf','5:8:5','1',111),(89,'asdf','5:8:6','1',111),(89,'asdf','5:8:7','1',111),(89,'asd','5:8:18','1',111),(89,'asd','5:8:20','1',111),(89,'asdf','5:8:22','1',111),(89,'sda','5:9:8','1',111),(89,'sadf','5:9:8','1',111),(89,'asdf','5:9:9','1',111),(89,'asdf','5:9:10','1',111),(89,'asdf','5:9:13','1',111),(89,'asdf','5:9:14','1',111),(89,'asdf','5:9:15','1',111),(89,'fd','5:9:15','1',111),(89,'asdf','5:9:16','1',111),(89,'asdf','5:9:17','1',111),(89,'asdf','5:9:18','1',111),(89,'asdf','5:9:20','1',111),(89,'asdf','5:9:22','1',111),(89,'asdf','5:9:24','1',111),(89,'sdf','5:9:26','1',111),(89,'dsaf','5:9:28','1',111),(89,'sdf','5:9:32','1',111),(89,'sdfg','5:9:34','1',111),(89,'sdfg','5:9:36','1',111),(89,'dsfg','5:9:38','1',111),(89,'d','5:9:58','1',111),(89,'asdfsa','5:10:56','1',111),(89,'sadf','5:10:57','1',111),(89,'asdf','5:10:57','1',111),(89,'sdf','5:10:58','1',111),(89,'asdf','5:10:58','1',111),(89,'sadf','5:10:59','1',111),(89,'f','5:10:59','1',111),(89,'sadf','5:11:0','1',111),(89,'asdf','5:11:0','1',111),(89,'asdf','5:11:1','1',111),(89,'asdf','5:11:2','1',111),(89,'asdf','5:11:2','1',111),(89,'sadf','5:11:3','1',111),(89,'asdf','5:11:5','1',111),(89,'asdf','5:11:6','1',111),(89,'sadf','5:11:6','1',111),(89,'asdf','5:11:7','1',111),(89,'asdf','5:11:8','1',111),(89,'asdf','5:11:8','1',111),(89,'asfd','5:11:9','1',111),(89,'g','5:11:10','1',111),(89,'g','5:11:10','1',111),(89,'g','5:11:11','1',111),(89,'g','5:11:11','1',111),(89,'g','5:11:11','1',111),(89,'g','5:11:12','1',111),(89,'g','5:11:12','1',111),(89,'g','5:11:12','1',111),(89,'g','5:11:13','1',111),(89,'g','5:11:13','1',111),(89,'g','5:11:13','1',111),(89,'g','5:11:14','1',111),(89,'g','5:11:14','1',111),(89,'g','5:11:14','1',111),(89,'d','5:14:6','1',111),(89,'d','5:14:7','1',111),(89,'d','5:14:7','1',111),(89,'d','5:14:7','1',111),(89,'d','5:14:8','1',111),(89,'d','5:14:8','1',111),(89,'d','5:14:9','1',111),(89,'d','5:16:25','1',111),(89,'d','5:16:26','1',111),(89,'d','5:16:26','1',111),(89,'d','5:16:27','1',111),(89,'asdcsdf','5:16:36','1',111),(89,'sdf','5:16:37','1',111),(89,'asdf','5:16:37','1',111),(89,'asdf','5:16:38','1',111),(89,'asdf','5:16:38','1',111),(89,'vfds','5:16:39','1',111),(89,'sdaf','5:16:40','1',111),(89,'vsafd','5:16:41','1',111),(89,'asdfsd','5:16:43','1',111),(89,'asdfsdafg','5:16:44','1',111),(89,'asdfdfgv','5:16:45','1',111),(89,'asdffd','5:16:47','1',111),(89,'asdvsdf','5:16:48','1',111),(89,'asdfasdf','5:16:50','1',111),(89,'sdfgdg','5:16:51','1',111),(89,'sdfgsdfg','5:16:52','1',111),(89,'sf','5:16:53','1',111),(89,'g','5:16:54','1',111),(89,'sdfgsfdg','5:16:54','1',111),(89,'sdfgggf','5:16:55','1',111),(89,'asfd','5:16:57','1',111),(89,'sdfvbd','5:16:58','1',111),(89,'sasdfgfg','5:16:59','1',111),(89,'sdfgdf','5:17:0','1',111),(89,'dsfg','5:17:1','1',111),(89,'vsfd','5:17:2','1',111),(89,'sdfgfg','5:17:3','1',111),(1,'bj','5:17:19','1',111),(1,'l','5:17:20','1',111),(1,'bnmbn','5:17:21','1',111),(1,'bnm','5:17:21','1',111),(1,'bvmn','5:17:22','1',111),(1,'vbmn','5:17:23','1',111),(1,'vbmnmn','5:17:24','1',111),(1,'vbmn','5:17:24','1',111),(1,'bvmn','5:17:24','1',111),(1,'vbmn','5:17:25','1',111),(1,'nm','5:17:26','1',111),(1,'bn','5:17:26','1',111),(1,'vbmn','5:17:28','1',111),(1,'vbmnnbm','5:17:29','1',111),(115,'sdgdfg','1:56:7','1',111),(120,'hi','2:35:14','1',111),(120,'This is a test','2:35:19','1',111),(120,'To check','2:35:22','1',111),(111,'hi bro','2:35:29','1',120),(120,'if you are getting','2:35:52','1',111),(111,' <img src=\'../icons/19.gif\'> ','2:35:54','1',120),(120,'sdfdsf','2:36:13','1',111),(111,' <img src=\'../icons/6.gif\'> 3','2:36:24','1',120),(120,'sdfsf','2:36:37','1',111),(111,' <img src=\'../icons/14.gif\'> ','2:36:59','1',120),(120,'fh ghngyj','2:37:9','1',111),(120,'who is this>??','2:37:17','1',111),(111,'pretham','2:37:42','1',120),(111,' <img src=\'../icons/19.gif\'> ','2:37:51','1',120),(120,'azdsfdsfsdfsdf','2:38:53','1',111),(111,'sdfdsffdgdf','2:39:0','1',120),(111,'sdfdgfdgdfg','2:40:24','1',120),(120,'asdfsdfdsf','2:40:31','1',111),(120,'asdasd','2:40:45','1',111),(111,'asdsfsdf','2:40:51','1',120),(120,'zsdfsdf','2:40:59','1',111),(120,'sdfsdf','2:41:10','1',111),(120,'sdfdsfgfdg','2:41:13','1',111),(111,'sdfgdfasdfvdfg','2:41:19','1',120),(120,'aawffsdfgdf','2:41:23','1',111),(120,'sdfgfdg','2:41:40','1',111),(120,'vcbdbgfb','2:41:41','1',111),(111,'sdfgdfg','2:41:48','1',120),(111,'dfgdfg','2:41:50','1',120),(120,'Hello','5:30:48','1',111),(111,'hi','5:30:57','1',120),(120,'How are you?','5:30:59','1',111),(111,' my name is maximus meridus dusmus','5:31:11','1',120),(120,'Poda','5:31:17','1',111),(111,'commander of the armies of north\ngeneral of felix legions','5:31:20','1',120),(111,'loyal servant to the tru emperror marcus auralius','5:31:30','1',120),(120,'Prandayoda ninake?','5:31:41','1',111),(120,'Evdae da chat issue?','5:31:47','1',111),(120,'Pha','5:32:8','1',111),(111,'thats all','5:32:12','1',120),(120,'evdeda?','5:32:12','1',111),(120,'endone thats all?','5:32:20','1',111),(120,'hi','22:10:19','1',111),(120,'\n','22:10:40','1',111),(120,'\n','22:10:44','1',111),(120,'\nhow are you?','22:11:3','1',111),(120,'\n','22:11:12','1',111),(120,'df\n','22:19:42','1',111),(120,'sdsd\n','22:19:46','1',111),(120,'gffdg','22:20:3','1',111),(120,'\ndfg','22:20:5','1',111),(120,'fhghgf','22:21:52','1',111),(120,'\ngh\n','22:21:57','1',111),(120,'gh\n\n','22:21:59','1',111),(120,'ghdfgh','22:22:23','1',111),(120,'s\n','22:24:17','1',111),(120,'dfsdf','22:28:43','1',111),(120,'\nsdfsdf','22:28:45','1',111),(120,'\nsdfsd','22:28:46','1',111),(120,'sdf','22:29:23','1',111),(120,'\ndsf','22:29:25','1',111),(120,'\nsdfsd','22:29:27','1',111),(120,'sdfasdfasdfasdfasd\n','22:30:20','1',111),(120,'dsafasdfasd','22:55:18','1',111),(120,'sdfsdfsd','22:55:40','1',111),(120,'asdfasdf','22:56:29','1',111),(120,'ssdfdsfa','22:59:52','1',111),(111,'fdg','23:5:13','1',120),(111,'jhkhjk','23:5:27','1',120),(111,'jhkhjkhjk','23:5:37','1',120),(120,'ghjghj','23:5:57','1',111),(111,'ff','23:7:20','1',120),(120,'dfsfsd','23:8:7','1',111),(120,'\nsdafasdf','23:8:26','1',111),(120,'\nsdsad','23:10:35','1',111),(111,'hgjghj','23:13:19','1',120),(120,'asdfadsf','23:14:11','1',111),(111,'sdfgsdfg','23:14:39','1',120),(120,'fdgdfg','23:15:38','1',111),(111,'ZXCZXC','23:16:7','1',120),(120,'\nasdfasdf','23:16:17','1',111),(120,'asdfasdf','23:16:33','1',111),(111,'asdfasdf','23:17:29','1',120),(120,'asdfasd\n','23:17:33','1',111),(111,'asdfasdf','23:17:37','1',120),(120,'asdfasd','23:17:43','1',111),(120,'e\n','23:17:57','1',111),(120,'dfdsf\n','23:18:7','1',111),(120,'asdas\n','23:18:50','1',111),(120,'\nwewe','23:18:53','1',111),(120,'asdsa\n','23:21:22','1',111),(120,'\nsadasd','23:21:24','1',111),(120,'\nasdas','23:21:26','1',111),(111,'asdasd','23:21:29','1',120),(111,'sadasd','23:21:31','1',120),(111,'asd','23:21:32','1',120),(111,'asd','23:21:32','1',120),(111,'asd','23:21:33','1',120),(111,'asd','23:21:33','1',120),(111,'asd','23:21:34','1',120),(111,'asd','23:21:34','1',120),(111,'asdas','23:21:34','1',120),(111,'d','23:21:34','1',120),(111,'asd','23:21:35','1',120),(120,'adsfasdf','23:21:49','1',111),(111,'asdfadsf','23:21:57','1',120),(111,'asdfasdf','23:21:58','1',120),(120,'\ndsfdf','23:22:5','1',111),(111,'asdfasdf','23:22:14','1',120),(111,'asdfasdf','23:22:16','1',120),(111,'asdfasdf','23:22:17','1',120),(111,'asdfasdf','23:22:17','1',120),(111,'asdf','23:22:18','1',120),(111,'asdf','23:22:18','1',120),(111,'asdf','23:22:19','1',120),(111,'asdf','23:22:19','1',120),(111,'asdf','23:22:19','1',120),(111,'asd','23:22:19','1',120),(111,'fa','23:22:20','1',120),(111,'sdf','23:22:20','1',120),(111,'asdfferdfasd','23:22:21','1',120),(111,'f','23:22:22','1',120),(111,'asdf','23:22:22','1',120),(111,'asdf','23:22:22','1',120),(111,'a','23:22:22','1',120),(111,'sdf','23:22:22','1',120),(111,'as','23:22:23','1',120),(111,'df','23:22:23','1',120),(111,'asdfa','23:22:23','1',120),(111,'sdfasdfasdf','23:22:26','1',120),(111,'asdfasdf','23:22:27','1',120),(111,'asdf','23:22:27','1',120),(111,'asdfasdf','23:22:28','1',120),(111,'as','23:22:28','1',120),(111,'df','23:22:28','1',120),(111,'asdf','23:22:28','1',120),(111,'asdfa','23:22:29','1',120),(111,'sdf','23:22:29','1',120),(111,'a','23:22:29','1',120),(111,'sdf','23:22:30','1',120),(111,'a','23:22:30','1',120),(111,'sdfa','23:22:30','1',120),(111,'sd','23:22:30','1',120),(111,'f','23:22:30','1',120),(111,'asd','23:22:30','1',120),(111,'f','23:22:30','1',120),(111,'asd','23:22:31','1',120),(111,'er','23:22:31','1',120),(111,'ere','23:22:32','1',120),(111,'rer','23:22:32','1',120),(111,'e','23:22:32','1',120),(111,'r','23:22:32','1',120),(120,'dsf\n','23:24:17','1',111),(120,'sfgsdg','23:27:42','1',111),(120,'\n\nsdfgsdf','23:27:45','1',111),(120,'\n\nsfgsdf','23:27:46','1',111),(120,'\n\nsdfgsdf','23:27:48','1',111),(111,'asdfa','23:27:52','1',120),(111,'\nadsfa','23:27:54','1',120),(120,'ret','23:28:52','1',111),(111,'sdfg','23:28:58','1',120),(120,'jkjk','23:29:56','1',111),(120,'er','23:30:11','1',111),(111,'hgh','23:30:17','1',120),(111,'asdfasdf','23:36:39','1',120),(120,'sdafasd','23:36:55','1',111),(120,'\nsdfasdf','23:37:2','1',111),(111,'hi','23:41:21','1',120),(111,'hi','23:41:57','1',120),(120,'s','23:42:7','1',111),(120,'asdfasd\n','23:42:20','1',111),(120,'asdfasdf\n','23:42:35','1',111),(120,'\nasdfasd','23:42:36','1',111),(120,'\nasdfasd','23:42:37','1',111),(120,'\nasdfasdf','23:42:39','1',111),(120,'\nasdfasdf','23:42:40','1',111),(120,'\nasdfasd','23:42:42','1',111),(120,'\nsdfjasdfasdfhasdfhasdjfasdfj  kasdfk ','23:42:54','1',111),(120,'\nh','23:42:56','1',111),(120,'\n','23:42:58','1',111),(120,'\nxcxc','23:43:14','1',111),(120,'\nasdfasd','23:44:59','1',111),(120,'dfgsdfg','23:45:12','1',111),(120,'\nfdgdfg','23:45:23','1',111),(120,'\n','23:45:32','1',111),(120,'\n','23:45:36','1',111),(111,'sfdgsdfg','23:47:16','1',120),(111,'dfghdf','23:48:7','1',120),(111,'gfhdfgh','23:48:10','1',120),(111,'ads','23:49:36','1',120),(120,'gfhdgfh','0:7:8','1',111),(120,'gfsdfgs','0:7:13','1',111),(111,'sdfgsdfg','0:7:23','1',120),(111,'hi','0:7:45','1',120),(120,'hello','0:8:6','1',111),(111,'df','0:8:16','1',120),(120,'dfd','0:8:20','1',111),(120,'dfd','0:8:22','1',111),(120,'df','0:8:27','1',111),(120,'df','0:8:30','1',111),(120,'df','0:8:31','1',111),(120,'asdfasdf','0:8:56','1',111),(120,'asdfasd','0:8:59','1',111),(111,'asdfasd','0:9:5','1',120),(120,'asdfa','0:9:8','1',111),(120,'ghjgh','0:9:51','1',111),(120,';','0:10:49','1',111),(120,'fg','0:12:54','1',111),(120,'fghj','0:12:56','1',111),(120,'dgh','0:13:4','1',111),(120,'dghdg','0:13:6','1',111),(120,'dghdg','0:13:7','1',111),(120,'dfghdfh','0:13:8','1',111),(120,'asdf','0:15:51','1',111),(120,'asdf','0:15:53','1',111),(120,'asdf','0:15:54','1',111),(120,'asdf','0:15:55','1',111),(120,'asdf','0:15:55','1',111),(120,'asdf','0:15:56','1',111),(120,'f','0:15:56','1',111),(120,'asdf','0:15:57','1',111),(120,'a\nsdf','0:15:57','1',111),(120,'sdf','0:15:57','1',111),(111,'dsf','0:16:11','1',120),(111,'sdfds','0:16:12','1',120),(120,'sdfd','0:16:18','1',111),(120,'dfgdf','0:17:0','1',111),(111,'sfdgsf','0:17:4','1',120),(111,'hi','0:20:20','1',120),(120,'s','0:21:40','1',111),(111,' <img src=\'../icons/23.gif\'> ','0:21:50','1',120),(111,'ghgh','0:22:4','1',120),(120,'sds','0:22:15','1',111),(111,'sds','0:22:18','1',120),(120,'sdsd','0:22:20','1',111),(120,' <img src=\'../icons/23.gif\'> ','0:22:26','1',111),(111,'sdsd','0:22:30','1',120),(137,'hi','2:32:24','1',120),(120,'g','5:15:24','1',111),(120,'Hi','5:25:44','1',111),(120,'How are you?','5:26:0','1',111),(120,'How are the things going?','5:26:9','1',111),(120,'zxcx','5:26:21','1',111),(120,'sdafsd','5:26:21','1',111),(120,'sdcfsd','5:26:22','1',111),(111,'jhghjg','5:31:6','1',137),(111,'sd','5:32:29','1',137),(111,'asdsdf','5:33:43','1',137),(111,'fff','5:34:11','1',137),(111,'asd','5:34:45','1',137),(111,'sadas','5:35:1','1',137),(111,'bcvbc','5:35:9','1',137),(111,'hhhhh','5:38:10','1',137),(111,'sdfds','5:38:17','1',137),(111,'sdfsdf','5:38:20','1',137),(111,'sdfsd','5:38:37','1',137),(111,'ffff','5:38:59','1',137),(111,'sfsdfdfgdf','5:39:7','1',137),(111,'sdfdfgdf','5:46:28','1',137),(111,'sdfsdf','5:46:30','1',137),(111,'sdfsdfsdfd','5:46:33','1',137),(111,'dfgdfgdfg','5:46:38','1',137),(111,'sdddddd','5:46:45','1',137),(111,'errrtt','5:47:5','1',137),(111,'ff','5:47:13','1',137),(111,'sdfsdff','5:49:16','1',137),(111,'fff','5:49:23','1',137),(111,'asdsdfs','5:49:51','1',137),(111,'asdasd','5:49:56','1',137),(111,'sdsdf','5:50:19','1',137),(111,'a','5:50:27','1',137),(111,'bvghgh','5:50:53','1',137),(111,'dcgfbh','5:51:24','1',137),(111,'gfhgfhgf','5:52:26','1',137),(111,'asdsdfsdf','5:52:42','1',137),(111,'asdsdfsf','5:52:46','1',137),(111,'asdasdsa','5:52:50','1',137),(111,'zcxcvxcvxc','5:52:54','1',137),(111,'Sdasd','5:53:9','1',137),(111,'sdfsf','5:53:27','1',137),(111,'xZx','5:53:33','1',137),(111,'sscdsc','5:53:46','1',137),(111,'sdasdsdf','5:55:54','1',137),(111,'asdasdas','5:55:59','1',137),(111,'asdsda','5:56:9','1',137),(111,'zasds','5:57:2','1',137),(111,'asdsd','5:57:32','1',137),(111,'asdasd','5:57:34','1',137),(111,'asdasd','5:58:51','1',137),(111,'zsc','5:58:54','1',137),(111,'gdfgdf','5:59:29','1',137),(111,'sasd','5:59:33','1',137),(111,'sd','5:59:41','1',137),(111,'sdfsdfsdf','6:0:19','1',137),(111,'zdds','6:1:9','1',137),(111,'zxzx','6:1:34','1',137),(111,'sa','6:1:51','1',137),(111,'d','6:1:55','1',137),(111,'as','6:1:59','1',137),(111,'cxczz','6:2:18','1',137),(111,'d','6:2:42','1',137),(111,'s','6:2:44','1',137),(111,'asdasd','6:6:55','1',137),(111,'asdas','6:6:58','1',137),(111,'ZX','6:9:18','1',137),(111,'Sd','6:9:39','1',137),(111,'as','6:10:3','1',137),(111,'sss','6:14:57','1',137),(111,'sdsdf','6:15:1','1',137),(120,'hi','22:6:8','1',121),(120,'sdaasd','22:9:29','1',121),(120,'dsf','22:13:47','1',121),(120,'adfsasf','22:13:49','1',121),(120,'asdfasdf','22:13:51','1',121),(120,'dfds','22:14:5','1',121),(120,'sdf','22:14:6','1',121),(120,'sdf','22:14:7','1',121),(120,'q','22:14:15','1',121),(120,'q','22:14:16','1',121),(120,'tytry','22:14:17','1',121),(120,'trytryertyrtyytr','22:14:20','1',121),(120,'eryety','22:14:21','1',121),(120,'etyerty','22:14:22','1',121),(121,'eyerty','22:14:25','1',120),(121,'ertytyer','22:14:26','1',120),(121,'etyerytr','22:14:27','1',120),(120,'retwertwer','22:14:52','1',121),(120,'wrtwert','22:14:53','1',121),(120,'dsfasd','22:16:3','1',121),(120,'asdfasd','22:16:4','1',121),(120,'asdfasd','22:16:5','1',121),(120,'asdfasd','22:16:6','1',121),(120,'asdfasdf','22:16:7','1',121),(120,'asdfasdf','22:16:8','1',121),(120,'asdf','22:16:8','1',121),(120,'a','22:16:9','1',121),(120,'asd','22:16:10','1',121),(120,'dfsaf','22:16:13','1',121),(111,'Hello','4:50:7','1',1),(111,'zxd','4:50:48','1',1),(1,'Hai','4:51:24','1',111),(111,'dddd','4:51:53','1',1),(1,' <img src=\'../icons/1.gif\'> ','4:52:15','1',111),(111,'ddd','4:52:37','1',1),(111,'Test','4:53:10','1',1),(111,'sdfsdf','6:54:20','1',120),(120,'poda','6:54:27','1',111),(111,'cvcxvxc','6:54:48','1',120),(120,'assad','6:55:0','1',111),(111,'xcvxcv','6:56:4','1',120),(111,'sdfasdf','7:5:31','1',120),(120,'sdgfdgfd','7:6:40','1',111),(111,'Hello','23:58:56','1',114),(111,'Hai','23:35:13','1',114),(111,'xfghdfh','5:14:42','1',114),(120,'kuiiiiiiiii','23:6:34','1',111),(111,' <img src=\'../icons/21.gif\'> ','23:6:57','1',120),(120,'\\','23:7:8','1',111),(120,'eeeeeeeeee','23:7:40','1',111),(120,'\\\\','23:7:57','1',111),(120,'hikuiiee\\','23:8:16','1',111),(111,'hii','2:24:40','1',139),(139,'kuii','2:26:45','1',111),(111,'how many chat boxes opened for u','2:25:17','1',139),(139,'only one','2:28:7','1',111),(139,' <img src=\'../icons/1.gif\'> ','2:28:9','1',111),(139,'hi','22:58:24','1',111),(139,'ff\\','22:58:39','1',111),(139,'fgfgf','22:58:47','1',111),(139,'f\\\\pp','22:58:55','1',111),(139,'edweddd','23:3:11','1',111),(139,'hi\\\\\\\\kkk','23:6:27','1',111),(111,'whsk///sss','23:6:50','1',139),(139,'\"hello\"','23:8:2','1',111),(111,'\'here\'','23:8:23','1',139),(139,' <img src=\'../icons/6.gif\'> ','23:14:37','1',111),(111,' <img src=\'../icons/21.gif\'> ','23:13:3','1',139),(111,'slashes \\\\\\\\\\\\\\varunundo','23:13:27','1',139),(111,'hiii\\\\\\\\\\','23:13:52','1',139),(111,'ughhkhu','23:14:7','1',139),(139,'eeeeeeeee','23:16:9','1',111),(111,'gfhfvjhg','23:14:20','1',139),(139,'sss\\\\\\\\\\ddd','23:15:46','1',111),(139,'hii','21:18:53','1',111),(111,'hgjhh','21:19:2','1',139),(111,'g','21:19:3','1',139),(111,'gb','21:19:3','1',139),(111,'fgbdfgvr\\','21:19:5','1',139),(111,'gfdf','21:19:7','1',139),(111,'srfsdrf','21:19:8','1',139),(111,'fvfgfg','21:19:10','1',139),(139,'fvfgs','21:19:39','1',111),(139,'efr','21:19:40','1',111),(139,'srff ','21:19:41','1',111),(139,'er','21:19:42','1',111),(139,'edfr','21:19:43','1',111),(139,' <img src=\'../icons/21.gif\'> ','21:19:48','1',111),(111,'erfref','21:19:58','1',139),(111,'dffrttrt','21:20:2','1',139),(139,'wewrlgfgef','21:20:13','1',111),(139,'edfwe','21:20:14','1',111),(139,'werer','21:20:15','1',111),(111,'werwerw','21:21:13','1',139),(111,'werawe','21:21:13','1',139),(111,'awe','21:21:14','1',139),(111,'a','21:21:14','1',139),(111,'erstse','21:21:15','1',139),(111,'r','21:21:15','1',139),(139,'67u','21:21:33','1',111),(139,'ty','21:21:34','1',111),(139,'rdty','21:21:35','1',111),(139,'rt','21:21:35','1',111),(139,'eferftt455t','21:21:44','1',111),(139,'rtgr','21:21:46','1',111),(139,'r','21:21:46','1',111),(139,'rt','21:21:47','1',111),(139,'hrtreter','21:22:51','1',111),(139,'erer','21:22:53','1',111),(114,'Helllo..zsdfsdfffffffffff sdfkbsdjkfndjklsf jusdfnjksdnfksdnm','21:24:43','1',111),(111,'sefre','4:49:23','1',139),(111,'ere','4:49:25','1',139),(111,'eeeeeeeeew','4:49:27','1',139),(111,'rrrrrrrrrrrrr','4:49:39','1',139),(139,'tt','4:49:45','1',111),(139,'rerwe','4:49:53','1',111),(139,'erwer','4:49:54','1',111),(139,'erer','4:49:55','1',111),(139,'rtt','4:49:56','1',111),(139,'r','4:49:57','1',111),(139,'rt','4:49:58','1',111),(139,'re','4:49:58','1',111),(139,'r','4:49:58','1',111),(139,'re','4:49:59','1',111),(139,'re','4:49:59','1',111),(139,'re','4:50:0','1',111),(139,'adee','4:51:19','1',111),(139,'wewe','4:51:25','1',111),(139,'wewe','4:51:25','1',111),(139,'we','4:51:26','1',111),(139,'wed','4:51:27','1',111),(139,'wed','4:51:27','1',111),(139,'wew','4:51:28','1',111),(139,'wed','4:51:28','1',111),(139,'wed','4:51:29','1',111),(139,'d','4:51:29','1',111),(139,'sd','4:51:30','1',111),(139,'werr','4:51:35','1',111),(139,'e','4:51:36','1',111),(139,'er','4:51:37','1',111),(139,'edfre','4:51:37','1',111),(139,'wd','4:51:38','1',111),(139,'wd','4:51:38','1',111),(139,'sd','4:51:39','1',111),(139,'sd','4:51:39','1',111),(111,'hi','23:57:19','1',139),(111,'hh','23:57:34','1',139),(111,'jhbjkhbjk','23:58:10','1',139),(139,'ll','23:58:21','1',111),(111,'fgbx','23:58:31','1',139),(111,'gef','23:58:36','1',139),(139,'hi','0:6:2','1',111),(139,'dsfccd','0:6:13','1',111),(111,'dsfd','0:6:17','1',139),(139,'dczddddddddddddd','0:6:38','1',111),(139,'dfzsczsdf','0:6:46','1',111),(111,'dfvdcfsdf','0:6:48','1',139),(139,'\'dfd\'','0:7:2','1',111),(139,'cv','0:7:15','1',111),(111,'vfdf','0:7:21','1',139),(111,'fdvb','0:7:25','1',139),(139,'fvfzdf','0:7:32','1',111),(139,'dscsz','0:7:59','1',111),(139,'xczsx','0:8:1','1',111),(139,'xccdsf','0:8:3','1',111),(111,'fgfdg','0:8:7','1',139),(111,'fgfg','0:8:8','1',139),(111,'rf','0:8:9','1',139),(111,'fdg','0:8:10','1',139),(111,'fddff','0:9:18','1',139),(139,'ffffffff','0:9:42','1',111),(111,'fooood','0:10:5','1',139),(139,'sdzf','0:11:41','1',111),(111,'sdfsdf','0:11:51','1',139),(111,'ee','0:11:53','1',139),(139,'sdz','0:12:6','1',111),(114,'Hi','1:57:44','1',111),(114,'dxfgsdgg\n','1:57:49','1',111),(114,'\nhjhgjkh','1:57:51','1',111),(114,'cfyghdgyc fbfdhtf dfgfhfgj dfghft','1:58:0','1',111),(114,'gchgfjfg fgjgj','1:58:13','1',111),(114,'hfghgfuj ghgfhf','1:58:55','1',111),(114,'dtrgdgh \n','1:59:41','1',111),(114,'gvhyugfj\nuu','1:59:49','1',111),(114,'\nhngfjt','1:59:51','1',111),(114,'\ngjygj','1:59:57','1',111),(114,'\nghgfj','1:59:59','1',111),(114,'\nxfgdfh','2:0:1','1',111),(114,'\ngch','2:0:3','1',111),(114,'\nvgjg','2:0:4','1',111),(114,'\ncvhbfh','2:0:11','1',111),(114,'fhgfh\n','2:0:26','1',111),(111,'zxhcbfzsf ','2:1:15','1',114),(114,'estgdfht','2:2:7','1',114),(111,'asdafsef','2:10:30','1',114),(111,'dfgdthftrht','2:10:49','1',114),(111,'xdfgdfghdft','2:10:55','1',114),(111,'\ngkdlfk','2:10:57','1',114),(111,'\ndgfsdgdrg','2:11:26','1',114),(111,'\nghugfjugj','2:11:32','1',114),(111,'hkihukhjklj\n','2:11:43','1',114),(114,'sdgfdrtr','2:15:57','1',111),(114,'\ncghgfhf','2:15:59','1',111),(114,'\nfhtfh','2:16:5','1',111),(114,'\ndgdfgh','2:16:6','1',111),(114,'\ndfgtrdy','2:16:7','1',111),(114,'\ndgfuj','2:16:9','1',111),(114,'cvhfghgf','2:18:24','1',111),(114,'\nfdhftgh','2:18:37','1',111),(114,'cgfhfgh\n','2:18:45','1',111),(114,'\ndxgfdg','2:18:46','1',111),(114,'\nxdgfdyh','2:18:47','1',111),(114,'fdfsd','22:14:0','1',111),(114,'dfsdfs','22:14:8','1',111),(114,'ererwer','22:14:12','1',111),(114,'dfsdfsdf','22:14:15','1',111),(114,'gr','22:15:56','1',111),(114,'sdasd','22:16:14','1',111),(114,'ss','23:11:55','1',111),(114,'sas','23:12:6','1',111),(114,'test','23:12:41','1',111),(114,'tt','23:12:44','1',111),(114,'fdsf','23:12:48','1',111),(114,'fd','23:12:52','1',111),(103,' <img src=\'../icons/19.gif\'> ','23:6:1','1',8),(103,' <img src=\'../icons/20.gif\'> ','23:6:9','1',8),(111,'ggh','21:49:21','1',1),(111,'hi','21:50:40','1',1),(1,'hello','21:51:18','1',111),(111,'hi','21:55:5','1',1);

--
-- Table structure for table `es_client_module_category`
--

CREATE TABLE `es_client_module_category` (
  `nCategoryId` mediumint(9) NOT NULL AUTO_INCREMENT,
  `nParentId` int(11) DEFAULT '0',
  `vCategoryTitle` varchar(100) NOT NULL DEFAULT '',
  `vCategoryFile` varchar(100) NOT NULL DEFAULT '',
  `nCposition` varchar(10) DEFAULT NULL,
  `vActive` enum('0','1') DEFAULT NULL,
  `nTmp_status` int(11) DEFAULT '0',
  PRIMARY KEY (`nCategoryId`)
) ENGINE=MyISAM AUTO_INCREMENT=24 DEFAULT CHARSET=latin1;

--
-- Dumping data for table `es_client_module_category`
--

INSERT INTO `es_client_module_category` VALUES (1,19,'Home','index.php','Top','1',0),(2,19,'Sell','salelistdetailed.php','Top','1',1),(3,19,'Wish','wishlistdetailed.php','Top','1',1),(4,19,'Swap','swaplistdetailed.php','Top','1',1),(5,19,'Register','register.php','Top','0',0),(6,19,'Login','login.php','TopHeader','0',0),(7,19,'Online Members','online_members.php','Top','1',1),(8,22,'My Booth','usermain.php','Top','1',0),(9,22,'Logout','logout.php','TopHeader','0',0),(10,21,'About Us','aboutus.php','Footer','0',1),(11,21,'Privacy Policy','privacy.php','Footer','1',1),(12,21,'Terms','terms.php','Footer','1',1),(13,21,'Tell A Friend','tell_friend.php','Footer','1',1),(15,21,'FAQ','faq.php','Footer','1',1),(16,21,'Contact Us','contactus.php','Footer','1',1),(17,21,'Help','help.php','Footer','1',1),(18,21,'Site Map','sitemap.php','Footer','1',1),(19,0,'Top Section','','Top','1',0),(21,0,'Footer','','Footer','1',0),(22,0,'Logged','','Logged','1',0),(23,19,'Category Display','categorydetail.php','Top','1',1);

--
-- Table structure for table `es_content`
--

CREATE TABLE `es_content` (
  `content_id` int(11) NOT NULL AUTO_INCREMENT,
  `content_name` varchar(100) NOT NULL COMMENT 'content name',
  `content_type` enum('page','email','') NOT NULL DEFAULT 'page' COMMENT 'content type',
  `content_status` enum('y','n') NOT NULL DEFAULT 'y' COMMENT 'status',
  PRIMARY KEY (`content_id`),
  UNIQUE KEY `content_name` (`content_name`)
) ENGINE=MyISAM AUTO_INCREMENT=47 DEFAULT CHARSET=utf8;

--
-- Dumping data for table `es_content`
--

INSERT INTO `es_content` VALUES (1,'sitetitle','','y'),(2,'sitename','','y'),(3,'Meta Keywords','','y'),(4,'Meta Description','','y'),(5,'headerCaption','','y'),(6,'PointName','','y'),(7,'contact','page','y'),(8,'about','page','y'),(9,'wish','page','y'),(10,'swap','page','y'),(11,'sell','page','y'),(12,'privacy','page','y'),(13,'terms','page','y'),(14,'hintro','page','y'),(15,'addsales','email','y'),(16,'addsurvey','email','y'),(17,'soldout','email','y'),(18,'contactus','email','y'),(19,'featured','email','y'),(20,'forgotpass','email','y'),(21,'welcomeMailUser','email','y'),(42,'paypalEmailRequestToSeller','email','y'),(23,'passwordreset','email','y'),(24,'tellfrnd','email','y'),(25,'settled','email','y'),(26,'userRegisterEmailFromAdmin','email','y'),(27,'plansubcancel','email','y'),(28,'expired','email','y'),(29,'pointsPurchasedMailToUser','email','y'),(30,'SuccessFeeMailToUser','email','y'),(31,'cashback','page','y'),(32,'activationLinkOnRegister','email','y'),(33,'registrationNotificationAdmin','email','y'),(34,'pointsPurchasedMailToAdmin','email','y'),(35,'SuccessFeeMailToAdmin','email','y'),(36,'soldoutMailToBuyer','email','y'),(38,'paymentLinkForMonthlyFee','email','y'),(39,'SuccessMonthlyFeeMailToUser','email','y'),(40,'SuccessMonthlyFeeMailToAdmin','email','y'),(41,'soldoutMailToAdmin','email','y'),(43,'homebannertexts','page','y'),(44,'newofferReceived','email','y'),(45,'counterOfferReceived','email','y'),(46,'offerAccepted','email','y');

--
-- Table structure for table `es_content_lang`
--

CREATE TABLE `es_content_lang` (
  `content_lang_id` int(11) NOT NULL AUTO_INCREMENT,
  `content_id` int(11) NOT NULL COMMENT 'content id',
  `lang_id` int(11) NOT NULL COMMENT 'language id',
  `content` text COMMENT 'actual content',
  `content_title` text NOT NULL COMMENT 'content title - mainly for email subject',
  PRIMARY KEY (`content_lang_id`)
) ENGINE=MyISAM AUTO_INCREMENT=196 DEFAULT CHARSET=utf8;

--
-- Dumping data for table `es_content_lang`
--

INSERT INTO `es_content_lang` VALUES (1,1,1,'Swap everything',''),(2,2,1,'Swap everything',''),(3,7,1,'\r\n        Use the following form to leave us a feedback.    \r\n\r\n<div><span style=\"font-family: Arial, Helvetica, sans; line-height: 14px; text-align: justify;\">Lorem ipsum dolor sit amet, consectetur adipiscing elit. Cras in elit sed purus convallis finibus et eget purus. Sed sit amet lacinia velit. Phasellus dictum lobortis nisl quis mattis. Cras sit amet auctor ante. Vivamus facilisis pharetra pharetra. Morbi sollicitudin risus a consequat semper. Suspendisse potenti. Nullam suscipit lorem et massa tincidunt, a pulvinar erat bibendum. Aliquam rutrum accumsan nunc, ac maximus arcu faucibus vel. Quisque sollicitudin neque nibh, vel lacinia leo scelerisque cursus. Mauris pretium arcu vitae egestas rutrum. Vestibulum enim diam, eleifend ac mi non, efficitur scelerisque arcu. Sed in rutrum elit.</span></div>','Contact Us'),(4,8,1,'\r\n      <span style=\"FONT-WEIGHT: bold\">We\'re not just a website we\'re a community!</span><br /><br />This site is an on-line swapping service, where members can access details about other members unwanted items, and list items on the site themselves they no longer need, then make request for wanted goods. Our main aim is to help our members get rid of their unwanted items and enable them to find goods they need amongst each other at no cost.<br /><br />This site was born out of the insight that many individuals today struggle deciding what to do with items they no longer have use for. We have found that, more often than not, these items are usually trashed or totally disregarded and you know what they say \"One Man\'s Trash is Another Man\'s Treasure.\" With that in mind, we recognized that there was indeed a place in today\'s economy for these individuals, and that place is here!<br /><br />Our staff, is fully committed to insuring that every user in our community is catered to. In addition, our staff is constantly conversing amongst each other sharing new ideas and thoughts to accommodate you. We\'d love to hear your ideas and thoughts too! We hope that you enjoy our site and all of the benefits it brings to you. <br />            \r\n\r\n','About Us'),(5,9,1,'\r\n        Have something in mind but don\'t see it on the site? Make a \"Wish\" to share it with other site members! <br />','Wish'),(6,10,1,'\r\n      Clean your house or business by listing items. Swap them for those you need! <br />','Swap'),(7,11,1,'\r\n              Gain some extra cash by offering used or unused items at a better price!','Sell'),(8,12,1,'\r\n    We recognize the importance of protecting the privacy of personal information about our customers. Personal information includes all of the personally identifying information that is provided to us. We are sensitive to these privacy interests and believe that protecting valuable personal/financial information is one of our most significant responsibilities.<br /><br /><font color=\"orange\"><b>The policies outlined below describe our policies to protect your privacy.</b></font><br /><br /><span style=\"FONT-WEIGHT: bold\">Use, Collection and Retention of Client Information</span><br />We collect, retain and use only the information about our customers that is required by law to administer our business and provide high level services to our clients. We retain this information no longer than necessary to meet these objectives. All transmitted credit card information is handled securely through digitally encrypted Secure Socket Layers (SSL) technology.<br /><br /><span style=\"FONT-WEIGHT: bold\">Spam Policy</span><br />Spam is flooding the Internet with many copies of the same message, in an attempt to force the message on people who would not otherwise choose to receive it. Email spam targets individual users with direct mail messages and costs the sender very little to send. Most of the costs are paid for by the recipient or the carriers rather than by the sender.<br /><br />We don\'t condone the use of spam and the sending of unsolicited email in any form, nor do we control other web sites involvement and/or practices in this area.<br /><br />        \r\n\r\n','Privacy Policy'),(9,13,1,'\r\n  This site provide their services to you subject to the following conditions. By visiting, browsing, shopping, accessing or otherwise using the site you agree to this User Agreement, and all of its terms and conditions. By visiting, browsing, shopping, accessing or otherwise using the site after a change has been posted to the site, the customer accepts that change. Customers should check this User Agreement frequently.<br /><br /><span style=\"FONT-WEIGHT: bold\">Site Activity</span><br />The following activity on the site is expressly prohibited: Any non-personal or commercial use of any automatic device, or manual process to monitor or copy portions of the site or the content contained herein without prior written permission by <br />this site collection or use of any product listings, descriptions, or prices, from the site for the benefit of another merchant that supplies products competitive with or comparable to those offered on the site; and, Any use of, visits to, or other action that imposes an unreasonable or disproportionately large load on the site, or otherwise interferes with its proper and timely functioning. This site does not review or control third-party sites that link to or from the site, and is not responsible for the contents of any third-party sites linked to or from the site.<br /><br /><span style=\"FONT-WEIGHT: bold\">Copyright</span><br />You acknowledge that the Site contains information, data, software, photographs, graphs, videos, typefaces, graphics, music, sounds, and other material (collectively \"Content\") that are protected by copyrights, trademarks, trade secrets, or other proprietary rights, and that these rights are valid and protected in all forms, media and technologies existing now or hereinafter developed. All Content is copyrighted as a collective work . You may not modify, remove, delete, augment, add to, publish, transmit, participate in the transfer or sale of, create derivative works from, or in any way exploit any of the Content, in whole or in part. If no specific restrictions are displayed, you may make copies of select portions of the Content, provided that the copies are made only for your personal use and that you maintain any notices contained in the Content, such as all copyright notices, trademark legends, or other proprietary rights notices. <br /><br /><span style=\"FONT-WEIGHT: bold\">Limitation Of Liability</span><br />This site, including, but not limited to, negligence, shall not be liable for any loss of property, profit, or personal harm, due to the use or inability to use, the merchandise on this site.<br /><br /><span style=\"FONT-WEIGHT: bold\">Your Account</span><br />If you use this site, you are responsible for maintaining the confidentiality of your account and password and for restricting access to your computer, and you agree to accept responsibility for all activities that occur under your account or password. If you are under 18, you may use this site only with involvement of a parent or guardian. <br /><br /><span style=\"FONT-WEIGHT: bold\">Pricing Disclaimer</span><br /><br />All prices are subject to change. For all prices, products and offers, this site reserves the right to make adjustments due to changing market conditions, product discontinuation, manufacturer price changes, errors in advertisements and other extenuating circumstances.<br /><br /><span style=\"FONT-WEIGHT: bold\">Disagreement of Terms and Conditions of Use</span><br />If you disagree with any of the terms and conditions of this User Agreement, please do not visit, browse, shop, access or otherwise use this site. Your use of this Web site signifies your agreement to be bound by the terms of this Agreement. We reserved the right to revise or change iScripts Terms of Use, Privacy Policy and regulations without notice.<br />    \r\n\r\n','Terms'),(10,14,1,'\r\n                Welcome to the complete swapping site. You can swap any unwanted items from your home or business to others who may have use for them. You can also sell or buy items in this site. As always, exercise common sense when dealing with someone you don\'t know. If you wish to have a third party handle the exchange, there is an escrow service provided.                        Welcome to the complete swapping site. You can swap any unwanted items   from your home or business to others who may have use for them. You can   also sell or buy items in this site. As always, exercise common sense   when dealing with someone you don\'t know. If you wish to have a third   party handle the exchange, there is an escrow service provided. \r\n\r\nWelcome to the complete swapping site. You can swap any unwanted items \r\nfrom your home or business to others who may have use for them. You can \r\nalso sell or buy items in this site. As always, exercise common sense \r\nwhen dealing with someone you don\'t know. If you wish to have a third \r\nparty handle the exchange, there is an escrow service provided. Welcome to the complete swapping site. You can swap any unwanted items \r\nfrom your home or business to others who may have use for them. You can \r\nalso sell or buy items in this site. As always, exercise common sense \r\nwhen dealing with someone you don\'t know. If you wish to have a third \r\nparty handle the exchange, there is an escrow service provided. ','Welcome'),(11,3,1,'swap, trade, exchange,  swap everything, swapping platform,  barter software, virtual swapmeet,  swap products,  virtual flea market',''),(12,4,1,'eSwap is a  online complete swapping platform allowing you to  barter unwanted items for things you need.  You  can swap any unwanted items from home or business to others who may have use for them. You can sell and buy items from site too.',''),(13,5,1,'Swap and get points',''),(14,15,1,'\r\n  \r\n<table class=\"maintext2\" border=\"0\" cellpadding=\"4\" cellspacing=\"1\" width=\"100%\">                                                          \r\n<tbody>                            \r\n<tr bgcolor=\"#ffffff\">                                                            \r\n<td class=\"maintext2\" colspan=\"2\" align=\"left\">New item has been added</td>                              </tr>                                                          \r\n<tr bgcolor=\"#ffffff\">                                                            \r\n<td align=\"left\" width=\"21%\">Category</td>                                                            \r\n<td width=\"79%\"><b>{txtCategoryname}</b></td>                              </tr>                                                          \r\n<tr bgcolor=\"#ffffff\">                                                            \r\n<td align=\"left\">Title</td>                                                            \r\n<td><b>{txtTitle}</b></td>                              </tr>                                                          \r\n<tr bgcolor=\"#ffffff\">                                                            \r\n<td align=\"left\">Brand</td>                                                            \r\n<td><b>{txtBrand}</b></td>                              </tr>                                                          \r\n<tr bgcolor=\"#ffffff\">                                                            \r\n<td align=\"left\">Type</td>                                                            \r\n<td><b>{ddlType}</b></td>                              </tr>                                                          \r\n<tr bgcolor=\"#ffffff\">                                                            \r\n<td align=\"left\">Condition</td>                                                            \r\n<td><b>{ddlCondition}</b></td>                              </tr>                                                          \r\n<tr bgcolor=\"#ffffff\">                                                            \r\n<td align=\"left\">Year</td>                                                            \r\n<td><b>{txtYear}</b></td>                              </tr>                                                          \r\n<tr bgcolor=\"#ffffff\">                                                            \r\n<td align=\"left\">{pricename}</td>                                                            \r\n<td><b>{txtValue}</b></td>                              </tr>                                                          \r\n<tr bgcolor=\"#ffffff\">                                                            \r\n<td colspan=\"2\" align=\"left\">Thank You,</td>                              </tr>                                                          \r\n<tr bgcolor=\"#ffffff\">                                                            \r\n<td colspan=\"2\" align=\"left\">{SITE_NAME} Crew. | {SITE_URL}</td>                              </tr>                            </tbody></table>                                          \r\n\r\n','New item has been added in {SITE_NAME}'),(50,15,2,'\r\n                              \r\n<table border=\"0\" cellpadding=\"0\" cellspacing=\"0\">  	                \r\n<tbody>  		                \r\n<tr>  			                \r\n<td colspan=\"3\" style=\"width:576px;height:0px;\">  				                \r\n<p>  					Nouvel &eacute;l&eacute;ment  a &eacute;t&eacute; ajout&eacute;</p>\r\n                			</td>  		</tr>  		                \r\n<tr>  			                \r\n<td style=\"width:128px;height:0px;\">  				                \r\n<p>  					cat&eacute;gorie</p>\r\n                			</td>  			                \r\n<td style=\"width:444px;height:0px;\">  				                \r\n<p>  					<strong>{txtCategoryname}</strong></p>\r\n                			</td>  			                \r\n<td style=\"width:3px;height:0px;\">  				                \r\n<p>  					&nbsp;</p>\r\n                			</td>  		</tr>  		                \r\n<tr>  			                \r\n<td style=\"width:128px;height:0px;\">  				                \r\n<p>  					Titre</p>\r\n                			</td>  			                \r\n<td style=\"width:444px;height:0px;\">  				                \r\n<p>  					<strong>{txtTitle}</strong></p>\r\n                			</td>  			                \r\n<td style=\"width:3px;height:0px;\">  				                \r\n<p>  					&nbsp;</p>\r\n                			</td>  		</tr>  		                \r\n<tr>  			                \r\n<td style=\"width:128px;height:0px;\">  				                \r\n<p>  					Marque</p>\r\n                			</td>  			                \r\n<td style=\"width:444px;height:0px;\">  				                \r\n<p>  					<strong>{txtBrand}</strong></p>\r\n                			</td>  			                \r\n<td style=\"width:3px;height:0px;\">  				                \r\n<p>  					&nbsp;</p>\r\n                			</td>  		</tr>  		                \r\n<tr>  			                \r\n<td style=\"width:128px;height:0px;\">  				                \r\n<p>  					Type EC</p>\r\n                			</td>  			                \r\n<td style=\"width:444px;height:0px;\">  				                \r\n<p>  					<strong>{ddlType}</strong></p>\r\n                			</td>  			                \r\n<td style=\"width:3px;height:0px;\">  				                \r\n<p>  					&nbsp;</p>\r\n                			</td>  		</tr>  		                \r\n<tr>  			                \r\n<td style=\"width:128px;height:0px;\">  				                \r\n<p>  					Condition</p>\r\n                			</td>  			                \r\n<td style=\"width:444px;height:0px;\">  				                \r\n<p>  					<strong>{ddlCondition}</strong></p>\r\n                			</td>  			                \r\n<td style=\"width:3px;height:0px;\">  				                \r\n<p>  					&nbsp;</p>\r\n                			</td>  		</tr>  		                \r\n<tr>  			                \r\n<td style=\"width:128px;height:0px;\">  				                \r\n<p>  					Ann&eacute;e</p>\r\n                			</td>  			                \r\n<td style=\"width:444px;height:0px;\">  				                \r\n<p>  					<strong>{txtYear}</strong></p>\r\n                			</td>  			                \r\n<td style=\"width:3px;height:0px;\">  				                \r\n<p>  					&nbsp;</p>\r\n                			</td>  		</tr>  		                \r\n<tr>  			                \r\n<td style=\"width:128px;height:0px;\">  				                \r\n<p>  					{pricename}</p>\r\n                			</td>  			                \r\n<td style=\"width:444px;height:0px;\">  				                \r\n<p>  					<strong>{txtValue}</strong></p>\r\n                			</td>  			                \r\n<td style=\"width:3px;height:0px;\">  				                \r\n<p>  					&nbsp;</p>\r\n                			</td>  		</tr>  		                \r\n<tr>  			                \r\n<td colspan=\"3\" style=\"width:576px;height:0px;\">  				                \r\n<p>  					Merci!</p>\r\n                			</td>  		</tr>  		                \r\n<tr>  			                \r\n<td colspan=\"3\" style=\"width:576px;height:0px;\">  				                \r\n<p>  					{SITE_NAME} Crew. | {SITE_URL}</p>\r\n                			</td>  		</tr>  	</tbody>  </table>                \r\n<p>  	&nbsp;</p>\r\n                                            \r\n\r\n','Nouvel élément a été ajouté dans {SITE_NAME}'),(15,16,1,'\r\n          someone you know has referred you to our \"Premier Site for On-line   Swapping or Selling Unwanted Items to the World.\" Please take the time   to follow the links given below to participate in a short survey on how   our services may be a benefit for you by clicking           \r\n<table style=\"width: 582px; height: 207px;\" class=\"maintext2\" border=\"0\" cellpadding=\"4\" cellspacing=\"1\">          \r\n<tbody>        \r\n<tr bgcolor=\"#ffffff\">          \r\n<td colspan=\"2\" align=\"left\">{LINK_F}</td></tr>          \r\n<tr bgcolor=\"#ffffff\">          \r\n<td colspan=\"2\" align=\"left\">To register with {SITE_NAME} you may use this link by clicking {LINK_R}</td>                              </tr>                                        \r\n<tr bgcolor=\"#ffffff\">                                          \r\n<td colspan=\"2\" align=\"left\">Thanks,</td>                              </tr>                                        \r\n<tr bgcolor=\"#ffffff\">                                          \r\n<td colspan=\"2\" align=\"left\">{SITE_NAME} Crew. | {SITE_URL}</td>                              </tr>                            </tbody></table>              \r\n\r\n','Congratulations from {SITE_NAME}!'),(16,17,1,'\r\n                          \r\n<table class=\"maintext2\" border=\"0\" cellpadding=\"4\" cellspacing=\"1\" width=\"100%\">                                            \r\n<tbody>              \r\n<tr bgcolor=\"#ffffff\">                                              \r\n<td colspan=\"2\" class=\"maintext2\" align=\"left\">Following item has been sold at {SITE_NAME}</td>                              </tr>                                            \r\n<tr bgcolor=\"#ffffff\">                                              \r\n<td class=\"maintext2\" align=\"left\" width=\"20%\">Product Name</td>                                              \r\n<td class=\"maintext2\" align=\"left\" width=\"80%\">{var_title}</td>                              </tr>                                            \r\n<tr bgcolor=\"#ffffff\">                                              \r\n<td class=\"maintext2\" align=\"left\">Product Amount</td>                                              \r\n<td class=\"maintext2\" align=\"left\">{var_amount}</td>                              </tr>                                            \r\n<tr bgcolor=\"#ffffff\">                                              \r\n<td class=\"maintext2\" align=\"left\">Quantity<br /></td>                                              \r\n<td class=\"maintext2\" align=\"left\">{var_quantity}<br /></td>                              </tr>                                            \r\n<tr bgcolor=\"#ffffff\">                                              \r\n<td class=\"maintext2\" align=\"left\">Transaction Id</td>                                              \r\n<td class=\"maintext2\" align=\"left\">{txnid}</td>                              </tr>                                            \r\n<tr bgcolor=\"#ffffff\">                                              \r\n<td class=\"maintext2\" align=\"left\">Buyer</td>                                              \r\n<td class=\"maintext2\" align=\"left\">{guserFName}</td>                              </tr>                                            \r\n<tr bgcolor=\"#ffffff\">                                              \r\n<td colspan=\"2\" align=\"left\">The {SITE_NAME} Crew | {SITE_URL}</td>                              </tr></tbody></table>                    \r\n\r\n','One of your products listed at {SITE_NAME} has been sold'),(17,18,1,'\r\n                  \r\n<table class=\"maintext2\" border=\"0\" cellpadding=\"4\" cellspacing=\"1\" width=\"100%\">                                          \r\n<tbody>            \r\n<tr bgcolor=\"#ffffff\">                                            \r\n<td colspan=\"2\" class=\"maintext2\" align=\"left\">New comment from   {txtName}</td></tr>            \r\n<tr bgcolor=\"#ffffff\">            \r\n<td align=\"left\" width=\"15%\">&nbsp;</td>                                              \r\n<td width=\"85%\">&nbsp;</td>                                </tr>                                          \r\n<tr bgcolor=\"#ffffff\">                                            \r\n<td align=\"left\">Name</td>                                              \r\n<td>{txtName}</td>                              </tr>                                            \r\n<tr bgcolor=\"#ffffff\">                                            \r\n<td align=\"left\">Email</td>                                              \r\n<td>{txtEmail}</td>                              </tr>                                            \r\n<tr bgcolor=\"#ffffff\">                                            \r\n<td align=\"left\" valign=\"top\">Address</td>                                              \r\n<td valign=\"top\">{txtAddress}</td>                                </tr>                                          \r\n<tr bgcolor=\"#ffffff\">                                            \r\n<td align=\"left\">Phone</td>                                              \r\n<td>{txtPhone}</td>                              </tr>                                            \r\n<tr bgcolor=\"#ffffff\">                                            \r\n<td align=\"left\" valign=\"top\">Comment</td>                                              \r\n<td valign=\"top\">{txtMsg}</td>                                </tr>                                          \r\n<tr bgcolor=\"#ffffff\">                                            \r\n<td align=\"left\">&nbsp;</td>                                              \r\n<td>&nbsp;</td>                              </tr>                                            \r\n<tr bgcolor=\"#ffffff\">                                            \r\n<td colspan=\"2\" align=\"left\">Thanks,</td>                                </tr>                                          \r\n<tr bgcolor=\"#ffffff\">                                            \r\n<td colspan=\"2\" align=\"left\">{SITE_NAME} Crew. |   {SITE_URL}</td>                              </tr>                              </tbody></table>                \r\n\r\n','New comment from {txtName} !'),(18,19,1,'\r\n              \r\n<table class=\"maintext2\" border=\"0\" cellpadding=\"4\" cellspacing=\"1\" width=\"100%\">          \r\n<tbody>          \r\n<tr bgcolor=\"#ffffff\">          \r\n<td class=\"maintext2\" colspan=\"2\" align=\"left\">A new item has been added to the {TYPE} list . The details of the item is given below.</td></tr>          \r\n<tr bgcolor=\"#ffffff\">          \r\n<td align=\"left\" width=\"22%\">Category</td>          \r\n<td width=\"78%\"><b>{txtCategoryname}</b></td></tr>          \r\n<tr bgcolor=\"#ffffff\">          \r\n<td align=\"left\">Title</td>          \r\n<td><b>{txtTitle}</b></td></tr>          \r\n<tr bgcolor=\"#ffffff\">          \r\n<td align=\"left\">Brand</td>          \r\n<td><b>{txtBrand}</b></td></tr>          \r\n<tr bgcolor=\"#ffffff\">          \r\n<td align=\"left\">Type</td>          \r\n<td><b>{ddlType}</b></td></tr>          \r\n<tr bgcolor=\"#ffffff\">          \r\n<td align=\"left\">Condition</td>          \r\n<td><b>{ddlCondition}</b></td></tr>          \r\n<tr bgcolor=\"#ffffff\">          \r\n<td align=\"left\">Year</td>          \r\n<td><b>{txtYear}</b></td></tr>          \r\n<tr bgcolor=\"#ffffff\">          \r\n<td align=\"left\">{pricename}</td>          \r\n<td><b>{txtValue}</b></td></tr>          \r\n<tr bgcolor=\"#ffffff\">          \r\n<td colspan=\"2\" align=\"left\">Thanks,</td></tr>          \r\n<tr bgcolor=\"#ffffff\">          \r\n<td colspan=\"2\" align=\"left\">{SITE_NAME} Crew. | {SITE_URL}</td></tr></tbody></table>                \r\n\r\n','New item added to the Sales list!'),(19,20,1,'\r\n          \r\n<table class=\"maintext2\" border=\"0\" cellpadding=\"4\" cellspacing=\"1\" width=\"100%\">        \r\n<tbody>        \r\n<tr bgcolor=\"#ffffff\">        \r\n<td colspan=\"2\" class=\"maintext2\" align=\"left\">Either you or somebody has requested to reset the password.    If you   would like to reset your password please click on the following link</td>                              </tr>                                      \r\n<tr bgcolor=\"#ffffff\">                                        \r\n<td colspan=\"2\" align=\"left\">{reset_link}</td>                              </tr>                                      \r\n<tr bgcolor=\"#ffffff\">                                        \r\n<td colspan=\"2\" align=\"left\">Thank You,</td>                              </tr>                                      \r\n<tr bgcolor=\"#ffffff\">                                        \r\n<td colspan=\"2\" align=\"left\">{SITE_NAME} Crew. | {SITE_URL}</td>                              </tr>                            </tbody></table>          \r\n\r\n','Resetting password!'),(20,21,1,'\r\n                       \r\n<table class=\"maintext2\" border=\"0\" cellpadding=\"4\" cellspacing=\"1\" width=\"100%\">                                          \r\n<tbody>            \r\n<tr bgcolor=\"#ffffff\">                                            \r\n<td colspan=\"2\" class=\"maintext2\" align=\"left\">Welcome to   {SITE_NAME} As a member, you will have the capability to   post items on our site that you no longer have use for and the access   to view unwanted items already posted by members of {SITE_NAME}.      The main aim of the site is to help our members get rid of their   unwanted items and enable them to find goods that they need amongst each   other for a small price!     This is done by allowing users to   negotiate with each other on our site for items they need, in a fun, and   secure platform. Please do not hesitate to contact us at {SITE_EMAIL}   with any questions,  comments, or suggestions about our unique services.      Once again, thanks for joining our community and enjoy your   experience at {SITE_URL}.    <b><u><br />Your account details   as follows :</u></b>  </td>                              </tr>                                            \r\n<tr bgcolor=\"#ffffff\">                                            \r\n<td align=\"left\" width=\"14%\">User Name</td>                                              \r\n<td width=\"86%\">{LoginName}</td>                                </tr>                                          \r\n<tr bgcolor=\"#ffffff\">                                            \r\n<td align=\"left\">Password</td>                                              \r\n<td>{Password}</td>                              </tr>           \r\n<tr bgcolor=\"#ffffff\">                                            \r\n<td colspan=\"2\" align=\"left\">Welcome Aboard!</td>                                </tr>                                          \r\n<tr bgcolor=\"#ffffff\">                                            \r\n<td colspan=\"2\" align=\"left\"><b>Why Pay? When You Can   {SITE_NAME}!</b></td>                                </tr>                                          \r\n<tr bgcolor=\"#ffffff\">                                            \r\n<td colspan=\"2\" align=\"left\">Thank You,</td>                                </tr>                                          \r\n<tr bgcolor=\"#ffffff\">                                            \r\n<td colspan=\"2\" align=\"left\">{SITE_NAME} Crew. | {SITE_URL}<br /></td>                              </tr>                              </tbody></table>              \r\n\r\n','Welcome to {SITE_NAME}! Your account has been successfully created!'),(22,23,1,'\r\n              \r\n<table class=\"maintext2\" border=\"0\" cellpadding=\"4\" cellspacing=\"1\" width=\"100%\">        \r\n<tbody>        \r\n<tr bgcolor=\"#ffffff\">        \r\n<td colspan=\"2\" class=\"maintext2\" align=\"left\">Your password has been reset.    Your new password is <b>{newpass}</b>    Please use the new password to login.</td>                              </tr>                                      \r\n<tr bgcolor=\"#ffffff\">                                        \r\n<td colspan=\"2\" align=\"left\">Thank You,</td>                              </tr>                                      \r\n<tr bgcolor=\"#ffffff\">                                        \r\n<td colspan=\"2\" align=\"left\">{SITE_NAME} Crew. | {SITE_URL}</td>                              </tr>                            </tbody></table>          \r\n\r\n','Password Reset'),(23,24,1,'\r\n              \r\n<table class=\"maintext2\" border=\"0\" cellpadding=\"4\" cellspacing=\"1\" width=\"100%\">                                      \r\n<tbody>        \r\n<tr bgcolor=\"#ffffff\">                                        \r\n<td class=\"maintext2\" align=\"left\" width=\"39%\">{comments}</td>                              </tr>                                      \r\n<tr bgcolor=\"#ffffff\">                                        \r\n<td align=\"left\">Click on the following Internet address or copy &amp; paste it into your browser\'s address box.</td>                              </tr>                                      \r\n<tr bgcolor=\"#ffffff\">                                        \r\n<td align=\"left\">Please visit {SITE_URL} </td>                              </tr>                                      \r\n<tr bgcolor=\"#ffffff\">                                        \r\n<td align=\"left\">Thank You,</td>                              </tr>                                      \r\n<tr bgcolor=\"#ffffff\">                                        \r\n<td colspan=\"2\" align=\"left\">The {SITE_NAME} Crew | {SITE_URL}</td>                              </tr>                            </tbody></table>                                    \r\n\r\n','I recomend this site!'),(24,25,1,'\r\n       \r\n<table class=\"maintext2\" border=\"0\" cellpadding=\"4\" cellspacing=\"1\" width=\"100%\">                                  \r\n<tbody>    \r\n<tr bgcolor=\"#ffffff\">                                    \r\n<td colspan=\"2\" class=\"maintext2\" align=\"left\">A new item has been added to the list .     The details of the item is given below.</td>                              </tr>                                  \r\n<tr bgcolor=\"#ffffff\">                                    \r\n<td class=\"maintext2\" align=\"left\">Product Settled Amount</td>                                    \r\n<td class=\"maintext2\" align=\"left\">{var_settle}</td>                              </tr>                                  \r\n<tr bgcolor=\"#ffffff\">                                    \r\n<td class=\"maintext2\" align=\"left\">Product Actual Amount</td>                                    \r\n<td class=\"maintext2\" align=\"left\">{var_actual}</td>                              </tr>                                  \r\n<tr bgcolor=\"#ffffff\">                                    \r\n<td class=\"maintext2\" align=\"left\">Escrow Commission</td>                                    \r\n<td class=\"maintext2\" align=\"left\">{var_comm}</td>                              </tr>                                  \r\n<tr bgcolor=\"#ffffff\">                                    \r\n<td class=\"maintext2\" align=\"left\">Payment Mode</td>                                    \r\n<td class=\"maintext2\" align=\"left\">{var_mode}</td>                              </tr>                                  \r\n<tr bgcolor=\"#ffffff\">                                    \r\n<td colspan=\"2\" align=\"left\">The {SITE_NAME} Crew | {SITE_URL}</td>                              </tr></tbody></table>    \r\n\r\n','Your amount has been settled by admin at {SITE_NAME}'),(25,26,1,'\r\n                      \r\n<table class=\"maintext2\" border=\"0\" cellpadding=\"4\" cellspacing=\"1\" width=\"100%\">                                          \r\n<tbody>            \r\n<tr bgcolor=\"#ffffff\">                                            \r\n<td colspan=\"2\" class=\"maintext2\" align=\"left\">Welcome to <sitename> As a member, you will have the capability to   post items on our site that you no longer have use for and the access   to view unwanted items already posted by members of <sitename>.      The main aim of the site is to help our members get rid of their   unwanted items and enable them to find goods that they need amongst each   other for a small price!     This is done by allowing users to   negotiate with each other on our site for items they need, in a fun, and   secure platform. Please do not hesitate to contact us at <a href=\"%3Csiteemail%3E\"><siteemail></siteemail></a>   with any questions,  comments, or suggestions about our unique services.      Once again, thanks for joining our community and enjoy your   experience at&nbsp; {SITE_NAME}<siteurl>    </siteurl></sitename></sitename></td>                              </tr>                                          \r\n<tr bgcolor=\"#ffffff\">                                            \r\n<td colspan=\"2\" align=\"left\">Welcome Aboard!</td>                              </tr>                                          \r\n<tr bgcolor=\"#ffffff\">                                            \r\n<td colspan=\"2\" align=\"left\"><b>Why Pay? When You Can&nbsp; {SITE_NAME}<br /></b></td>                              </tr>                                          \r\n<tr bgcolor=\"#ffffff\">                                            \r\n<td colspan=\"2\" align=\"left\">Thank You,</td>                              </tr>                                          \r\n<tr bgcolor=\"#ffffff\">                                            \r\n<td colspan=\"2\" align=\"left\">&nbsp;{SITE_NAME}Crew. | {SITE_URL}</td>                              </tr>                            </tbody></table>                \r\n\r\n','Welcome to {SITE_NAME}! Your account has been successfully created!'),(26,27,1,'\r\n          \r\n<table class=\"maintext2\" border=\"0\" cellpadding=\"4\" cellspacing=\"1\" width=\"100%\">                                    \r\n<tbody>      \r\n<tr bgcolor=\"#ffffff\">                                      \r\n<td colspan=\"2\" class=\"maintext2\" align=\"left\">The Following subscription plan cancelled by the {username}. Plan   details are as follows:    Plan : {planname}  Payment Type : {ptype}</td>                              </tr>                                    \r\n<tr bgcolor=\"#ffffff\">                                      \r\n<td colspan=\"2\" align=\"left\">Thank You,</td>                              </tr>                                    \r\n<tr bgcolor=\"#ffffff\">                                      \r\n<td colspan=\"2\" align=\"left\">{SITE_NAME} Crew. | {SITE_URL}<br /></td>                              </tr>                            </tbody></table>        \r\n\r\n','Subscription plan canceled on {SITE_NAME}'),(27,28,1,'\r\n          \r\n<table class=\"maintext2\" border=\"0\" cellpadding=\"4\" cellspacing=\"1\" width=\"100%\">                                    \r\n<tbody>      \r\n<tr bgcolor=\"#ffffff\">                                      \r\n<td colspan=\"2\" class=\"maintext2\" align=\"left\">Your account with {SITE_NAME} will expire in 5 days time. Please {url}click here{url_end} to renew your account.  </td>                              </tr>                                    \r\n<tr bgcolor=\"#ffffff\">                                      \r\n<td colspan=\"2\" align=\"left\">Thank You,</td>                              </tr>                                    \r\n<tr bgcolor=\"#ffffff\">                                      \r\n<td colspan=\"2\" align=\"left\">The {SITE_NAME} Crew. | {SITE_URL}<br /></td>                              </tr>                            </tbody></table>        \r\n\r\n','Your account with {SITE_NAME} is going to expire!!!'),(28,6,1,'Points',''),(29,29,1,'\r\n                      \r\n<table class=\"maintext2\" border=\"0\" cellpadding=\"4\" cellspacing=\"1\" width=\"100%\">                                              \r\n<tbody>            \r\n<tr bgcolor=\"#ffffff\">                                                \r\n<td colspan=\"2\" class=\"maintext2\" align=\"left\">Thank you for purchasing {point_name} using   {payment_type}. Your account is refilled with {point_val}. Please use   these points to sell , swap , buy items in {SITE_NAME}</td>                                  </tr>                                              \r\n<tr bgcolor=\"#ffffff\">                                                \r\n<td align=\"left\" width=\"14%\">User Name</td>                                                \r\n<td width=\"86%\">{guserFName}</td>                                  </tr>                                               \r\n<tr bgcolor=\"#ffffff\">                                                \r\n<td align=\"left\" width=\"14%\">Payment Method</td>                                                \r\n<td width=\"86%\">{payment_type}</td>                                  </tr>                                              \r\n<tr bgcolor=\"#ffffff\">                                                \r\n<td align=\"left\" width=\"14%\">Payment Date</td>                                                \r\n<td width=\"86%\">{date}</td>                                  </tr>                                              \r\n<tr bgcolor=\"#ffffff\">                                                \r\n<td align=\"left\">Total Amount</td>                                                \r\n<td>{sess_PointAmount}</td>                                  </tr>            \r\n<tr bgcolor=\"#ffffff\">                                                \r\n<td colspan=\"2\" align=\"left\">Thank You,</td>                                  </tr>                                              \r\n<tr bgcolor=\"#ffffff\">                                                \r\n<td colspan=\"2\" align=\"left\">{SITE_NAME} Crew. | {SITE_URL}</td>                                  </tr>                                </tbody></table>                \r\n\r\n','{POINT_NAME} purchased details'),(30,30,1,'\r\n      <purchase details=\"\"></purchase>      \r\n<table class=\"maintext2\" border=\"0\" cellpadding=\"4\" cellspacing=\"1\" width=\"100%\">                                        \r\n<tbody>      \r\n<tr bgcolor=\"#ffffff\">                                          \r\n<td colspan=\"2\" class=\"maintext2\" align=\"left\"><span id=\"result_box\" class=\"\" lang=\"en\"><span title=\"Click for alternate translations\" class=\"hps\">Thank you</span> <span title=\"Click for alternate translations\" class=\"hps\">pay</span> <span title=\"Click for alternate translations\" class=\"hps\">transaction</span><span class=\"\" title=\"Click for alternate translations\">.</span> <span title=\"Click for alternate translations\" class=\"hps\">Your</span> <span title=\"Click for alternate translations\" class=\"hps\">points</span> <span title=\"Click for alternate translations\" class=\"hps\">has</span> <span title=\"Click for alternate translations\" class=\"hps\">been added to your</span> <span title=\"Click for alternate translations\" class=\"hps\">account</span></span></td>                                  </tr>                                        \r\n<tr bgcolor=\"#ffffff\">                                          \r\n<td align=\"left\" width=\"14%\"><span id=\"result_box\" class=\"short_text\" lang=\"fr\"><span title=\"Click for alternate translations\" class=\"hps\">User Name<br /></span></span></td>                                          \r\n<td width=\"86%\">&nbsp;{guserFName}</td>                                  </tr>                                         \r\n<tr bgcolor=\"#ffffff\">                                          \r\n<td align=\"left\" width=\"14%\"><span id=\"result_box\" class=\"short_text\" lang=\"fr\"><span title=\"Click for alternate translations\" class=\"hps\">Payment Method<br /></span></span></td>                                          \r\n<td width=\"86%\">{payment_type}<br /></td>                                  </tr>                                        \r\n<tr bgcolor=\"#ffffff\">                                          \r\n<td align=\"left\" width=\"14%\"><span id=\"result_box\" class=\"short_text\" lang=\"fr\"><span title=\"Click for alternate translations\" class=\"hps\">Date of transaction<br /></span></span></td>                                          \r\n<td width=\"86%\">{date}<br /></td>                                  </tr>                                        \r\n<tr bgcolor=\"#ffffff\">                                          \r\n<td align=\"left\"><span id=\"result_box\" class=\"short_text\" lang=\"fr\"><span title=\"Click for alternate translations\" class=\"hps\">Ttal Amount<br /></span></span></td>                                          \r\n<td>{sess_PointAmount}</td></tr>                                \r\n<tr bgcolor=\"#ffffff\">                                          \r\n<td colspan=\"2\" align=\"left\">Thank You,</td>                                  </tr>                                        \r\n<tr bgcolor=\"#ffffff\">                                          \r\n<td colspan=\"2\" align=\"left\">{SITE_NAME} Crew | {SITE_URL}</td>                                  </tr>                                </tbody></table>      \r\n\r\n','{POINT_NAME} purchased details'),(40,10,2,'\r\n  Effacer vos articles tenir maison en l\'&eacute;changeant avec quelque chose dont vous avez besoin.    \r\n\r\n','échange'),(31,31,1,'\r\n          \r\n<p>Are you tired of this?  Working hard to sale your merchandise on websites, only to see your hard earned money has been taken away from you due to high listing fees and etc...  Well, {site_name} encourages our members to sale on our site.  We present to you, our cash back Sales Rewards Program.</p>\r\n              \r\n<p>As a member of {site_name}, you could start earning cash back when you sale items on our site. Because we credit back to our Sellers 1% of our small 2% commission for listing an item to the site, as cash back bonuses on all sales over {currency_code} 300.  This is simply our way of showing our appreciation towards you because, we believe, You Are the Sales Associate!</p>\r\n              \r\n<p>Although, we provide you with the tools needed to sale on the site, the best tool we can provide you with is <b>MOTIVATION.</b>  Whether you are an experienced internet Seller, or a beginner, with minimal effort this program will work for anyone.  While other Sites are busy reaping the benefits from Sellers on their sites.  We are busy building shared interest with our Associates. We promise you, you will love our cash back <b><u>Sales Rewards Program</u></b>, and you can take that to the bank!</p>\r\n              \r\n<p></p>\r\n                \r\n\r\n','Cash Back Bonus Policy'),(41,7,2,'\r\n      Utilisez le formulaire suivant pour nous laisser une r&eacute;troaction.            \r\n\r\n','Contactez-nous'),(42,23,2,'\r\n  \r\n<table border=\"0\" cellpadding=\"0\" cellspacing=\"0\">        \r\n<tbody>            \r\n<tr>                \r\n<td style=\"width:576px;height:0px;\">                    \r\n<p>                    Votre mot de passe a &eacute;t&eacute; r&eacute;initialis&eacute;. Votre nouveau mot de passe &nbsp; <strong>{</strong><strong>newpass</strong><strong>}</strong> &nbsp; S\'il vous pla&icirc;t utiliser le nouveau mot de passe pour vous connecter.</p>\r\n                </td>        </tr>            \r\n<tr>                \r\n<td style=\"width:576px;height:0px;\">                    \r\n<p>                    Merci!</p>\r\n                </td>        </tr>            \r\n<tr>                \r\n<td style=\"width:576px;height:0px;\">                    \r\n<p>                    {SITE_NAME} Crew. | {SITE_URL}</p>\r\n                </td>        </tr>    </tbody></table>    \r\n<p>    &nbsp;</p>\r\n    \r\n\r\n','Réinitialiser mot de passe'),(77,39,2,'\r\n  \r\n<p>    Votre paiement mensuel {SITE_NAME} est un plein succ&egrave;s. Les d&eacute;tails des paiements sont ci-dessous:<br />    <br />    Montant pay&eacute;: {amountPaid}<br />    Date de paiement: {dop}<br />    <br />    Merci!<br />    {SITE_NAME} Crew. | {SITE_URL}</p>\r\n    \r\n\r\n','Paiement mensuel {SITE_NAME}'),(78,40,1,'\r\n    The following user has made the monthly payment in {SITE_NAME}<br /><br />User Name : {username}<br />Amount Paid : {amountPaid}<br />Date Of Payment : {dop}<br /><br />Thank You,<br /><br />{SITE_NAME} Crew | {SITE_URL}<br />      \r\n\r\n','Monthly Payment in {SITE_NAME}'),(43,3,2,'swap, commerce, échange,  tout swap, échangeant plateforme, le troc de logiciels, virtuels swapmeet, les produits d\'échange, marché aux puces virtuel',''),(44,1,2,'Swap tout',''),(45,2,2,'Swap tout',''),(46,4,2,'eSwap est une plate-forme complète en ligne vous permettant d\'échanger les éléments indésirables de troc pour des choses dont vous avez besoin. Vous pouvez échanger tous les éléments indésirables de maison ou votre entreprise à d\'autres quipeuvent avoir besoin d\'eux. Vous pouvez vendre et acheter des objets à partir du siteaussi.\r\n',''),(116,7,5,'\r\n      <span lang=\"es-ES\">Utilice el siguente  formulario para dejarnos una sugerecia.</span>        \r\n\r\n','Contacto'),(47,5,2,'Swap et obtenir des points ',''),(48,6,2,'Points',''),(117,7,6,'\r\n      Verwenden Sie das folgende Formular, um uns ein Feedback.            \r\n\r\n','Kontak'),(49,11,2,'\r\n  Vendre vos objets utilis&eacute;s ou non utilis&eacute;s &agrave; meilleur prix!    \r\n\r\n','Vendre'),(74,38,1,'\r\n      Please make your monthly payment in {SITE_NAME}<br /><br />User Name&nbsp;&nbsp;&nbsp;&nbsp;&nbsp;&nbsp;&nbsp;&nbsp; : {LoginName}<br />Amount To Pay&nbsp;&nbsp; : {amountToPay}<br /><br />Click the link below to pay the amount :<br />{payNow}<br /><br />Thank You,<br /><br />{SITE_NAME} Crew | {SITE_URL}<br /><br />            \r\n\r\n','Monthly Payment in {SITE_NAME}'),(75,38,2,'\r\n      S\'il vous pla&icirc;t effectuer votre paiement mensuel en {SITE_NAME}<br /><br />Nom d\'utilisateur&nbsp;&nbsp;&nbsp;&nbsp;&nbsp;&nbsp;&nbsp;&nbsp;   : {LoginName}<br />Montant &agrave; payer&nbsp;&nbsp; :   {amountToPay}<br /><br />Cliquez sur le lien ci-dessous pour payer le montant:<br />{payNow}<br /><br />Merci,<br /><br />{SITE_NAME}  Equipage | {SITE_URL}<br /><br />              \r\n\r\n','Le paiement mensuel de {SITE_NAME}'),(76,39,1,'\r\n      Your monthly payment in {SITE_NAME}is success full. The payments details are below:<br /><br />Amount Paid&nbsp;&nbsp;&nbsp;&nbsp;&nbsp; : {amountPaid}<br />Date of Payment : {dop}<br /><br />Thank You,<br />{SITE_NAME} Crew. | {SITE_URL}<br /><br />            \r\n\r\n','Monthly Payment in {SITE_NAME}'),(51,26,2,'\r\n      \r\n<table border=\"0\" cellpadding=\"0\" cellspacing=\"0\">          \r\n<tbody>              \r\n<tr>                  \r\n<td style=\"width:576px;height:0px;\">                      \r\n<p>                    Bienvenue &nbsp; En tant que membre, vous aurez la possibilit&eacute; de publier des &eacute;l&eacute;ments sur notre site que vous n\'avez plus l\'utilisation et l\'acc&egrave;s pour afficher les &eacute;l&eacute;ments ind&eacute;sirables d&eacute;j&agrave; post&eacute;s par les membres de &nbsp; .L\'objectif principal du site est d\'aider nos membres &agrave; se d&eacute;barrasser de leurs &eacute;l&eacute;ments ind&eacute;sirables et de leur permettre de trouver des biens dont ils ont besoin parmi les uns des autres pour un petit prix! Ceci est fait en permettant aux utilisateurs de n&eacute;gocier avec eux sur notre site des articles dont ils ont besoin, dans un environnement amusant et plate-forme s&eacute;curis&eacute;e. S\'il vous pla&icirc;t, n\'h&eacute;sitez pas &agrave; nous contacter &agrave; &nbsp; avec toutes les questions, commentaires ou suggestions sur nos services uniques.Encore une fois, merci pour rejoindre notre communaut&eacute; et profiter de votre exp&eacute;rience &agrave; &nbsp; {SITE_NAME}</p>\r\n                  </td>        </tr>              \r\n<tr>                  \r\n<td style=\"width:576px;height:0px;\">                      \r\n<p>                    Bienvenue &agrave; bord!</p>\r\n                  </td>        </tr>              \r\n<tr>                  \r\n<td style=\"width:576px;height:0px;\">                      \r\n<p>                    <strong>Pourquoi payer? Lorsque vous pouvez</strong> &nbsp; <strong>{SITE_NAME}</strong></p>\r\n                  </td>        </tr>              \r\n<tr>                  \r\n<td style=\"width:576px;height:0px;\">                      \r\n<p>                    Merci!</p>\r\n                  </td>        </tr>              \r\n<tr>                  \r\n<td style=\"width:576px;height:0px;\">                      \r\n<p>                    &nbsp; {SITE_NAME} Crew.| {SITE_URL}</p>\r\n                  </td>        </tr>    </tbody></table>      \r\n<p>    &nbsp;</p>\r\n          \r\n\r\n','Bienvenue à {SITE_NAME}!Votre compte a été créé avec succès!'),(139,26,6,'\r\n      \r\n<table border=\"0\" cellpadding=\"0\" cellspacing=\"0\">          \r\n<tbody>              \r\n<tr>                  \r\n<td style=\"width:576px;height:0px;\">                      \r\n<p>                    Willkommen bei &nbsp; Als Mitglied haben Sie die M&ouml;glichkeit, Artikel auf unserer Website, die Sie nicht mehr haben benutzen Post und der Zugriff auf unerw&uuml;nschte Elemente bereits von den Mitgliedern der entsandten Blick &nbsp; .Das Hauptziel der Website ist es, unseren Mitgliedern helfen loszuwerden ihre unerw&uuml;nschte Elemente und es ihnen erm&ouml;glichen, Waren, die sie ben&ouml;tigen, untereinander f&uuml;r einen kleinen Preis! Dies ist, indem die Anwender mit jedem anderen auf unserer Website f&uuml;r Gegenst&auml;nde, die sie brauchen zu verhandeln, in eine unterhaltsame und sichere Plattform durchgef&uuml;hrt. Bitte z&ouml;gern Sie nicht uns zu kontaktieren &nbsp; Bei Fragen, Kommentare oder Anregungen &uuml;ber unsere einzigartigen Leistungen.Nochmals vielen Dank f&uuml;r den Beitritt unserer Gemeinde und genie&szlig;en Sie Ihre Erfahrungen an &nbsp; {SITE_NAME}</p>\r\n                  </td>        </tr>              \r\n<tr>                  \r\n<td style=\"width:576px;height:0px;\">                      \r\n<p>                    Willkommen an Bord!</p>\r\n                  </td>        </tr>              \r\n<tr>                  \r\n<td style=\"width:576px;height:0px;\">                      \r\n<p>                    <strong>Warum bezahlen? Wenn man</strong> &nbsp; <strong>{SITE_NAME}</strong></p>\r\n                  </td>        </tr>              \r\n<tr>                  \r\n<td style=\"width:576px;height:0px;\">                      \r\n<p>                    Vielen Dank</p>\r\n                  </td>        </tr>              \r\n<tr>                  \r\n<td style=\"width:576px;height:0px;\">                      \r\n<p>                    &nbsp; {SITE_NAME} Crew.&nbsp;{SITE_URL}</p>\r\n                  </td>        </tr>    </tbody></table>      \r\n<p>    &nbsp;</p>\r\n          \r\n\r\n','Willkommen {SITE_NAME}!Ihr Konto wurde erfolgreich erstellt!'),(138,26,5,'<table border=\"0\" cellpadding=\"4\" cellspacing=\"0\" width=\"586\">    <colgroup>        <col>        <col>    </colgroup>    \r\n<tbody>        \r\n<tr>            \r\n<td colspan=\"2\">                \r\n<p>                    Bienvenido a {SITE_NAME}. Como miembro, usted tendra la capacidad de publicar en nuestro sitio articulos que usted ya no tiene uso. Tambien, usted tendra acceso para ver los articulos ya publicados por otros miembros de {SITE_NAME}. El principal objectivo del sitio es aydar a nuestros miembros de deshacerse de los articulos que ustedes no deseas y luego encontrar articulos que necesitas aunque, para un peque&ntilde;o precio.Esto se hace pemitiendo a los usuarios negociar para los articulos que necesitan con los demas de una manera segura y divertida atraves de nustro sitio. Por favor, no dude en conctactar con nosotros con qualqiuer pregunta, comentario o sugerencia acerca de nueatros dervicios unicos. Una vez mas, gracias por unirse a nuestra comunidad y disfrute de su experiencia en {SITE_NAME}.</p>\r\n                \r\n<p>                    &nbsp;</p>\r\n                \r\n<p>                    <u><strong>Detalle de su cuenta :</strong></u></p>\r\n            </td>        </tr>        \r\n<tr>            \r\n<td>                \r\n<p>                    Nombre de usuario</p>\r\n            </td>            \r\n<td>                \r\n<p>                    {LoginName}</p>\r\n            </td>        </tr>        \r\n<tr>            \r\n<td>                \r\n<p>                    Contrasena</p>\r\n            </td>            \r\n<td>                \r\n<p>                    {Password}</p>\r\n            </td>        </tr>        \r\n<tr>            \r\n<td colspan=\"2\">                \r\n<p>                    Bienveniso a bordo!</p>\r\n            </td>        </tr>        \r\n<tr>            \r\n<td colspan=\"2\">                \r\n<p>                    <strong>Porque pagar quando se puede &iquest;{SITE_NAME}?</strong></p>\r\n            </td>        </tr>        \r\n<tr>            \r\n<td colspan=\"2\">                \r\n<p>                    Gracias,</p>\r\n            </td>        </tr>        \r\n<tr>            \r\n<td colspan=\"2\">                \r\n<p>                    {SITE_NAME} Tripulacion. | {SITE_URL}</p>\r\n            </td>        </tr>    </tbody></table>\r\n<p>    &nbsp;</p>','Bienvenido a ¡{SITE_NAME}! Su cuenta ha sido creada con éxito! '),(52,25,2,'\r\n<table border=\"0\" cellpadding=\"0\" cellspacing=\"0\">      \r\n<tbody>          \r\n<tr>              \r\n<td colspan=\"3\" style=\"width:576px;height:0px;\">                  \r\n<p>                    Un nouvel &eacute;l&eacute;ment a &eacute;t&eacute; ajout&eacute; &agrave; la liste. Les d&eacute;tails de l\'&eacute;l&eacute;ment est donn&eacute;e ci-dessous.</p>\r\n              </td>        </tr>          \r\n<tr>              \r\n<td style=\"width:362px;height:0px;\">                  \r\n<p>                    Produit Install&eacute; Montant</p>\r\n              </td>              \r\n<td style=\"width:211px;height:0px;\">                  \r\n<p>                    {var_settle}</p>\r\n              </td>              \r\n<td style=\"width:3px;height:0px;\">                  \r\n<p>                    &nbsp;</p>\r\n              </td>        </tr>          \r\n<tr>              \r\n<td style=\"width:362px;height:0px;\">                  \r\n<p>                    Montant produit r&eacute;el</p>\r\n              </td>              \r\n<td style=\"width:211px;height:0px;\">                  \r\n<p>                    {var_actual}</p>\r\n              </td>              \r\n<td style=\"width:3px;height:0px;\">                  \r\n<p>                    &nbsp;</p>\r\n              </td>        </tr>          \r\n<tr>              \r\n<td style=\"width:362px;height:0px;\">                  \r\n<p>                    Commission d\'entiercement</p>\r\n              </td>              \r\n<td style=\"width:211px;height:0px;\">                  \r\n<p>                    {var_comm}</p>\r\n              </td>              \r\n<td style=\"width:3px;height:0px;\">                  \r\n<p>                    &nbsp;</p>\r\n              </td>        </tr>          \r\n<tr>              \r\n<td style=\"width:362px;height:0px;\">                  \r\n<p>                    Mode de paiement</p>\r\n              </td>              \r\n<td style=\"width:211px;height:0px;\">                  \r\n<p>                    {var_mode}</p>\r\n              </td>              \r\n<td style=\"width:3px;height:0px;\">                  \r\n<p>                    &nbsp;</p>\r\n              </td>        </tr>          \r\n<tr>              \r\n<td colspan=\"3\" style=\"width:576px;height:0px;\">                  \r\n<p>                    Le {SITE_NAME} Equipage | {SITE_URL}</p>\r\n              </td>        </tr>    </tbody></table>  \r\n<p>    &nbsp;</p>\r\n\r\n','Votre montant a été réglé par admin à {SITE_NAME}'),(136,25,5,'<table border=\"0\" cellpadding=\"4\" cellspacing=\"0\" width=\"586\">    <colgroup>        <col>        <col>        <col>    </colgroup>    \r\n<tbody>        \r\n<tr>            \r\n<td colspan=\"3\">                \r\n<p>                    Un nuevo articulo ha sido anadido a la lista.Los detalles de este articulo se da a continuacion.</p>\r\n            </td>        </tr>        \r\n<tr>            \r\n<td colspan=\"2\">                \r\n<p>                    La cantidad establecido de pagar</p>\r\n            </td>            \r\n<td>                \r\n<p>                    {var_settle}</p>\r\n            </td>        </tr>        \r\n<tr>            \r\n<td colspan=\"2\">                \r\n<p>                    La cantidad real de pagar</p>\r\n            </td>            \r\n<td>                \r\n<p>                    {var_actual}</p>\r\n            </td>        </tr>        \r\n<tr>            \r\n<td colspan=\"2\">                \r\n<p>                    Comision de deposito de garantia</p>\r\n            </td>            \r\n<td>                \r\n<p>                    {var_comm}</p>\r\n            </td>        </tr>        \r\n<tr>            \r\n<td>                \r\n<p>                    Modo de pago</p>\r\n            </td>            \r\n<td colspan=\"2\">                \r\n<p>                    {var_mode}</p>\r\n            </td>        </tr>        \r\n<tr>            \r\n<td colspan=\"3\">                \r\n<p>                    El {SITE_NAME} Tripulacion | {SITE_URL}</p>\r\n            </td>        </tr>    </tbody></table>\r\n<p>    &nbsp;</p>','La cantidad ha sido resuelta por la administracion en {SITE_NAME}'),(121,16,6,'\r\n  \r\n<p>    jemand Sie wissen, hat Sie in unserem Sinne \"Premier-Site f&uuml;r On-line Swapping oder Selling Unerw&uuml;nschte Objekte in der Welt.\" Bitte nehmen Sie sich Zeit, um die Links unten, um in einem kurzen &Uuml;berblick dar&uuml;ber, wie unsere Dienstleistungen kann ein Vorteil f&uuml;r Sie sein teilzunehmen, indem Sie folgen</p>\r\n      \r\n<table border=\"0\" cellpadding=\"0\" cellspacing=\"0\">        \r\n<tbody>            \r\n<tr>                \r\n<td style=\"width:576px;height:0px;\">                    \r\n<p>                    {LINK_F}</p>\r\n                </td>        </tr>            \r\n<tr>                \r\n<td style=\"width:576px;height:0px;\">                    \r\n<p>                    Zur Registrierung mit {SITE_NAME} k&ouml;nnen Sie diesen Link, indem Sie {LINK_R} verwenden</p>\r\n                </td>        </tr>            \r\n<tr>                \r\n<td style=\"width:576px;height:0px;\">                    \r\n<p>                    Vielen Dank!</p>\r\n                </td>        </tr>            \r\n<tr>                \r\n<td style=\"width:576px;height:0px;\">                    \r\n<p>                    {SITE_NAME} Crew.&nbsp;{SITE_URL}</p>\r\n                </td>        </tr>    </tbody></table>    \r\n<p>    &nbsp;</p>\r\n    \r\n\r\n','Herzlichen Glückwunsch von {SITE_NAME}!'),(54,16,2,'\r\n  \r\n<p>    quelqu\'un que vous connaissez vous a r&eacute;f&eacute;r&eacute; &agrave; notre \"premier site pour en ligne Echange ou vente des articles non d&eacute;sir&eacute;s au monde.\" S\'il vous pla&icirc;t prenez le temps de suivre les liens donn&eacute;s ci-dessous pour participer &agrave; un court sondage sur la fa&ccedil;on dont nos services peut &ecirc;tre un avantage pour vous en cliquant</p>\r\n      \r\n<table border=\"0\" cellpadding=\"0\" cellspacing=\"0\">        \r\n<tbody>            \r\n<tr>                \r\n<td style=\"width:576px;height:0px;\">                    \r\n<p>                    {LINK_F}</p>\r\n                </td>        </tr>            \r\n<tr>                \r\n<td style=\"width:576px;height:0px;\">                    \r\n<p>                    Pour s\'inscrire &agrave; {SITE_NAME}, vous pouvez utiliser ce lien en cliquant sur {LINK_R}</p>\r\n                </td>        </tr>            \r\n<tr>                \r\n<td style=\"width:576px;height:0px;\">                    \r\n<p>                    Merci,</p>\r\n                </td>        </tr>            \r\n<tr>                \r\n<td style=\"width:576px;height:0px;\">                    \r\n<p>                    {SITE_NAME} Crew. | {SITE_URL}</p>\r\n                </td>        </tr>    </tbody></table>    \r\n<p>    &nbsp;</p>\r\n    \r\n\r\n','Félicitations de la part {SITE_NAME}!'),(53,18,2,'\r\n  \r\n<table border=\"0\" cellpadding=\"0\" cellspacing=\"0\">        \r\n<tbody>            \r\n<tr>                \r\n<td colspan=\"2\" style=\"width:576px;height:0px;\">                    \r\n<p>                    Nouveau commentaire de {txtName}</p>\r\n                </td>        </tr>            \r\n<tr>                \r\n<td style=\"width:124px;height:0px;\">                    \r\n<p>                    &nbsp;</p>\r\n                </td>                \r\n<td style=\"width:452px;height:0px;\">                    \r\n<p>                    &nbsp;</p>\r\n                </td>        </tr>            \r\n<tr>                \r\n<td style=\"width:124px;height:0px;\">                    \r\n<p>                    D&eacute;nomination</p>\r\n                </td>                \r\n<td style=\"width:452px;height:0px;\">                    \r\n<p>                    {txtName}</p>\r\n                </td>        </tr>            \r\n<tr>                \r\n<td style=\"width:124px;height:0px;\">                    \r\n<p>                    E-mail</p>\r\n                </td>                \r\n<td style=\"width:452px;height:0px;\">                    \r\n<p>                    {txtEmail}</p>\r\n                </td>        </tr>            \r\n<tr>                \r\n<td style=\"width:124px;height:0px;\">                    \r\n<p>                    Adresse</p>\r\n                </td>                \r\n<td style=\"width:452px;height:0px;\">                    \r\n<p>                    {txtAdresse}</p>\r\n                </td>        </tr>            \r\n<tr>                \r\n<td style=\"width:124px;height:0px;\">                    \r\n<p>                    T&eacute;l&eacute;phone</p>\r\n                </td>                \r\n<td style=\"width:452px;height:0px;\">                    \r\n<p>                    {txtPhone}</p>\r\n                </td>        </tr>            \r\n<tr>                \r\n<td style=\"width:124px;height:0px;\">                    \r\n<p>                    Commentaire</p>\r\n                </td>                \r\n<td style=\"width:452px;height:0px;\">                    \r\n<p>                    {txtMsg}</p>\r\n                </td>        </tr>            \r\n<tr>                \r\n<td style=\"width:124px;height:0px;\">                    \r\n<p>                    &nbsp;</p>\r\n                </td>                \r\n<td style=\"width:452px;height:0px;\">                    \r\n<p>                    &nbsp;</p>\r\n                </td>        </tr>            \r\n<tr>                \r\n<td colspan=\"2\" style=\"width:576px;height:0px;\">                    \r\n<p>                    Merci,</p>\r\n                </td>        </tr>            \r\n<tr>                \r\n<td colspan=\"2\" style=\"width:576px;height:0px;\">                    \r\n<p>                    {SITE_NAME} Crew. | {SITE_URL}</p>\r\n                </td>        </tr>    </tbody></table>    \r\n<p>    &nbsp;</p>\r\n    \r\n\r\n','Nouveau commentaire de {txtName}!'),(55,17,2,'\r\n<table border=\"0\" cellpadding=\"0\" cellspacing=\"0\">      \r\n<tbody>          \r\n<tr>              \r\n<td colspan=\"3\" style=\"width:576px;height:0px;\">                  \r\n<p>                    Apr&egrave;s le point a &eacute;t&eacute; vendu &agrave; {SITE_NAME}</p>\r\n              </td>        </tr>          \r\n<tr>              \r\n<td style=\"width:125px;height:0px;\">                  \r\n<p>                    Nom du Produit</p>\r\n              </td>              \r\n<td style=\"width:448px;height:0px;\">                  \r\n<p>                    {var_title}</p>\r\n              </td>              \r\n<td style=\"width:3px;height:0px;\">                  \r\n<p>                    &nbsp;</p>\r\n              </td>        </tr>          \r\n<tr>              \r\n<td style=\"width:125px;height:0px;\">                  \r\n<p>                    Montant des produits</p>\r\n              </td>              \r\n<td style=\"width:448px;height:0px;\">                  \r\n<p>                    {var_amount}</p>\r\n              </td>              \r\n<td style=\"width:3px;height:0px;\">                  \r\n<p>                    &nbsp;</p>\r\n              </td>        </tr>          \r\n<tr>              \r\n<td style=\"width:125px;height:0px;\">                  \r\n<p>                    Qunatity</p>\r\n              </td>              \r\n<td style=\"width:448px;height:0px;\">                  \r\n<p>                    {var_quantity}</p>\r\n              </td>              \r\n<td style=\"width:3px;height:0px;\">                  \r\n<p>                    &nbsp;</p>\r\n              </td>        </tr>          \r\n<tr>              \r\n<td style=\"width:125px;height:0px;\">                  \r\n<p>                    Identifiant de transaction</p>\r\n              </td>              \r\n<td style=\"width:448px;height:0px;\">                  \r\n<p>                    {txnid}</p>\r\n              </td>              \r\n<td style=\"width:3px;height:0px;\">                  \r\n<p>                    &nbsp;</p>\r\n              </td>        </tr>          \r\n<tr>              \r\n<td style=\"width:125px;height:0px;\">                  \r\n<p>                    Acheteur</p>\r\n              </td>              \r\n<td style=\"width:448px;height:0px;\">                  \r\n<p>                    {guserFName}</p>\r\n              </td>              \r\n<td style=\"width:3px;height:0px;\">                  \r\n<p>                    &nbsp;</p>\r\n              </td>        </tr>          \r\n<tr>              \r\n<td colspan=\"3\" style=\"width:576px;height:0px;\">                  \r\n<p>                    Le {SITE_NAME} Equipage | {SITE_URL}</p>\r\n              </td>        </tr>    </tbody></table>  \r\n<p>    &nbsp;</p>\r\n\r\n','Un de vos produits énumérés à {SITE_NAME} a été vendu'),(90,5,5,'Intercambiar y obtener puntos ',''),(91,5,6,'Swap und erhalten Sie Punkte ',''),(92,6,5,'puntos',''),(93,6,6,'Punkte',''),(94,31,2,'\r\n      \r\n<p class=\"MsoNormal\" style=\"margin-top:14.0pt\">  </p>\r\n  \r\n<p class=\"MsoNormal\" style=\"margin-top:14.0pt\"><span style=\"mso-fareast-font-family:  \" &#39?;mso-bidi-font-family:?&#39?;color:black?=\"\" lang=\"RU\">&Ecirc;tes-vous fatigu&eacute; de  tout cela? Travailler dur pour la vente de votre marchandise sur des sites Web,  seulement pour voir votre argent durement gagn&eacute; a &eacute;t&eacute; prise loin de vous &agrave;  cause de droits d\'inscription &eacute;lev&eacute;s et etc .. Eh bien, {site_name} encourage  nos membres &agrave; la vente sur notre site. Nous vous pr&eacute;sentons, nos ventes de cash  back Programme de r&eacute;compenses.</span></p>\r\n        \r\n<p class=\"MsoNormal\" style=\"margin-top:14.0pt;margin-right:0in;margin-bottom:  14.0pt;margin-left:0in\"><span style=\"mso-fareast-font-family:\" &#39?;=\"\" mso-bidi-font-family:?&#39?;color:black?=\"\" lang=\"RU\">En tant que membre de {site_name},  vous pourriez commencer &agrave; gagner de cash back lorsque les &eacute;l&eacute;ments vente que  vous sur notre site. Parce que nous de cr&eacute;dit &agrave; notre Sellers 1% de notre  commission de 2% de petites d\'inscription d\'une question sur le site, comme les  bonus cash back sur toutes les ventes sur {currency_code} 300. C\'est tout  simplement notre fa&ccedil;on de montrer notre gratitude envers vous, car, nous  croyons, vous &ecirc;tes le conseiller &agrave; la vente!</span></p>\r\n        \r\n<p class=\"MsoNormal\"><span style=\"mso-fareast-font-family:\" &#39?;=\"\" mso-bidi-font-family:?&#39?;color:black?=\"\" lang=\"RU\">Bien, nous vous fournissons les  outils n&eacute;cessaires &agrave; la vente sur le site, le meilleur outil que nous pouvons  vous fournir est</span><span lang=\"RU\"> </span><span style=\"mso-fareast-font-family:  \" &#39?;mso-bidi-font-family:?&#39?;color:black?=\"\" lang=\"RU\">&nbsp;</span><span lang=\"RU\"> </span><b><span style=\"mso-fareast-font-family:\" &#39?;mso-bidi-font-family:?&#39?;=\"\" color:black?=\"\" lang=\"RU\">MOTIVATION.</span></b><span lang=\"RU\"> </span><span style=\"mso-fareast-font-family:\" &#39?;mso-bidi-font-family:?&#39?;=\"\" color:black?=\"\" lang=\"RU\">&nbsp;</span><span lang=\"RU\"> </span><span style=\"mso-fareast-font-family:  \" &#39?;mso-bidi-font-family:?&#39?;color:black?=\"\" lang=\"RU\">Que vous soyez un  vendeur internet exp&eacute;riment&eacute; ou un d&eacute;butant, avec un effort minimal de ce  programme va travailler pour quelqu\'un.Alors que d\'autres sites sont occup&eacute;s r&eacute;colter  les fruits de vendeurs sur leurs sites. Nous sommes en train de construire un  int&eacute;r&ecirc;t partag&eacute; avec nos Associ&eacute;s. Nous vous promettons, vous allez adorer  notre cash back</span><span lang=\"RU\"> </span><span style=\"mso-fareast-font-family:  \" &#39?;mso-bidi-font-family:?&#39?;color:black?=\"\" lang=\"RU\">&nbsp;</span><span lang=\"RU\"> </span><b><u><span style=\"mso-fareast-font-family:\" &#39?;mso-bidi-font-family:?&#39?;=\"\" color:black?=\"\" lang=\"RU\">Les ventes Programme de r&eacute;compenses,</span></u></b><span lang=\"RU\"> </span><span style=\"mso-fareast-font-family:\" &#39?;mso-bidi-font-family:?&#39?;=\"\" color:black?=\"\" lang=\"RU\">et vous pouvez prendre cela &agrave; la banque!</span></p>\r\n      \r\n<p></p>\r\n                  \r\n\r\n','Politique des Bonus Cash Back'),(56,19,2,'\r\n                  \r\n<table border=\"0\" cellpadding=\"0\" cellspacing=\"0\">  	          \r\n<tbody>  		          \r\n<tr>  			          \r\n<td colspan=\"3\" style=\"width:576px;height:0px;\">  				          \r\n<p>  					Nouvel &eacute;l&eacute;ment  a &eacute;t&eacute; ajout&eacute;</p>\r\n          			</td>  		</tr>  		          \r\n<tr>  			          \r\n<td style=\"width:128px;height:0px;\">  				          \r\n<p>  					cat&eacute;gorie</p>\r\n          			</td>  			          \r\n<td style=\"width:444px;height:0px;\">  				          \r\n<p>  					<strong>{txtCategoryname}</strong></p>\r\n          			</td>  			          \r\n<td style=\"width:3px;height:0px;\">  				          \r\n<p>  					&nbsp;</p>\r\n          			</td>  		</tr>  		          \r\n<tr>  			          \r\n<td style=\"width:128px;height:0px;\">  				          \r\n<p>  					Titre</p>\r\n          			</td>  			          \r\n<td style=\"width:444px;height:0px;\">  				          \r\n<p>  					<strong>{txtTitle}</strong></p>\r\n          			</td>  			          \r\n<td style=\"width:3px;height:0px;\">  				          \r\n<p>  					&nbsp;</p>\r\n          			</td>  		</tr>  		          \r\n<tr>  			          \r\n<td style=\"width:128px;height:0px;\">  				          \r\n<p>  					Marque</p>\r\n          			</td>  			          \r\n<td style=\"width:444px;height:0px;\">  				          \r\n<p>  					<strong>{txtBrand}</strong></p>\r\n          			</td>  			          \r\n<td style=\"width:3px;height:0px;\">  				          \r\n<p>  					&nbsp;</p>\r\n          			</td>  		</tr>  		          \r\n<tr>  			          \r\n<td style=\"width:128px;height:0px;\">  				          \r\n<p>  					Type EC</p>\r\n          			</td>  			          \r\n<td style=\"width:444px;height:0px;\">  				          \r\n<p>  					<strong>{ddlType}</strong></p>\r\n          			</td>  			          \r\n<td style=\"width:3px;height:0px;\">  				          \r\n<p>  					&nbsp;</p>\r\n          			</td>  		</tr>  		          \r\n<tr>  			          \r\n<td style=\"width:128px;height:0px;\">  				          \r\n<p>  					Condition</p>\r\n          			</td>  			          \r\n<td style=\"width:444px;height:0px;\">  				          \r\n<p>  					<strong>{ddlCondition}</strong></p>\r\n          			</td>  			          \r\n<td style=\"width:3px;height:0px;\">  				          \r\n<p>  					&nbsp;</p>\r\n          			</td>  		</tr>  		          \r\n<tr>  			          \r\n<td style=\"width:128px;height:0px;\">  				          \r\n<p>  					Ann&eacute;e</p>\r\n          			</td>  			          \r\n<td style=\"width:444px;height:0px;\">  				          \r\n<p>  					<strong>{txtYear}</strong></p>\r\n          			</td>  			          \r\n<td style=\"width:3px;height:0px;\">  				          \r\n<p>  					&nbsp;</p>\r\n          			</td>  		</tr>  		          \r\n<tr>  			          \r\n<td style=\"width:128px;height:0px;\">  				          \r\n<p>  					{pricename}</p>\r\n          			</td>  			          \r\n<td style=\"width:444px;height:0px;\">  				          \r\n<p>  					<strong>{txtValue}</strong></p>\r\n          			</td>  			          \r\n<td style=\"width:3px;height:0px;\">  				          \r\n<p>  					&nbsp;</p>\r\n          			</td>  		</tr>  		          \r\n<tr>  			          \r\n<td colspan=\"3\" style=\"width:576px;height:0px;\">  				          \r\n<p>  					Merci!</p>\r\n          			</td>  		</tr>  		          \r\n<tr>  			          \r\n<td colspan=\"3\" style=\"width:576px;height:0px;\">  				          \r\n<p>  					{SITE_NAME} Crew. | {SITE_URL}</p>\r\n          			</td>  		</tr>  	</tbody>  </table>          \r\n<p>  	&nbsp;</p>\r\n                          \r\n\r\n','Nouvel élément ajouté à la liste des ventes!'),(85,2,6,'Swap alles',''),(86,3,5,'de intercambio, comercio, cambio,  todo intercambio, intercambio deplataforma, el trueque de software, virtual swapmeet, los productos de intercambio,mercado de pulgas virtuales',''),(87,3,6,'Swap-, Handels-, Austausch, tauschen alles, Swapping-Plattform, Tausch-Software, virtuelle swapmeet, Swap-Produkten, virtuellen Flohmarkt\r\n',''),(88,4,5,'eSwap es una línea completa plataforma de intercambio que le permite intercambiarelementos no deseados de las cosas que usted necesita. Usted puede cambiarcualquier elemento no deseado de su casa o negocio a otros que pueden hacer uso de ellos. Usted puede vender y comprar artículos en el sitio también.\r\n',''),(89,4,6,'eSwap ist eine Online-Plattform komplett tauschen so dass Sie unerwünschte Elemente für Dinge, die Sie Tauschhandel. Sie können alle unerwünschten Elemente aus geschäftlichen oder privaten, andere, die für sie haben können Verwendung zu tauschen. Sie können kaufen und verkaufen Gegenstände von der Baustelle zu.\r\n',''),(57,20,2,'\r\n  \r\n<table border=\"0\" cellpadding=\"0\" cellspacing=\"0\">        \r\n<tbody>            \r\n<tr>                \r\n<td style=\"width:576px;height:0px;\">                    \r\n<p>                    Soit vous ou quelqu\'un a demand&eacute; de r&eacute;initialiser le mot de passe. Si vous souhaitez r&eacute;initialiser votre mot de passe s\'il vous pla&icirc;t cliquer sur le lien suivant</p>\r\n                </td>        </tr>            \r\n<tr>                \r\n<td style=\"width:576px;height:0px;\">                    \r\n<p>                    {reset_link}</p>\r\n                </td>        </tr>            \r\n<tr>                \r\n<td style=\"width:576px;height:0px;\">                    \r\n<p>                    Merci!</p>\r\n                </td>        </tr>            \r\n<tr>                \r\n<td style=\"width:576px;height:0px;\">                    \r\n<p>                    {SITE_NAME} Crew. | {SITE_URL}</p>\r\n                </td>        </tr>    </tbody></table>    \r\n<p>    &nbsp;</p>\r\n    \r\n\r\n','mot de passe Réinitialisation!'),(129,20,6,'\r\n  \r\n<table border=\"0\" cellpadding=\"0\" cellspacing=\"0\">        \r\n<tbody>            \r\n<tr>                \r\n<td style=\"width:576px;height:0px;\">                    \r\n<p>                    Entweder Sie oder jemand hat beantragt, um das Kennwort zur&uuml;ckzusetzen. Wenn Sie m&ouml;chten, um Ihr Passwort zur&uuml;ckzusetzen, klicken Sie bitte auf den folgenden Link</p>\r\n                </td>        </tr>            \r\n<tr>                \r\n<td style=\"width:576px;height:0px;\">                    \r\n<p>                    {reset_link}</p>\r\n                </td>        </tr>            \r\n<tr>                \r\n<td style=\"width:576px;height:0px;\">                    \r\n<p>                    Vielen Dank</p>\r\n                </td>        </tr>            \r\n<tr>                \r\n<td style=\"width:576px;height:0px;\">                    \r\n<p>                    {SITE_NAME} Crew.&nbsp;{SITE_URL}</p>\r\n                </td>        </tr>    </tbody></table>    \r\n<p>    &nbsp;</p>\r\n    \r\n\r\n','Zurücksetzen des Passworts!'),(58,21,2,'\r\n  \r\n<table border=\"0\" cellpadding=\"0\" cellspacing=\"0\">        \r\n<tbody>            \r\n<tr>                \r\n<td colspan=\"2\" style=\"width:576px;height:0px;\">                    \r\n<p>                    Bienvenue &agrave; {SITE_NAME} En tant que membre, vous aurez la possibilit&eacute; de publier des &eacute;l&eacute;ments sur notre site que vous n\'avez plus l\'utilisation et l\'acc&egrave;s pour afficher les &eacute;l&eacute;ments ind&eacute;sirables d&eacute;j&agrave; post&eacute;s par les membres de {SITE_NAME}. L\'objectif principal du site est d\'aider nos membres &agrave; se d&eacute;barrasser de leurs &eacute;l&eacute;ments ind&eacute;sirables et de leur permettre de trouver des biens dont ils ont besoin parmi les uns des autres pour un petit prix! Ceci est fait en permettant aux utilisateurs de n&eacute;gocier avec eux sur notre site des articles dont ils ont besoin, dans un environnement amusant et plate-forme s&eacute;curis&eacute;e. S\'il vous pla&icirc;t, n\'h&eacute;sitez pas &agrave; nous contacter au {SITE_EMAIL} avec toutes les questions, commentaires ou suggestions sur nos services uniques. Encore une fois, merci pour rejoindre notre communaut&eacute; et profiter de votre exp&eacute;rience &agrave; {SITE_URL}. &nbsp;<br />                    <strong><u>D&eacute;tails de votre compte comme suit:</u></strong></p>\r\n                </td>        </tr>            \r\n<tr>                \r\n<td style=\"width:92px;height:0px;\">                    \r\n<p>                    Nom utilisateur</p>\r\n                </td>                \r\n<td style=\"width:484px;height:0px;\">                    \r\n<p>                    {LoginName}</p>\r\n                </td>        </tr>            \r\n<tr>                \r\n<td style=\"width:92px;height:0px;\">                    \r\n<p>                    Mot de passe</p>\r\n                </td>                \r\n<td style=\"width:484px;height:0px;\">                    \r\n<p>                    {Password}</p>\r\n                </td>        </tr>            \r\n<tr>                \r\n<td colspan=\"2\" style=\"width:576px;height:0px;\">                    \r\n<p>                    Bienvenue &agrave; bord!</p>\r\n                </td>        </tr>            \r\n<tr>                \r\n<td colspan=\"2\" style=\"width:576px;height:0px;\">                    \r\n<p>                    <strong>Pourquoi payer? Lorsque vous pouvez {SITE_NAME}!</strong></p>\r\n                </td>        </tr>            \r\n<tr>                \r\n<td colspan=\"2\" style=\"width:576px;height:0px;\">                    \r\n<p>                    Merci!</p>\r\n                </td>        </tr>            \r\n<tr>                \r\n<td colspan=\"2\" style=\"width:576px;height:0px;\">                    \r\n<p>                    {SITE_NAME} Crew. | {SITE_URL}</p>\r\n                </td>        </tr>    </tbody></table>    \r\n<p>    &nbsp;</p>\r\n    \r\n\r\n','Bienvenue à {SITE_NAME}!Votre compte a été créé avec succès!'),(61,33,1,'\r\n              \r\n<table class=\"maintext2\" border=\"0\" cellpadding=\"4\" cellspacing=\"1\" width=\"100%\">                                        \r\n<tbody>          \r\n<tr bgcolor=\"#ffffff\">                                          \r\n<td colspan=\"2\" class=\"maintext2\" align=\"left\">A new user has registered with {SITE_NAME}. Given below are his details:</td>                              </tr>                                        \r\n<tr bgcolor=\"#ffffff\">                                          \r\n<td align=\"left\" width=\"22%\">User Name</td>                                          \r\n<td width=\"78%\">{var_login_name}</td>                              </tr>                                                                              \r\n<tr bgcolor=\"#ffffff\">                                          \r\n<td align=\"left\">Email</td>                                          \r\n<td>{var_email}</td>                              </tr>                                        \r\n<tr bgcolor=\"#ffffff\">                                          \r\n<td colspan=\"2\" align=\"left\">Thank You,</td>                              </tr>                                        \r\n<tr bgcolor=\"#ffffff\">                                          \r\n<td colspan=\"2\" align=\"left\">{SITE_NAME} Crew. | {SITE_URL}</td>                              </tr>                            </tbody></table>                \r\n\r\n','New Registration with {SITE_NAME}!'),(59,32,1,'\r\n                       \r\n<table class=\"maintext2\" border=\"0\" cellpadding=\"4\" cellspacing=\"1\" width=\"100%\">                                          \r\n<tbody>            \r\n<tr bgcolor=\"#ffffff\">                                            \r\n<td colspan=\"2\" class=\"maintext2\" align=\"left\">Welcome to     {SITE_NAME} As a member, you will have the capability to   post items on   our site that you no longer have use for and the access   to view   unwanted items already posted by members of {SITE_NAME}.      The main   aim of the site is to help our members get rid of their   unwanted items   and enable them to find goods that they need amongst each   other for a   small price!     This is done by allowing users to   negotiate with   each other on our site for items they need, in a fun, and   secure   platform. Please do not hesitate to contact us at {SITE_EMAIL}   with any   questions,  comments, or suggestions about our unique services.        Once again, thanks for joining our community and enjoy your   experience   at {SITE_URL}.    <b><u><br />Your account details     as follows :</u></b>  </td>                                </tr>                                            \r\n<tr bgcolor=\"#ffffff\">                                            \r\n<td align=\"left\" width=\"14%\">User Name</td>                                                \r\n<td width=\"86%\">{LoginName}</td>                                  </tr>                                          \r\n<tr bgcolor=\"#ffffff\">                                            \r\n<td align=\"left\">Password</td>                                                \r\n<td>{Password}</td>                              </tr>              \r\n<tr bgcolor=\"#ffffff\">                                            \r\n<td colspan=\"2\" align=\"left\"><b><u>Click the following     link to activate your account :</u></b></td>                                  </tr>                                          \r\n<tr bgcolor=\"#ffffff\">                                            \r\n<td colspan=\"2\" align=\"left\">{activate_link}<br /></td>                              </tr>            \r\n<tr bgcolor=\"#ffffff\">                                            \r\n<td colspan=\"2\" align=\"left\">Welcome Aboard!</td>                                  </tr>                                          \r\n<tr bgcolor=\"#ffffff\">                                            \r\n<td colspan=\"2\" align=\"left\"><b>Why Pay? When You Can     {SITE_NAME}!</b></td>                                  </tr>                                          \r\n<tr bgcolor=\"#ffffff\">                                            \r\n<td colspan=\"2\" align=\"left\">Thank You,</td>                                  </tr>                                          \r\n<tr bgcolor=\"#ffffff\">                                            \r\n<td colspan=\"2\" align=\"left\">{SITE_NAME} Crew. | {SITE_URL}<br /></td>                              </tr>                                </tbody></table>                \r\n\r\n','Welcome to {SITE_NAME}! Your account has been successfully created!'),(60,32,2,'\r\n  \r\n<table border=\"0\" cellpadding=\"0\" cellspacing=\"0\">        \r\n<tbody>            \r\n<tr>                \r\n<td colspan=\"2\" style=\"width:576px;height:0px;\">                    \r\n<p>                    Bienvenue &agrave; {SITE_NAME} En tant que membre, vous aurez la possibilit&eacute; de publier des &eacute;l&eacute;ments sur notre site que vous n\'avez plus l\'utilisation et l\'acc&egrave;s pour afficher les &eacute;l&eacute;ments ind&eacute;sirables d&eacute;j&agrave; post&eacute;s par les membres de {SITE_NAME}. L\'objectif principal du site est d\'aider nos membres &agrave; se d&eacute;barrasser de leurs &eacute;l&eacute;ments ind&eacute;sirables et de leur permettre de trouver des biens dont ils ont besoin parmi les uns des autres pour un petit prix! Ceci est fait en permettant aux utilisateurs de n&eacute;gocier avec eux sur notre site des articles dont ils ont besoin, dans un environnement amusant et plate-forme s&eacute;curis&eacute;e. S\'il vous pla&icirc;t, n\'h&eacute;sitez pas &agrave; nous contacter au {SITE_EMAIL} avec toutes les questions, commentaires ou suggestions sur nos services uniques. Encore une fois, merci pour rejoindre notre communaut&eacute; et profiter de votre exp&eacute;rience &agrave; {SITE_URL}. &nbsp;<br />                    <strong><u>D&eacute;tails de votre compte comme suit:</u></strong></p>\r\n                </td>        </tr>            \r\n<tr>                \r\n<td style=\"width:92px;height:0px;\">                    \r\n<p>                    Nom utilisateur</p>\r\n                </td>                \r\n<td style=\"width:484px;height:0px;\">                    \r\n<p>                    {LoginName}</p>\r\n                </td>        </tr>            \r\n<tr>                \r\n<td style=\"width:92px;height:0px;\">                    \r\n<p>                    Mot de passe</p>\r\n                </td>                \r\n<td style=\"width:484px;height:0px;\">                    \r\n<p>                    {Password}</p>\r\n                </td>        </tr>            \r\n<tr>                \r\n<td colspan=\"2\" style=\"width:576px;height:0px;\">                    \r\n<p>                    <strong><u>Cliquez sur le lien suivant pour activer votre compte:</u></strong></p>\r\n                </td>        </tr>            \r\n<tr>                \r\n<td colspan=\"2\" style=\"width:576px;height:0px;\">                    \r\n<p>                    {activate_link}</p>\r\n                </td>        </tr>            \r\n<tr>                \r\n<td colspan=\"2\" style=\"width:576px;height:0px;\">                    \r\n<p>                    Bienvenue &agrave; bord!</p>\r\n                </td>        </tr>            \r\n<tr>                \r\n<td colspan=\"2\" style=\"width:576px;height:0px;\">                    \r\n<p>                    <strong>Pourquoi payer? Lorsque vous pouvez {SITE_NAME}!</strong></p>\r\n                </td>        </tr>            \r\n<tr>                \r\n<td colspan=\"2\" style=\"width:576px;height:0px;\">                    \r\n<p>                    Merci!</p>\r\n                </td>        </tr>            \r\n<tr>                \r\n<td colspan=\"2\" style=\"width:576px;height:0px;\">                    \r\n<p>                    {SITE_NAME} Crew. | {SITE_URL}</p>\r\n                </td>        </tr>    </tbody></table>    \r\n<p>    &nbsp;</p>\r\n    \r\n\r\n','Bienvenue à {SITE_NAME}!Votre compte a été créé avec succès!'),(148,32,5,'<table border=\"0\" cellpadding=\"4\" cellspacing=\"0\" width=\"586\">    <colgroup>        <col>        <col>    </colgroup>    \r\n<tbody>        \r\n<tr>            \r\n<td colspan=\"2\">                \r\n<p>                    Bienvenido a<u> </u>{SITE_NAME}. Como miembro, usted tendra la capacidad de publicar en nuestro sitio articulos que usted ya no tiene uso. Tambien, usted tendra acceso para ver los articulos ya publicados por otros miembros de {SITE_NAME}. El principal objectivo del sitio es aydar a nuestros miembros de deshacerse de los articulos que ustedes no deseas y luego encontrar articulos que necesitas aunque, para un peque&ntilde;o precio.Esto se hace pemitiendo a los usuarios negociar para los articulos que necesitan con los demas de una manera segura y divertida atraves de nustro sitio. Por favor, no dude en conctactar con nosotros en {SITE_EMAIL} con cualquier pregunta, comentario o sugerencia acerca de nueatros dervicios unicos. Una vez mas, gracias por unirse a nuestra comunidad y disfrute de su experiencia en {SITE_NAME}.</p>\r\n                \r\n<p>                    &nbsp;</p>\r\n                \r\n<p>                    <u><strong>Detalle de su cuenta :</strong></u></p>\r\n            </td>        </tr>        \r\n<tr>            \r\n<td>                \r\n<p>                    Nombre de usuario</p>\r\n            </td>            \r\n<td>                \r\n<p>                    {LoginName}</p>\r\n            </td>        </tr>        \r\n<tr>            \r\n<td>                \r\n<p>                    Contrasena</p>\r\n            </td>            \r\n<td>                \r\n<p>                    {Password}</p>\r\n            </td>        </tr>        \r\n<tr>            \r\n<td colspan=\"2\">                \r\n<p>                    Bienveniso a bordo!</p>\r\n            </td>        </tr>        \r\n<tr>            \r\n<td colspan=\"2\">                \r\n<p>                    <strong>Porque pagar quando se puede &iexcl;{SITE_NAME}!</strong></p>\r\n            </td>        </tr>        \r\n<tr>            \r\n<td colspan=\"2\">                \r\n<p>                    Gracias,</p>\r\n            </td>        </tr>        \r\n<tr>            \r\n<td colspan=\"2\">                \r\n<p>                    {SITE_NAME} Tripulacion. | {SITE_URL}</p>\r\n            </td>        </tr>    </tbody></table>\r\n<p>    &nbsp;</p>','Bienvenido a {SITE_NAME}! Su cuenta ha sido creada con éxito! '),(62,33,2,'\r\n              \r\n<table border=\"0\" cellpadding=\"0\" cellspacing=\"0\">              \r\n<tbody>                  \r\n<tr>                      \r\n<td colspan=\"3\" style=\"width:576px;height:0px;\">                          \r\n<p>                    Un nouvel utilisateur s\'est   enregistr&eacute; avec {SITE_NAME}. Ci-dessous sont ses   coordonn&eacute;es:</p>\r\n                      </td>        </tr>                  \r\n<tr>                      \r\n<td style=\"width:134px;height:0px;\">                          \r\n<p>                    Nom utilisateur</p>\r\n                      </td>                      \r\n<td style=\"width:438px;height:0px;\">                          \r\n<p>                    {var_login_name}</p>\r\n                      </td>                      \r\n<td style=\"width:3px;height:0px;\">                          \r\n<p>                    &nbsp;</p>\r\n                      </td>        </tr>                                  \r\n<tr>                      \r\n<td style=\"width:134px;height:0px;\">                          \r\n<p>                    E-mail</p>\r\n                      </td>                      \r\n<td style=\"width:438px;height:0px;\">                          \r\n<p>                    {var_email}</p>\r\n                      </td>                      \r\n<td style=\"width:3px;height:0px;\">                          \r\n<p>                    &nbsp;</p>\r\n                      </td>        </tr>                  \r\n<tr>                      \r\n<td colspan=\"3\" style=\"width:576px;height:0px;\">                          \r\n<p>                    Merci!</p>\r\n                      </td>        </tr>                  \r\n<tr>                      \r\n<td colspan=\"3\" style=\"width:576px;height:0px;\">                          \r\n<p>                    {SITE_NAME} Crew. | {SITE_URL}</p>\r\n                      </td>        </tr>      </tbody></table>          \r\n<p>    &nbsp;</p>\r\n                      \r\n\r\n','Nouvelle inscription avec {SITE_NAME}!'),(150,33,5,'<table border=\"0\" cellpadding=\"4\" cellspacing=\"0\" width=\"586\">    <colgroup>        <col>        <col>    </colgroup>    \r\n<tbody>        \r\n<tr>            \r\n<td colspan=\"2\">                \r\n<p>                    Un Nuevo usuario se ha registrado en {SITE_NAME}. A continuacion se presentan los detalles:</p>\r\n            </td>        </tr>        \r\n<tr>            \r\n<td>                \r\n<p>                    Nombre de usuario</p>\r\n            </td>            \r\n<td>                \r\n<p>                    {var_login_name}</p>\r\n            </td>        </tr>        \r\n<tr>            \r\n<td>                \r\n<p>                    Apellido</p>\r\n            </td>            \r\n<td>                \r\n<p>                    {var_first_name}</p>\r\n            </td>        </tr>        \r\n<tr>            \r\n<td>                \r\n<p>                    Dir. de correo electronica</p>\r\n            </td>            \r\n<td>                \r\n<p>                    {var_email}</p>\r\n            </td>        </tr>        \r\n<tr>            \r\n<td colspan=\"2\">                \r\n<p>                    Gracias,</p>\r\n            </td>        </tr>        \r\n<tr>            \r\n<td colspan=\"2\">                \r\n<p>                    {SITE_NAME} Tripulacion. | {SITE_URL}</p>\r\n            </td>        </tr>    </tbody></table>\r\n<p>    &nbsp;</p>','Nuevo registro con {SITE_NAME}!'),(133,23,6,'\r\n  \r\n<table border=\"0\" cellpadding=\"0\" cellspacing=\"0\">        \r\n<tbody>            \r\n<tr>                \r\n<td style=\"width:576px;height:0px;\">                    \r\n<p>                    Ihr Passwort wurde zur&uuml;ckgesetzt. Ihr neues Passwort ist &nbsp; <strong>{</strong><strong>newpass</strong><strong>}</strong> &nbsp; Bitte benutzen Sie das neue Passwort um sich einzuloggen.</p>\r\n                </td>        </tr>            \r\n<tr>                \r\n<td style=\"width:576px;height:0px;\">                    \r\n<p>                    Vielen Dank</p>\r\n                </td>        </tr>            \r\n<tr>                \r\n<td style=\"width:576px;height:0px;\">                    \r\n<p>                    {SITE_NAME} Crew.&nbsp;{SITE_URL}</p>\r\n                </td>        </tr>    </tbody></table>    \r\n<p>    &nbsp;</p>\r\n    \r\n\r\n','Passwort zurücksetzen'),(63,24,2,'\r\n<table border=\"0\" cellpadding=\"0\" cellspacing=\"0\">      \r\n<tbody>          \r\n<tr>              \r\n<td style=\"width:232px;height:0px;\">                  \r\n<p>                    {comments}</p>\r\n              </td>              \r\n<td style=\"width:341px;height:0px;\">                  \r\n<p>                    &nbsp;</p>\r\n              </td>              \r\n<td style=\"width:3px;height:0px;\">                  \r\n<p>                    &nbsp;</p>\r\n              </td>        </tr>          \r\n<tr>              \r\n<td style=\"width:232px;height:0px;\">                  \r\n<p>                    Cliquez sur l\'adresse Internet suivante ou copiez et collez-le dans la bo&icirc;te d\'adresse de votre navigateur.</p>\r\n              </td>              \r\n<td style=\"width:341px;height:0px;\">                  \r\n<p>                    &nbsp;</p>\r\n              </td>              \r\n<td style=\"width:3px;height:0px;\">                  \r\n<p>                    &nbsp;</p>\r\n              </td>        </tr>          \r\n<tr>              \r\n<td style=\"width:232px;height:0px;\">                  \r\n<p>                    S\'il vous pla&icirc;t visitez {SITE_URL}</p>\r\n              </td>              \r\n<td style=\"width:341px;height:0px;\">                  \r\n<p>                    &nbsp;</p>\r\n              </td>              \r\n<td style=\"width:3px;height:0px;\">                  \r\n<p>                    &nbsp;</p>\r\n              </td>        </tr>          \r\n<tr>              \r\n<td style=\"width:232px;height:0px;\">                  \r\n<p>                    Merci!</p>\r\n              </td>              \r\n<td style=\"width:341px;height:0px;\">                  \r\n<p>                    &nbsp;</p>\r\n              </td>              \r\n<td style=\"width:3px;height:0px;\">                  \r\n<p>                    &nbsp;</p>\r\n              </td>        </tr>          \r\n<tr>              \r\n<td colspan=\"3\" style=\"width:576px;height:0px;\">                  \r\n<p>                    Le {SITE_NAME} Equipage | {SITE_URL}</p>\r\n              </td>        </tr>    </tbody></table>  \r\n<p>    &nbsp;</p>\r\n\r\n','Je recommande ce site!'),(124,18,5,'<table border=\"0\" cellpadding=\"4\" cellspacing=\"0\" width=\"586\">    <colgroup>        <col>        <col>    </colgroup>    \r\n<tbody>        \r\n<tr>            \r\n<td colspan=\"2\">                \r\n<p>                    Nuevo comentario de {txtName}</p>\r\n            </td>        </tr>        \r\n<tr>            \r\n<td>                \r\n<p>                    &nbsp;</p>\r\n            </td>            \r\n<td>                \r\n<p>                    &nbsp;</p>\r\n            </td>        </tr>        \r\n<tr>            \r\n<td>                \r\n<p>                    Nombre:</p>\r\n            </td>            \r\n<td>                \r\n<p>                    {txtName}</p>\r\n            </td>        </tr>        \r\n<tr>            \r\n<td>                \r\n<p>                    Email:</p>\r\n            </td>            \r\n<td>                \r\n<p>                    {txtEmail}</p>\r\n            </td>        </tr>        \r\n<tr>            \r\n<td>                \r\n<p>                    Direccion</p>\r\n            </td>            \r\n<td>                \r\n<p>                    {txtAddress}</p>\r\n            </td>        </tr>        \r\n<tr>            \r\n<td>                \r\n<p>                    Telefono</p>\r\n            </td>            \r\n<td>                \r\n<p>                    {txtPhone}</p>\r\n            </td>        </tr>        \r\n<tr>            \r\n<td>                \r\n<p>                    Comentario</p>\r\n            </td>            \r\n<td>                \r\n<p>                    {txtMsg}</p>\r\n            </td>        </tr>        \r\n<tr>            \r\n<td>                \r\n<p>                    &nbsp;</p>\r\n            </td>            \r\n<td>                \r\n<p>                    &nbsp;</p>\r\n            </td>        </tr>        \r\n<tr>            \r\n<td colspan=\"2\">                \r\n<p>                    Gracias,</p>\r\n            </td>        </tr>        \r\n<tr>            \r\n<td colspan=\"2\">                \r\n<p>                    {SITE_NAME} Tripulacion. | {SITE_URL}</p>\r\n            </td>        </tr>    </tbody></table>\r\n<p>    &nbsp;</p>','Nuevo comentario de {txtName}!'),(82,1,5,'intercambio de todo',''),(83,1,6,'Swap alles',''),(128,20,5,'<table border=\"0\" cellpadding=\"4\" cellspacing=\"0\" width=\"586\">    <colgroup>        <col>    </colgroup>    \r\n<tbody>        \r\n<tr>            \r\n<td>                \r\n<p>                    Usted o alguien ha solicitado restablecer la contrasena. Si desea restablecer su contrasena, haga clicen el siguente enlace</p>\r\n            </td>        </tr>        \r\n<tr>            \r\n<td>                \r\n<p>                    {reset_link}</p>\r\n            </td>        </tr>        \r\n<tr>            \r\n<td>                \r\n<p>                    Gracias,</p>\r\n            </td>        </tr>        \r\n<tr>            \r\n<td>                \r\n<p>                    {SITE_NAME} Tripulacion. | {SITE_URL}</p>\r\n            </td>        </tr>    </tbody></table>\r\n<p>    &nbsp;</p>','Restablecimientos de la contrasena!'),(132,23,5,'<table border=\"0\" cellpadding=\"4\" cellspacing=\"0\" width=\"586\">    <colgroup>        <col>    </colgroup>    \r\n<tbody>        \r\n<tr>            \r\n<td>                \r\n<p>                    Su contrasena se ha restablecido. Su nueva contrasena es <strong>{newpass}.</strong> Por favor usa la nueva contrasena para ingresar.</p>\r\n            </td>        </tr>        \r\n<tr>            \r\n<td>                \r\n<p>                    Gracias</p>\r\n            </td>        </tr>        \r\n<tr>            \r\n<td>                \r\n<p>                    {SITE_NAME} Tripulacion. | {SITE_URL}</p>\r\n            </td>        </tr>    </tbody></table>\r\n<p>    &nbsp;</p>','Perdi mi clave'),(64,27,2,'\r\n  \r\n<table border=\"0\" cellpadding=\"0\" cellspacing=\"0\">        \r\n<tbody>            \r\n<tr>                \r\n<td style=\"width:576px;height:0px;\">                    \r\n<p>                    Le plan de souscription annul&eacute;e par la suite de {username}. D&eacute;tails du plan sont les suivants: Plan: {planname} Type de paiement: {ptype}</p>\r\n                </td>        </tr>            \r\n<tr>                \r\n<td style=\"width:576px;height:0px;\">                    \r\n<p>                    Merci!</p>\r\n                </td>        </tr>            \r\n<tr>                \r\n<td style=\"width:576px;height:0px;\">                    \r\n<p>                    {SITE_NAME} Crew. | {SITE_URL}</p>\r\n                </td>        </tr>    </tbody></table>    \r\n<p>    &nbsp;</p>\r\n    \r\n\r\n','plan Abonnement annulée sur {SITE_NAME}'),(140,27,5,'<table border=\"0\" cellpadding=\"4\" cellspacing=\"0\" width=\"586\">    <colgroup>        <col>    </colgroup>    \r\n<tbody>        \r\n<tr>            \r\n<td>                \r\n<p>                    El siguente plan de subscripcion a sido cancelado por {username}. Los detalles del plan son los siguentes: Nombre del plan; {planname}. Tipo de pago {ptype}</p>\r\n            </td>        </tr>        \r\n<tr>            \r\n<td>                \r\n<p>                    Gracias,</p>\r\n            </td>        </tr>        \r\n<tr>            \r\n<td>                \r\n<p>                    {SITE_NAME} Tripulacion. | {SITE_URL}</p>\r\n            </td>        </tr>    </tbody></table>\r\n<p>    &nbsp;</p>','el plan de subcripcion a sido cancelado en {SITE_NAME}'),(141,27,6,'\r\n  \r\n<table border=\"0\" cellpadding=\"0\" cellspacing=\"0\">        \r\n<tbody>            \r\n<tr>                \r\n<td style=\"width:576px;height:0px;\">                    \r\n<p>                    Folgende Abo von der {username} abgebrochen. Plan-Details sind wie folgt: Plan: {planname} Payment Type: {ptype}</p>\r\n                </td>        </tr>            \r\n<tr>                \r\n<td style=\"width:576px;height:0px;\">                    \r\n<p>                    Vielen Dank</p>\r\n                </td>        </tr>            \r\n<tr>                \r\n<td style=\"width:576px;height:0px;\">                    \r\n<p>                    {SITE_NAME} Crew.&nbsp;{SITE_URL}</p>\r\n                </td>        </tr>    </tbody></table>    \r\n<p>    &nbsp;</p>\r\n    \r\n\r\n','Abonnement-Plan auf {SITE_NAME} abgebrochen'),(65,28,2,'\r\n  \r\n<table border=\"0\" cellpadding=\"0\" cellspacing=\"0\">        \r\n<tbody>            \r\n<tr>                \r\n<td style=\"width:576px;height:0px;\">                    \r\n<p>                    Votre compte avec {SITE_NAME} expirera dans 5 jours. S\'il vous pla&icirc;t {url} cliquez ici {url_end} de renouveler votre compte.</p>\r\n                </td>        </tr>            \r\n<tr>                \r\n<td style=\"width:576px;height:0px;\">                    \r\n<p>                    Merci!</p>\r\n                </td>        </tr>            \r\n<tr>                \r\n<td style=\"width:576px;height:0px;\">                    \r\n<p>                    Le {SITE_NAME} Crew. | {SITE_URL}</p>\r\n                </td>        </tr>    </tbody></table>    \r\n<p>    &nbsp;</p>\r\n    \r\n\r\n','Votre compte avec {SITE_NAME} va expirer!'),(142,28,5,'<table border=\"0\" cellpadding=\"4\" cellspacing=\"0\" width=\"586\">    <colgroup>        <col>    </colgroup>    \r\n<tbody>        \r\n<tr>            \r\n<td>                \r\n<p>                    Su cuenta con {SITE_NAME}&nbsp; vencera dentro dentro de 5 dias. Por favor {url}haz clic aqui {url_end} para renovar su cuenta.</p>\r\n            </td>        </tr>        \r\n<tr>            \r\n<td>                \r\n<p>                    Gracias,</p>\r\n            </td>        </tr>        \r\n<tr>            \r\n<td>                \r\n<p>                    El {SITE_NAME} Tripulacion. | {SITE_URL}</p>\r\n            </td>        </tr>    </tbody></table>\r\n<p>    &nbsp;</p>','Su cuenta con {site_name} va a caducar!!!'),(143,28,6,'\r\n  \r\n<table border=\"0\" cellpadding=\"0\" cellspacing=\"0\">        \r\n<tbody>            \r\n<tr>                \r\n<td style=\"width:576px;height:0px;\">                    \r\n<p>                    Ihr Konto mit {SITE_NAME} wird in 5 Tagen auslaufen. Bitte {url} hier klicken {url_end}, um Ihr Konto zu erneuern.</p>\r\n                </td>        </tr>            \r\n<tr>                \r\n<td style=\"width:576px;height:0px;\">                    \r\n<p>                    Vielen Dank</p>\r\n                </td>        </tr>            \r\n<tr>                \r\n<td style=\"width:576px;height:0px;\">                    \r\n<p>                    Die {SITE_NAME} Crew.&nbsp;{SITE_URL}</p>\r\n                </td>        </tr>    </tbody></table>    \r\n<p>    &nbsp;</p>\r\n    \r\n\r\n','Ihre Rechnung mit {SITE_NAME} wird zu verfallen!'),(66,29,2,'\r\n      \r\n<table border=\"0\" cellpadding=\"0\" cellspacing=\"0\">          \r\n<tbody>              \r\n<tr>                  \r\n<td colspan=\"2\" style=\"width:576px;height:0px;\">                      \r\n<p>                    Merci pour votre achat {point_name} en utilisant {payment_type}. Votre compte est rempli avec {point_val}. S\'il vous pla&icirc;t utiliser ces points pour vendre, &eacute;changer, acheter des objets dans {SITE_NAME}</p>\r\n                  </td>        </tr>              \r\n<tr>                  \r\n<td style=\"width:92px;height:0px;\">                      \r\n<p>                    Nom utilisateur</p>\r\n                  </td>                  \r\n<td style=\"width:484px;height:0px;\">                      \r\n<p>                    {guserFName}</p>\r\n                  </td>        </tr>              \r\n<tr>                  \r\n<td style=\"width:92px;height:0px;\">                      \r\n<p>                    Modes de paiement</p>\r\n                  </td>                  \r\n<td style=\"width:484px;height:0px;\">                      \r\n<p>                    {payment_type}</p>\r\n                  </td>        </tr>              \r\n<tr>                  \r\n<td style=\"width:92px;height:0px;\">                      \r\n<p>                    Date de paiement</p>\r\n                  </td>                  \r\n<td style=\"width:484px;height:0px;\">                      \r\n<p>                    {date}</p>\r\n                  </td>        </tr>              \r\n<tr>                  \r\n<td style=\"width:92px;height:0px;\">                      \r\n<p>                    Montant Total</p>\r\n                  </td>                  \r\n<td style=\"width:484px;height:0px;\">                      \r\n<p>                    {sess_PointAmount}</p>\r\n                  </td>        </tr>              \r\n<tr>                  \r\n<td colspan=\"2\" style=\"width:576px;height:0px;\">                      \r\n<p>                    Merci!</p>\r\n                  </td>        </tr>              \r\n<tr>                  \r\n<td colspan=\"2\" style=\"width:576px;height:0px;\">                      \r\n<p>                    {SITE_NAME} Crew. | {SITE_URL}</p>\r\n                  </td>        </tr>    </tbody></table>      \r\n<p>    &nbsp;</p>\r\n          \r\n\r\n','{POINT_NAME} Détails acheté'),(67,34,1,'\r\n                  \r\n<table class=\"maintext2\" border=\"0\" cellpadding=\"4\" cellspacing=\"1\" width=\"100%\">                                            \r\n<tbody>          \r\n<tr bgcolor=\"#ffffff\">                                              \r\n<td colspan=\"2\" class=\"maintext2\" align=\"left\">A new {POINT_NAME} has purchased by {guserFName}. Given below are purchased details:</td>                                  </tr>                                              \r\n<tr bgcolor=\"#ffffff\">                                              \r\n<td align=\"left\" width=\"14%\">User Name</td>                                                \r\n<td width=\"86%\">{guserFName}</td>                                    </tr>                                             \r\n<tr bgcolor=\"#ffffff\">                                              \r\n<td align=\"left\" width=\"14%\">Payment Method</td>                                                \r\n<td width=\"86%\">{payment_type}</td>                                    </tr>                                            \r\n<tr bgcolor=\"#ffffff\">                                              \r\n<td align=\"left\" width=\"14%\">Payment Date</td>                                                \r\n<td width=\"86%\">{date}</td>                                    </tr>                                            \r\n<tr bgcolor=\"#ffffff\">                                              \r\n<td align=\"left\">Total Amount</td>                                                \r\n<td>{sess_PointAmount}</td>                                    </tr>          \r\n<tr bgcolor=\"#ffffff\">                                              \r\n<td colspan=\"2\" align=\"left\">Thank You,</td>                                    </tr>                                            \r\n<tr bgcolor=\"#ffffff\">                                              \r\n<td colspan=\"2\" align=\"left\">{SITE_NAME} Crew. |   {SITE_URL}</td>                                  </tr>                                  </tbody></table>            \r\n\r\n','{POINT_NAME} purchased details'),(68,34,2,'\r\n  \r\n<table border=\"0\" cellpadding=\"0\" cellspacing=\"0\">        \r\n<tbody>            \r\n<tr>                \r\n<td colspan=\"2\" style=\"width:576px;height:0px;\">                    \r\n<p>                    Un nouveau {POINT_NAME} a achet&eacute; par {guserFName}. Ci-dessous sont les d&eacute;tails achet&eacute;:</p>\r\n                </td>        </tr>            \r\n<tr>                \r\n<td style=\"width:92px;height:0px;\">                    \r\n<p>                    Nom utilisateur</p>\r\n                </td>                \r\n<td style=\"width:484px;height:0px;\">                    \r\n<p>                    {guserFName}</p>\r\n                </td>        </tr>            \r\n<tr>                \r\n<td style=\"width:92px;height:0px;\">                    \r\n<p>                    Modes de paiement</p>\r\n                </td>                \r\n<td style=\"width:484px;height:0px;\">                    \r\n<p>                    {payment_type}</p>\r\n                </td>        </tr>            \r\n<tr>                \r\n<td style=\"width:92px;height:0px;\">                    \r\n<p>                    Date de paiement</p>\r\n                </td>                \r\n<td style=\"width:484px;height:0px;\">                    \r\n<p>                    {date}</p>\r\n                </td>        </tr>            \r\n<tr>                \r\n<td style=\"width:92px;height:0px;\">                    \r\n<p>                    Montant Total</p>\r\n                </td>                \r\n<td style=\"width:484px;height:0px;\">                    \r\n<p>                    {sess_PointAmount}</p>\r\n                </td>        </tr>            \r\n<tr>                \r\n<td colspan=\"2\" style=\"width:576px;height:0px;\">                    \r\n<p>                    Merci!</p>\r\n                </td>        </tr>            \r\n<tr>                \r\n<td colspan=\"2\" style=\"width:576px;height:0px;\">                    \r\n<p>                    {SITE_NAME} Crew. | {SITE_URL}</p>\r\n                </td>        </tr>    </tbody></table>    \r\n<p>    &nbsp;</p>\r\n    \r\n\r\n','{POINT_NAME} Détails acheté'),(153,34,6,'\r\n  \r\n<table border=\"0\" cellpadding=\"0\" cellspacing=\"0\">        \r\n<tbody>            \r\n<tr>                \r\n<td colspan=\"2\" style=\"width:576px;height:0px;\">                    \r\n<p>                    Eine neue {POINT_NAME} wurde von {guserFName} gekauft. Da unten sind erh&auml;ltlich Details:</p>\r\n                </td>        </tr>            \r\n<tr>                \r\n<td style=\"width:161px;height:0px;\">                    \r\n<p>                    Benutzername</p>\r\n                </td>                \r\n<td style=\"width:415px;height:0px;\">                    \r\n<p>                    {guserFName}</p>\r\n                </td>        </tr>            \r\n<tr>                \r\n<td style=\"width:161px;height:0px;\">                    \r\n<p>                    Zahlungsmethode</p>\r\n                </td>                \r\n<td style=\"width:415px;height:0px;\">                    \r\n<p>                    {payment_type}</p>\r\n                </td>        </tr>            \r\n<tr>                \r\n<td style=\"width:161px;height:0px;\">                    \r\n<p>                    Zahltag</p>\r\n                </td>                \r\n<td style=\"width:415px;height:0px;\">                    \r\n<p>                    {date}</p>\r\n                </td>        </tr>            \r\n<tr>                \r\n<td style=\"width:161px;height:0px;\">                    \r\n<p>                    Gesamtbetrag</p>\r\n                </td>                \r\n<td style=\"width:415px;height:0px;\">                    \r\n<p>                    {sess_PointAmount}</p>\r\n                </td>        </tr>            \r\n<tr>                \r\n<td colspan=\"2\" style=\"width:576px;height:0px;\">                    \r\n<p>                    Vielen Dank</p>\r\n                </td>        </tr>            \r\n<tr>                \r\n<td colspan=\"2\" style=\"width:576px;height:0px;\">                    \r\n<p>                    {SITE_NAME} Crew.&nbsp;{SITE_URL}</p>\r\n                </td>        </tr>    </tbody></table>    \r\n<p>    &nbsp;</p>\r\n    \r\n\r\n','{POINT_NAME} gekauft Details'),(144,29,5,'<table border=\"0\" cellpadding=\"4\" cellspacing=\"0\" width=\"586\">    <colgroup>        <col>        <col>    </colgroup>    \r\n<tbody>        \r\n<tr>            \r\n<td colspan=\"2\">                \r\n<p>                    Gracias por la compra {point_name} usando {payment_type}. Su cuenta se vuelve a llenar con {point_val}. Por favor utilice estos punctos valiosos para vender, baratar, comprar articulos en {SITE_NAME}</p>\r\n            </td>        </tr>        \r\n<tr>            \r\n<td>                \r\n<p>                    Nombre de usuario</p>\r\n            </td>            \r\n<td>                \r\n<p>                    {guserFName}</p>\r\n            </td>        </tr>        \r\n<tr>            \r\n<td>                \r\n<p>                    Forma de pago</p>\r\n            </td>            \r\n<td>                \r\n<p>                    {payment_type}</p>\r\n            </td>        </tr>        \r\n<tr>            \r\n<td>                \r\n<p>                    Fecha de pago</p>\r\n            </td>            \r\n<td>                \r\n<p>                    {date}</p>\r\n            </td>        </tr>        \r\n<tr>            \r\n<td>                \r\n<p>                    Monto total</p>\r\n            </td>            \r\n<td>                \r\n<p>                    {sess_PointAmount}</p>\r\n            </td>        </tr>        \r\n<tr>            \r\n<td colspan=\"2\">                \r\n<p>                    Gracias,</p>\r\n            </td>        </tr>        \r\n<tr>            \r\n<td colspan=\"2\">                \r\n<p>                    {SITE_NAME} Tripulacion. | {SITE_URL}</p>\r\n            </td>        </tr>    </tbody></table>\r\n<p>    &nbsp;</p>','{POINT_NAME} Detalles de la compra'),(152,34,5,'<table border=\"0\" cellpadding=\"4\" cellspacing=\"0\" width=\"586\">    <colgroup>        <col width=\"75\">        <col width=\"495\">    </colgroup>    \r\n<tbody>        \r\n<tr>            \r\n<td colspan=\"2\" bgcolor=\"#ffffff\" width=\"578\">                \r\n<p>                    <span lang=\"es-ES\">Nuevos puntos de valor </span>{POINT_NAME}han sido comprador por {guserFName}.<span lang=\"es-ES\"> A continuaci&oacute;n puede encontrar los detalles de la compra:</span></p>\r\n            </td>        </tr>        \r\n<tr>            \r\n<td bgcolor=\"#ffffff\" width=\"75\">                \r\n<p lang=\"es-ES\">                    Nombre de usuario</p>\r\n            </td>            \r\n<td bgcolor=\"#ffffff\" width=\"495\">                \r\n<p lang=\"es-ES\">                    {guserFName}</p>\r\n            </td>        </tr>        \r\n<tr>            \r\n<td bgcolor=\"#ffffff\" width=\"75\">                \r\n<p lang=\"es-ES\">                    Forma de pago</p>\r\n            </td>            \r\n<td bgcolor=\"#ffffff\" width=\"495\">                \r\n<p lang=\"es-ES\">                    {payment_type}</p>\r\n            </td>        </tr>        \r\n<tr>            \r\n<td bgcolor=\"#ffffff\" width=\"75\">                \r\n<p lang=\"es-ES\">                    Fecha de pago</p>\r\n            </td>            \r\n<td bgcolor=\"#ffffff\" width=\"495\">                \r\n<p lang=\"es-ES\">                    {date}</p>\r\n            </td>        </tr>        \r\n<tr>            \r\n<td bgcolor=\"#ffffff\" width=\"75\">                \r\n<p lang=\"es-ES\">                    Monto total</p>\r\n            </td>            \r\n<td bgcolor=\"#ffffff\" width=\"495\">                \r\n<p lang=\"es-ES\">                    {sess_PointAmount}</p>\r\n            </td>        </tr>        \r\n<tr>            \r\n<td colspan=\"2\" bgcolor=\"#ffffff\" width=\"578\">                \r\n<p lang=\"es-ES\">                    Gracias,</p>\r\n            </td>        </tr>        \r\n<tr>            \r\n<td colspan=\"2\" bgcolor=\"#ffffff\" width=\"578\">                \r\n<p>                    <span lang=\"es-ES\">{SITE_NAME} Tripulacion. | {SITE_URL}</span></p>\r\n            </td>        </tr>    </tbody></table>\r\n<p>    &nbsp;</p>','{POINT_NAME} Detalles de la compra'),(69,30,2,'\r\n<table border=\"0\" cellpadding=\"0\" cellspacing=\"0\">      \r\n<tbody>          \r\n<tr>              \r\n<td colspan=\"2\" style=\"width:576px;height:0px;\">                  \r\n<p>                    Merci &nbsp; payer &nbsp; transaction. &nbsp;Votre &nbsp; des points &nbsp; a &nbsp; &eacute;t&eacute; ajout&eacute; &agrave; votre &nbsp; compte de</p>\r\n              </td>        </tr>          \r\n<tr>              \r\n<td style=\"width:104px;height:0px;\">                  \r\n<p>                    Nom utilisateur<br />                    &nbsp;</p>\r\n              </td>              \r\n<td style=\"width:472px;height:0px;\">                  \r\n<p>                    &nbsp; {guserFName}</p>\r\n              </td>        </tr>          \r\n<tr>              \r\n<td style=\"width:104px;height:0px;\">                  \r\n<p>                    Modes de paiement<br />                    &nbsp;</p>\r\n              </td>              \r\n<td style=\"width:472px;height:0px;\">                  \r\n<p>                    {payment_type}</p>\r\n              </td>        </tr>          \r\n<tr>              \r\n<td style=\"width:104px;height:0px;\">                  \r\n<p>                    Date de la transaction<br />                    &nbsp;</p>\r\n              </td>              \r\n<td style=\"width:472px;height:0px;\">                  \r\n<p>                    {date}</p>\r\n              </td>        </tr>          \r\n<tr>              \r\n<td style=\"width:104px;height:0px;\">                  \r\n<p>                    Montant Ttal<br />                    &nbsp;</p>\r\n              </td>              \r\n<td style=\"width:472px;height:0px;\">                  \r\n<p>                    {sess_PointAmount}</p>\r\n              </td>        </tr>          \r\n<tr>              \r\n<td colspan=\"2\" style=\"width:576px;height:0px;\">                  \r\n<p>                    Merci!</p>\r\n              </td>        </tr>          \r\n<tr>              \r\n<td colspan=\"2\" style=\"width:576px;height:0px;\">                  \r\n<p>                    {SITE_NAME} Equipage | {SITE_URL}</p>\r\n              </td>        </tr>    </tbody></table>  \r\n<p>    &nbsp;</p>\r\n\r\n','{POINT_NAME} Détails acheté'),(146,30,5,'<table border=\"0\" cellpadding=\"4\" cellspacing=\"0\" width=\"586\">    <colgroup>        <col>        <col>    </colgroup>    \r\n<tbody>        \r\n<tr>            \r\n<td colspan=\"2\">                \r\n<p>                    Gracias por la compra. Su cuenta se vuelve a llenar con puntos con valor.</p>\r\n            </td>        </tr>        \r\n<tr>            \r\n<td>                \r\n<p>                    Nombre de usuario</p>\r\n            </td>            \r\n<td>                \r\n<p>                    {guserFName}</p>\r\n            </td>        </tr>        \r\n<tr>            \r\n<td>                \r\n<p>                    Forma de pago</p>\r\n            </td>            \r\n<td>                \r\n<p>                    {payment_type}</p>\r\n            </td>        </tr>        \r\n<tr>            \r\n<td>                \r\n<p>                    Fecha de pago</p>\r\n            </td>            \r\n<td>                \r\n<p>                    {date}</p>\r\n            </td>        </tr>        \r\n<tr>            \r\n<td>                \r\n<p>                    Monto total</p>\r\n            </td>            \r\n<td>                \r\n<p>                    {sess_PointAmount}</p>\r\n            </td>        </tr>        \r\n<tr>            \r\n<td colspan=\"2\">                \r\n<p>                    Gracias,</p>\r\n            </td>        </tr>        \r\n<tr>            \r\n<td colspan=\"2\">                \r\n<p>                    {SITE_NAME} Tripulacion. | {SITE_URL}</p>\r\n            </td>        </tr>    </tbody></table>\r\n<p>    &nbsp;</p>','{POINT_NAME} Detalles de la compra'),(70,35,1,'\r\n                      \r\n<table class=\"maintext2\" border=\"0\" cellpadding=\"4\" cellspacing=\"1\" width=\"100%\">                                                  \r\n<tbody>                \r\n<tr bgcolor=\"#ffffff\">                                                    \r\n<td colspan=\"2\" class=\"maintext2\" align=\"left\">The following user has been purchased points in {SITE_NAME}</td>                                    </tr>                                                  \r\n<tr bgcolor=\"#ffffff\">                                                    \r\n<td align=\"left\" width=\"14%\">User Name</td>                                                      \r\n<td width=\"86%\">&nbsp;{guserFName}</td>                                    </tr>                                                   \r\n<tr bgcolor=\"#ffffff\">                                                    \r\n<td align=\"left\" width=\"14%\"><span id=\"result_box\" class=\"short_text\" lang=\"fr\"><span title=\"Click for alternate   translations\" class=\"hps\">Payment Method<br /></span></span></td>                                                      \r\n<td width=\"86%\">{payment_type}<br /></td>                                    </tr>                                                  \r\n<tr bgcolor=\"#ffffff\">                                                    \r\n<td align=\"left\" width=\"14%\"><span id=\"result_box\" class=\"short_text\" lang=\"fr\"><span title=\"Click for alternate   translations\" class=\"hps\">Date of transaction<br /></span></span></td>                                                      \r\n<td width=\"86%\">{date}<br /></td>                                    </tr>                                                  \r\n<tr bgcolor=\"#ffffff\">                                                    \r\n<td align=\"left\"><span id=\"result_box\" class=\"short_text\" lang=\"fr\"><span title=\"Click for alternate translations\" class=\"hps\">Total Amount<br /></span></span></td>                                                      \r\n<td>{sess_PointAmount}</td></tr>                                            \r\n<tr bgcolor=\"#ffffff\">                                                    \r\n<td colspan=\"2\" align=\"left\">Thank You,</td>                                    </tr>                                                  \r\n<tr bgcolor=\"#ffffff\">                                                    \r\n<td colspan=\"2\" align=\"left\">{SITE_NAME} Crew |   {SITE_URL}</td>                                  </tr>                                  </tbody></table>                \r\n\r\n','New {POINT_NAME} purchased details'),(71,35,2,'\r\n<table border=\"0\" cellpadding=\"0\" cellspacing=\"0\">      \r\n<tbody>          \r\n<tr>              \r\n<td colspan=\"2\" style=\"width:576px;height:0px;\">                  \r\n<p>                    L\'utilisateur suivant a &eacute;t&eacute; achet&eacute; dans les points de {SITE_NAME}</p>\r\n              </td>        </tr>          \r\n<tr>              \r\n<td style=\"width:104px;height:0px;\">                  \r\n<p>                    Nom utilisateur</p>\r\n              </td>              \r\n<td style=\"width:472px;height:0px;\">                  \r\n<p>                    &nbsp; {guserFName}</p>\r\n              </td>        </tr>          \r\n<tr>              \r\n<td style=\"width:104px;height:0px;\">                  \r\n<p>                    Modes de paiement<br />                    &nbsp;</p>\r\n              </td>              \r\n<td style=\"width:472px;height:0px;\">                  \r\n<p>                    {payment_type}</p>\r\n              </td>        </tr>          \r\n<tr>              \r\n<td style=\"width:104px;height:0px;\">                  \r\n<p>                    Date de la transaction<br />                    &nbsp;</p>\r\n              </td>              \r\n<td style=\"width:472px;height:0px;\">                  \r\n<p>                    {date}</p>\r\n              </td>        </tr>          \r\n<tr>              \r\n<td style=\"width:104px;height:0px;\">                  \r\n<p>                    Montant Total<br />                    &nbsp;</p>\r\n              </td>              \r\n<td style=\"width:472px;height:0px;\">                  \r\n<p>                    {sess_PointAmount}</p>\r\n              </td>        </tr>          \r\n<tr>              \r\n<td colspan=\"2\" style=\"width:576px;height:0px;\">                  \r\n<p>                    Merci!</p>\r\n              </td>        </tr>          \r\n<tr>              \r\n<td colspan=\"2\" style=\"width:576px;height:0px;\">                  \r\n<p>                    {SITE_NAME} Equipage | {SITE_URL}</p>\r\n              </td>        </tr>    </tbody></table>  \r\n<p>    &nbsp;</p>\r\n\r\n','Nouveaux {POINT_NAME} Détails acheté'),(164,35,5,'<table border=\"0\" cellpadding=\"4\" cellspacing=\"0\" width=\"586\">    <colgroup>        <col>        <col>    </colgroup>    \r\n<tbody>        \r\n<tr>            \r\n<td colspan=\"2\">                \r\n<p>                    El siguente usuario ha adquirido puntos de valor en {SITE_NAME}</p>\r\n            </td>        </tr>        \r\n<tr>            \r\n<td>                \r\n<p>                    Nombr de usuario</p>\r\n            </td>            \r\n<td>                \r\n<p>                    &nbsp;{guserFName}</p>\r\n            </td>        </tr>        \r\n<tr>            \r\n<td>                \r\n<p>                    Forma de pago<br />                    &nbsp;</p>\r\n            </td>            \r\n<td>                \r\n<p>                    {payment_type}</p>\r\n            </td>        </tr>        \r\n<tr>            \r\n<td>                \r\n<p>                    La fecha de la transaccion<br />                    &nbsp;</p>\r\n            </td>            \r\n<td>                \r\n<p>                    {date}</p>\r\n            </td>        </tr>        \r\n<tr>            \r\n<td>                \r\n<p>                    Monto total de puntos<br />                    &nbsp;</p>\r\n            </td>            \r\n<td>                \r\n<p>                    {sess_PointAmount}</p>\r\n            </td>        </tr>        \r\n<tr>            \r\n<td colspan=\"2\">                \r\n<p>                    Gracias,</p>\r\n            </td>        </tr>        \r\n<tr>            \r\n<td colspan=\"2\">                \r\n<p>                    {SITE_NAME} Tripulacion | {SITE_URL}</p>\r\n            </td>        </tr>    </tbody></table>\r\n<p>    &nbsp;</p>','Detalles de nueva compra de puntos{POINT_NAME} '),(79,40,2,'\r\n<p>    L\'utilisateur suivant a effectu&eacute; le paiement mensuel {SITE_NAME}<br />    <br />    Nom d\'utilisateur: {username}<br />    Montant pay&eacute;: {amountPaid}<br />    Date de paiement: {dop}<br />    <br />    Merci!<br />    <br />    {SITE_NAME} Equipage | {SITE_URL}</p>\r\n\r\n','Paiement mensuel {SITE_NAME}'),(80,41,1,'\r\n    One of the product is sold out in the {SITE_NAME}<br /><br />Product Name : {var_title}<br />Price&nbsp;&nbsp;&nbsp;&nbsp;&nbsp;&nbsp;&nbsp;&nbsp;&nbsp;&nbsp;&nbsp;&nbsp;&nbsp;&nbsp;&nbsp; : {var_amount}<br />Seller&nbsp;&nbsp;&nbsp;&nbsp;&nbsp;&nbsp;&nbsp;&nbsp;&nbsp;&nbsp;&nbsp;&nbsp;&nbsp;&nbsp; : {sellerName}<br />Buyer&nbsp;&nbsp;&nbsp;&nbsp;&nbsp;&nbsp;&nbsp;&nbsp;&nbsp;&nbsp;&nbsp;&nbsp;&nbsp; :&nbsp;&nbsp; {buyerName}<br /><br />Thank you,<br />{SITE_NAME} Crew | {SITE_URL}<br />        \r\n\r\n','One of the product is sold out  in {SITE_NAME}'),(72,36,1,'\r\n          \r\n<table class=\"maintext2\" border=\"0\" cellpadding=\"4\" cellspacing=\"1\" width=\"100%\">                                              \r\n<tbody>        \r\n<tr bgcolor=\"#ffffff\">                                                \r\n<td colspan=\"2\" class=\"maintext2\" align=\"left\">Thank you for using {SITE_NAME} Your transaction has been completed and we we will get back to you as soon as the administrator accepts the payment.</td>                                      </tr>                                                                           \r\n<tr bgcolor=\"#ffffff\">                                                \r\n<td colspan=\"2\" class=\"maintext2\" align=\"left\">You may visit the {Account Summary} to view details of this transaction.</td>                                      </tr>                                              \r\n<tr bgcolor=\"#ffffff\">                                                \r\n<td class=\"maintext2\" align=\"left\" width=\"20%\">Product Name</td>                                                \r\n<td class=\"maintext2\" align=\"left\" width=\"80%\">{var_title}<br /></td>                                      </tr>                                              \r\n<tr bgcolor=\"#ffffff\">                                                \r\n<td class=\"maintext2\" align=\"left\">Product Amount</td>                                                \r\n<td class=\"maintext2\" align=\"left\">{var_amount}<br /></td>                                      </tr>                                              \r\n<tr bgcolor=\"#ffffff\">                                                \r\n<td class=\"maintext2\" align=\"left\">Quantity</td>                                                \r\n<td class=\"maintext2\" align=\"left\">{var_quantity}<br /></td>                                      </tr>                                              \r\n<tr bgcolor=\"#ffffff\">                                                \r\n<td class=\"maintext2\" align=\"left\">Transaction Id</td>                                                \r\n<td class=\"maintext2\" align=\"left\">{txnid}<br /></td>                                      </tr>                                              \r\n<tr bgcolor=\"#ffffff\">                                                \r\n<td colspan=\"2\" align=\"left\">The {SITE_NAME} Crew | {SITE_URL}</td>                                      </tr></tbody></table>          \r\n\r\n','Your Purchase Information at  {SITE_NAME}'),(73,36,2,'\r\n  \r\n<table border=\"0\" cellpadding=\"0\" cellspacing=\"0\">        \r\n<tbody>            \r\n<tr>                \r\n<td colspan=\"3\" style=\"width:576px;height:0px;\">                    \r\n<p>                    Merci d\'utiliser {SITE_NAME} Votre transaction a &eacute;t&eacute; compl&eacute;t&eacute;e et nous, nous reviendrons vers vous d&egrave;s que l\'administrateur accepte le paiement.</p>\r\n                </td>        </tr>            \r\n<tr>                \r\n<td colspan=\"3\" style=\"width:576px;height:0px;\">                    \r\n<p>                    Vous pouvez visiter le {Account Summary} &nbsp;pour afficher les d&eacute;tails de cette transaction.</p>\r\n                </td>        </tr>            \r\n<tr>                \r\n<td style=\"width:125px;height:0px;\">                    \r\n<p>                    Nom du Produit</p>\r\n                </td>                \r\n<td style=\"width:448px;height:0px;\">                    \r\n<p>                    {var_title}</p>\r\n                </td>                \r\n<td style=\"width:3px;height:0px;\">                    \r\n<p>                    &nbsp;</p>\r\n                </td>        </tr>            \r\n<tr>                \r\n<td style=\"width:125px;height:0px;\">                    \r\n<p>                    Montant des produits</p>\r\n                </td>                \r\n<td style=\"width:448px;height:0px;\">                    \r\n<p>                    {var_amount}</p>\r\n                </td>                \r\n<td style=\"width:3px;height:0px;\">                    \r\n<p>                    &nbsp;</p>\r\n                </td>        </tr>            \r\n<tr>                \r\n<td style=\"width:125px;height:0px;\">                    \r\n<p>                    Quantit&eacute;</p>\r\n                </td>                \r\n<td style=\"width:448px;height:0px;\">                    \r\n<p>                    {var_quantity}</p>\r\n                </td>                \r\n<td style=\"width:3px;height:0px;\">                    \r\n<p>                    &nbsp;</p>\r\n                </td>        </tr>            \r\n<tr>                \r\n<td style=\"width:125px;height:0px;\">                    \r\n<p>                    Identifiant de transaction</p>\r\n                </td>                \r\n<td style=\"width:448px;height:0px;\">                    \r\n<p>                    {txnid}</p>\r\n                </td>                \r\n<td style=\"width:3px;height:0px;\">                    \r\n<p>                    &nbsp;</p>\r\n                </td>        </tr>            \r\n<tr>                \r\n<td colspan=\"3\" style=\"width:576px;height:0px;\">                    \r\n<p>                    Le {SITE_NAME} Equipage | {SITE_URL}</p>\r\n                </td>        </tr>    </tbody></table>    \r\n<p>    &nbsp;</p>\r\n    \r\n\r\n','vos informations d\'achat à {SITE_NAME}'),(81,41,2,'\r\n<p>    L\'un des produit est vendu dans le {SITE_NAME}<br />    <br />    Nom du produit&nbsp; : {var_title}<br />    Prix &nbsp;&nbsp;&nbsp;&nbsp;&nbsp;&nbsp;&nbsp;&nbsp;&nbsp;&nbsp;&nbsp;&nbsp;&nbsp;&nbsp;&nbsp;&nbsp;&nbsp;&nbsp;&nbsp;&nbsp;&nbsp;&nbsp; : {var_amount}<br />    Vendeur &nbsp;&nbsp;&nbsp;&nbsp;&nbsp;&nbsp;&nbsp;&nbsp;&nbsp;&nbsp;&nbsp;&nbsp;&nbsp;&nbsp; : {sellerName}<br />    Acheteur &nbsp;&nbsp;&nbsp;&nbsp;&nbsp;&nbsp;&nbsp;&nbsp;&nbsp;&nbsp;&nbsp;&nbsp;&nbsp; : &nbsp;&nbsp; {buyerName}<br />    <br />    Merci beaucoup,<br />    {SITE_NAME} Equipage | {SITE_URL}</p>\r\n\r\n','L\'un des produit est épuisé   dans {SITE_NAME}'),(120,16,5,'\r\n  \r\n<p>\r\n</p>\r\n<p style=\"margin-bottom: 0in\"><span lang=\"es-ES\">Alguien que usted\r\nconoce ha referido a nuestro sitio para &ldquo;Premier Intercambio o\r\nVenta &ldquo;on-line&rsquo; de productos que uno no le necesita mas a todo el\r\nmundo a traves del red de Internet. Por favor, tomase el tiempo para\r\nseguir los siguientes enlances para poder participar en una breve\r\nencuesta sobre como nuestros servicios pueden ser en beneficio para\r\nusted, haciendo clic</span><b><span lang=\"es-ES\"> </span></b>{LINK_F}</p>\r\n      \r\n<table border=\"0\" cellpadding=\"0\" cellspacing=\"0\">        \r\n<tbody>            \r\n<tr>                \r\n<td style=\"width:576px;height:0px;\">                                    <br /></td>        </tr>            \r\n<tr>                \r\n<td style=\"width:576px;height:0px;\">                    \r\n<p>                    \r\n</p>\r\n<p><span lang=\"es-ES\">Para registrarse en</span> {SITE_NAME}<span lang=\"es-ES\">puedes utilisar este\r\nenlance haciendo clic </span>{LINK_R}</p>\r\n                </td>        </tr>            \r\n<tr>                \r\n<td style=\"width:576px;height:0px;\">                    \r\n<p>                    Gracias,</p>\r\n                </td>        </tr>            \r\n<tr>                \r\n<td style=\"width:576px;height:0px;\">                    \r\n<p>                    {SITE_NAME} <span lang=\"es-ES\">Tripulacion</span>. | {SITE_URL}</p>\r\n                </td>        </tr>    </tbody></table>    \r\n<p>    &nbsp;</p>\r\n    \r\n\r\n','Felicitaciones de ¡{site_name}!'),(84,2,5,'intercambio de todo',''),(95,31,5,'<p>    Si no esta de acuerdo con cualquiera de los terminus y condiciones de este Acuerdo de Usuario, por favor no visite, navegar, comprar, acceder o utilisar este sitio. El uso de este sitio de Intenrnet implica la acceptacion de estar sujecto de los terminos y condiciones de este Acuerdo. Nos reservamos el derecho de modificar o cambiar los terminos, Baratar T&eacute;rminos de Uso, Politica de Privacidad y regulaciones sin previo aviso.</p>','Desacuredo con los Terminos y Condiciones  de uso'),(166,42,1,'\r\n      \r\n<table class=\"maintext2\" border=\"0\" cellspacing=\"1\" cellpadding=\"4\" width=\"100%\">                                    \r\n<tbody>                                    \r\n<tr bgcolor=\"#ffffff\">                                    \r\n<td class=\"maintext2\" align=\"left\"><b>Payment Information</b></td> </tr>                                    \r\n<tr bgcolor=\"#ffffff\">                                    \r\n<td width=\"21%\" align=\"left\">Sale of your items have been discontinued temporarily. Kindly update your Profile contact details with \"PayPal EmailId\"</td>  </tr>                                    \r\n<tr bgcolor=\"#ffffff\">                                    \r\n<td colspan=\"2\" align=\"left\">Thank You,</td> </tr>                                    \r\n<tr bgcolor=\"#ffffff\">                                    \r\n<td align=\"left\">{SITE_NAME} Crew | {SITE_URL}</td> </tr> </tbody></table>                    \r\n\r\n','{SITE_NAME} - Sale of your items have been discontinued temporarily'),(167,42,2,'\r\n<b>  conditions de vente</b>  \r\n<table border=\"0\" cellpadding=\"0\" cellspacing=\"0\">  \r\n<tbody>  \r\n<tr>  \r\n<td colspan=\"3\" style=\"width: 576px; height: 0px;\">  \r\n<p>Vente de vos articles ont &eacute;t&eacute; supprim&eacute;s temporairement. Veuillez mettre &agrave; jour vos coordonn&eacute;es avec le profil \"Id Email PayPal\"</p>\r\n  \r\n<p>Merci!</p>\r\n    </td></tr>    \r\n<tr>    \r\n<td colspan=\"3\" style=\"width: 576px; height: 0px;\">    \r\n<p>{SITE_NAME} Crew. | {SITE_URL}</p>\r\n    </td></tr></tbody></table>    \r\n\r\n','{SITE_NAME} - Vente de vos articles ont été supprimés temporairement'),(168,42,5,'\r\n<table border=\"0\" cellpadding=\"4\" cellspacing=\"0\" width=\"586\">  \r\n<tbody>  \r\n<tr>  \r\n<td colspan=\"2\"> <b>condiciones de venta</b>  \r\n<p>La venta de sus art&iacute;culos se han suspendido temporalmente. Por favor actualice sus datos de contacto con perfil \"Identificaci&oacute;n del email PayPal\"</p>\r\n  \r\n<p>Gracias.</p>\r\n    </td></tr>    \r\n<tr>    \r\n<td colspan=\"2\">    \r\n<p>{SITE_NAME} Tripulacion. | {SITE_URL}</p>\r\n      \r\n<div><br /></div></td></tr></tbody></table>          \r\n\r\n','{SITE_NAME} - La venta de sus artículos se han suspendido temporalmente'),(169,42,6,'\r\n  \r\n<table border=\"0\" cellpadding=\"0\" cellspacing=\"0\">    \r\n<tbody>    \r\n<tr>    \r\n<td colspan=\"3\" style=\"width: 576px; height: 0px;\"><b>Zahlungsinformationen</b><br /><br />Verkauf Ihrer Artikel wurden vor&uuml;bergehend eingestellt. Bitte aktualisieren Sie Ihr Profil Kontaktdaten mit \"PayPal Email Id\"<br /><br />Vielen Dank</td></tr>    \r\n<tr>    \r\n<td colspan=\"3\" style=\"width: 576px; height: 0px;\">    \r\n<p>{SITE_NAME} Crew | {SITE_URL}</p>\r\n    </td></tr></tbody></table>          \r\n\r\n','{SITE_NAME} - Verkauf Ihrer Artikel wurden vorübergehend eingestellt'),(98,14,5,'\r\n  \r\n<p>    Todos los precios estan sujectos a cambio. Para todos los recios, articulos y ofertas, este sitio se reserva el derecho de hacer ajustes debido a las condiciones cambiante del mercado, la interupccion de articulos, cambios del precio del fabricante, errores en los anuncios y otras circumstancias atenuantes.</p>\r\n    \r\n\r\n','Descargo de responsabilidad por los precios '),(96,31,6,'\r\n<p class=\"MsoNormal\" style=\"margin-top:14.0pt\"><span style=\"font-family:  \" &#39?;mso-fareast-font-family:?&#39?;mso-bidi-font-family:?&#39?;=\"\" color:black?=\"\" lang=\"RU\">Sind Sie m&uuml;de von diesem? Harte Arbeit f&uuml;r den Verkauf Ihrer Waren  auf Webseiten, nur um zu sehen, Ihr hart verdientes Geld wurde von Ihnen weg  durch hohe Listing-Geb&uuml;hren und etc. genommen .. Nun, {site_name} ermutigt  unsere Mitglieder zum Verkauf auf unserer Seite. Wir pr&auml;sentieren Ihnen unsere  Cash-Back-Vertrieb Rewards Program.</span></p>\r\n    \r\n<p class=\"MsoNormal\" style=\"margin-top:14.0pt;margin-right:0in;margin-bottom:  14.0pt;margin-left:0in\"><span style=\"font-family:\" &#39?;=\"\" mso-fareast-font-family:?&#39?;mso-bidi-font-family:?&#39?;=\"\" color:black?=\"\" lang=\"RU\">Als Mitglied von {site_name}, k&ouml;nnten Sie verdienen Geld zur&uuml;ck,  wenn Sie kaufen Artikel auf unserer Seite. Weil wir Kredit zur&uuml;ck zu unserem  Sellers 1% unseres kleinen 2% Provision f&uuml;r das Einstellen von Artikeln auf der  Website, wie Cash-Back Bonus auf alle Verk&auml;ufe &uuml;ber {currency_code} 300. Das  ist einfach unsere Art, unsere Wertsch&auml;tzung zu Ihnen, weil wir glauben, Du  bist der Sales Associate!</span></p>\r\n    \r\n<p class=\"MsoNormal\"><span style=\"font-family:\" &#39?;mso-fareast-font-family:=\"\" \"&#39?;mso-bidi-font-family:?&#39?;color:black?=\"\" lang=\"RU\">Obwohl wir Ihnen die  notwendigen Werkzeuge, um den Verkauf auf dem Gel&auml;nde zu schaffen, das beste  Werkzeug, k&ouml;nnen wir Ihnen bieten ist</span><span lang=\"RU\"> </span><span style=\"font-family:\" &#39?;mso-fareast-font-family:?&#39?;=\"\" mso-bidi-font-family:?&#39?;color:black?=\"\" lang=\"RU\">&nbsp;</span><span lang=\"RU\"> </span><b><span style=\"font-family:\" &#39?;=\"\" mso-fareast-font-family:?&#39?;mso-bidi-font-family:?&#39?;=\"\" color:black?=\"\" lang=\"RU\">MOTIVATION.</span></b><span lang=\"RU\"> </span><span style=\"font-family:\" &#39?;mso-fareast-font-family:?&#39?;mso-bidi-font-family:=\"\" \"&#39?;color:black?=\"\" lang=\"RU\">&nbsp;</span><span lang=\"RU\"> </span><span style=\"font-family:\" &#39?;mso-fareast-font-family:?&#39?;mso-bidi-font-family:=\"\" \"&#39?;color:black?=\"\" lang=\"RU\">Ob Sie ein erfahrener Internet-Verk&auml;ufer, oder ein  Anf&auml;nger sind mit minimalem Aufwand dieses Programms wird f&uuml;r jeden  Arbeitsplatz.W&auml;hrend andere Sites sind damit besch&auml;ftigt, profitiert von  Sellers auf ihren Websites. Wir sind damit besch&auml;ftigt, Geb&auml;ude gemeinsames  Interesse mit unseren Associates. Wir versprechen Ihnen, Sie werden es lieben  unser Geld zur&uuml;ck</span><span lang=\"RU\"> </span><span style=\"font-family:  \" &#39?;mso-fareast-font-family:?&#39?;mso-bidi-font-family:?&#39?;=\"\" color:black?=\"\" lang=\"RU\">&nbsp;</span><span lang=\"RU\"> </span><b><u><span style=\"font-family:\" &#39?;mso-fareast-font-family:=\"\" \"&#39?;mso-bidi-font-family:?&#39?;color:black?=\"\" lang=\"RU\">Vertrieb Rewards  Program,</span></u></b><span lang=\"RU\"> </span><span style=\"font-family:  \" &#39?;mso-fareast-font-family:?&#39?;mso-bidi-font-family:?&#39?;=\"\" color:black?=\"\" lang=\"RU\">und Sie, dass die Bank nehmen kann!</span></p>\r\n\r\n','Cash Back Bonus-Politik'),(97,14,2,'\r\n    Bienvenue sur le site complet swapping. Vous pouvez &eacute;changer tous les &eacute;l&eacute;ments ind&eacute;sirables de votremaison ou votre entreprise &agrave; d\'autres qui peuvent avoir besoin d\'eux. Vous pouvez &eacute;galement vendre ou acheter des articles dans ce site. Comme toujours, preuve de bon sens lorsqu\'il s\'agit de quelqu\'un que vous ne connaissez pas. Si vous souhaitez avoir un tiers g&eacute;rer l\'&eacute;change, il ya un service d\'entiercementpr&eacute;vu.        \r\n\r\n','Bienvenue'),(99,14,6,'\r\n    Willkommen auf den kompletten Austausch vor Ort. Sie k&ouml;nnen alle unerw&uuml;nschten Elemente aus IhremHaus oder Gesch&auml;ft an andere, die f&uuml;r sie haben k&ouml;nnen Verwendung zu tauschen. Sie k&ouml;nnen auchkaufen oder verkaufen Artikel auf dieser Seite. Wie immer, Aus&uuml;bung der gesunde Menschenverstand im Umgang mit jemandem, den Sie nicht kennen. Wenn Sie einen Dritten behandeln den Austauschm&ouml;chten, gibt es einen Treuhandservice zur Verf&uuml;gung gestellt.        \r\n\r\n','willkommen'),(118,15,5,'\r\n  \r\n<table border=\"0\" cellpadding=\"4\" cellspacing=\"0\" width=\"586\">    <colgroup>        <col>        <col>    </colgroup>        \r\n<tbody>            \r\n<tr>                \r\n<td colspan=\"2\">                    \r\n<p>                    Nuevo articulo se ha anadido</p>\r\n                </td>        </tr>            \r\n<tr>                \r\n<td>                    \r\n<p>                    Categoria</p>\r\n                </td>                \r\n<td>                    \r\n<p>                    <strong>{txtCategoryname}</strong></p>\r\n                </td>        </tr>            \r\n<tr>                \r\n<td>                    \r\n<p>                    Titulo</p>\r\n                </td>                \r\n<td>                    \r\n<p>                    <strong>{txtTitle}</strong></p>\r\n                </td>        </tr>            \r\n<tr>                \r\n<td>                    \r\n<p>                    Marca</p>\r\n                </td>                \r\n<td>                    \r\n<p>                    <strong>{txtBrand}</strong></p>\r\n                </td>        </tr>            \r\n<tr>                \r\n<td>                    \r\n<p>                    Tipo</p>\r\n                </td>                \r\n<td>                    \r\n<p>                    <strong>{ddlType}</strong></p>\r\n                </td>        </tr>            \r\n<tr>                \r\n<td>                    \r\n<p>                    Condicion</p>\r\n                </td>                \r\n<td>                    \r\n<p>                    <strong>{ddlCondition}</strong></p>\r\n                </td>        </tr>            \r\n<tr>                \r\n<td>                    \r\n<p>                    Ano</p>\r\n                </td>                \r\n<td>                    \r\n<p>                    <strong>{txtYear}</strong></p>\r\n                </td>        </tr>            \r\n<tr>                \r\n<td>                    \r\n<p>                    {pricename}</p>\r\n                </td>                \r\n<td>                    \r\n<p>                    <strong>{txtValue}</strong></p>\r\n                </td>        </tr>            \r\n<tr>                \r\n<td colspan=\"2\">                    \r\n<p>                    Gracias.</p>\r\n                </td>        </tr>            \r\n<tr>                \r\n<td colspan=\"2\">                    \r\n<p>                    {SITE_NAME} Tripulacion. | {SITE_URL}</p>\r\n                </td>        </tr>    </tbody></table>    \r\n<p>    &nbsp;</p>\r\n    \r\n\r\n','Un Nuevo articulo se ha anadido {SITE_NAME}'),(100,13,2,'\r\n<p class=\"MsoNormal\"><span style=\"mso-fareast-font-family:\" &#39?;=\"\" mso-bidi-font-family:?&#39?;color:black?=\"\" lang=\"RU\">Ce site fournissent leurs  services sujet aux conditions suivantes. En visitant, la navigation, le shopping,  acc&eacute;dant ou en utilisant le site, vous acceptez cet accord d\'utilisateur, et de  tous ses termes et conditions. En visitant, la navigation, le shopping,  acc&eacute;dant ou en utilisant le site apr&egrave;s une modification a &eacute;t&eacute; affich&eacute; sur le  site, le client accepte ce changement. Les clients doivent v&eacute;rifier ce contrat  d\'utilisation fr&eacute;quente.</span><span lang=\"RU\"><br />  <br />  </span><b><span style=\"mso-fareast-font-family:  \" &#39?;mso-bidi-font-family:?&#39?;color:black?=\"\" lang=\"RU\">Activit&eacute; du site</span></b><span lang=\"RU\"><br />  </span><span style=\"mso-fareast-font-family:\" &#39?;mso-bidi-font-family:=\"\" \"&#39?;color:black?=\"\" lang=\"RU\">L\'activit&eacute; suivante sur le site est express&eacute;ment  interdite: Toute utilisation non personnelles ou commerciales de tout  dispositif automatique ou proc&eacute;d&eacute; manuel pour surveiller ou copier des parties  du site ou du contenu, sans l\'autorisation pr&eacute;alable &eacute;crite par</span><span lang=\"RU\"> </span><span style=\"mso-fareast-font-family:\" &#39?;=\"\" mso-bidi-font-family:?&#39?;color:black?=\"\" lang=\"RU\">&nbsp;</span><span lang=\"RU\"><br />  </span><span style=\"mso-fareast-font-family:\" &#39?;mso-bidi-font-family:=\"\" \"&#39?;color:black?=\"\" lang=\"RU\">cette collection de sites ou l\'utilisation de listes  de produits, descriptions, ou prix, &agrave; partir du site au profit d\'un autre  commer&ccedil;ant qui fournit des produits comp&eacute;titifs avec ou comparables &agrave; ceux  offerts sur le site, et toute utilisation de visites ou d\'autres mesures qui  impose une charge d&eacute;raisonnable ou disproportionn&eacute;e sur le site, ou autrement  avec son bon fonctionnement et en temps opportun. Ce site n\'a pas d\'examen ou  de contr&ocirc;le des sites tiers qui pointent vers ou depuis le site, et n\'est pas  responsable pour le contenu des sites tiers li&eacute;s &agrave; ou depuis le site.</span><span lang=\"RU\"><br />  <br />  </span><b><span style=\"mso-fareast-font-family:  \" &#39?;mso-bidi-font-family:?&#39?;color:black?=\"\" lang=\"RU\">Copyright</span></b><span lang=\"RU\"><br />  </span><span style=\"mso-fareast-font-family:\" &#39?;mso-bidi-font-family:=\"\" \"&#39?;color:black?=\"\" lang=\"RU\">Vous reconnaissez que le Site contient des  informations, donn&eacute;es, logiciels, photographies, graphiques, vid&eacute;os, polices,  graphismes, musiques, sons et autres mat&eacute;riels (collectivement le &laquo;Contenu&raquo;)  qui sont prot&eacute;g&eacute;s par des copyrights, marques d&eacute;pos&eacute;es, secrets commerciaux ou  autres droits de propri&eacute;t&eacute; , et que ces droits sont valables et prot&eacute;g&eacute;s sous  toutes ses formes, m&eacute;dias et technologies existants ou d&eacute;velopp&eacute;s. Tout le  contenu est prot&eacute;g&eacute; comme une &oelig;uvre collective. Vous ne pouvez pas modifier,  supprimer, supprimer, augmenter, ajouter, publier, transmettre, participer au  transfert ou la vente de, cr&eacute;er des &oelig;uvres d&eacute;riv&eacute;es ou exploiter de quelque  fa&ccedil;on le Contenu, en totalit&eacute; ou en partie. Si aucune restriction sp&eacute;cifique  sont affich&eacute;es, vous pouvez faire des copies de portions de s&eacute;lectionner du  contenu, &agrave; condition que les copies sont faites uniquement pour votre usage  personnel et que vous conserviez les mentions figurant dans le contenu, comme  toutes les mentions de copyright, marque de l&eacute;gendes, ou autres droits de  propri&eacute;t&eacute; des droits.</span><span lang=\"RU\"> </span><span style=\"mso-fareast-font-family:\" &#39?;mso-bidi-font-family:?&#39?;=\"\" color:black?=\"\" lang=\"RU\">&nbsp;</span><span lang=\"RU\"><br />  <br />  </span><b><span style=\"mso-fareast-font-family:  \" &#39?;mso-bidi-font-family:?&#39?;color:black?=\"\" lang=\"RU\">Limitation de  responsabilit&eacute;</span></b><span lang=\"RU\"><br />  </span><span style=\"mso-fareast-font-family:\" &#39?;mso-bidi-font-family:=\"\" \"&#39?;color:black?=\"\" lang=\"RU\">Ce site, y compris, mais sans s\'y limiter, la  n&eacute;gligence, ne doit pas &ecirc;tre tenu responsable pour toute perte de biens, de  profit ou un pr&eacute;judice personnel, en raison de l\'utilisation ou l\'impossibilit&eacute;  d\'utiliser, de la marchandise sur ce site.</span><span lang=\"RU\"><br />  <br />  </span><b><span style=\"mso-fareast-font-family:  \" &#39?;mso-bidi-font-family:?&#39?;color:black?=\"\" lang=\"RU\">Votre compte</span></b><span lang=\"RU\"><br />  </span><span style=\"mso-fareast-font-family:\" &#39?;mso-bidi-font-family:=\"\" \"&#39?;color:black?=\"\" lang=\"RU\">Si vous utilisez ce site, vous &ecirc;tes responsable de  maintenir la confidentialit&eacute; de votre compte et mot de passe et de restreindre  l\'acc&egrave;s &agrave; votre ordinateur, et vous acceptez la responsabilit&eacute; pour toutes les  activit&eacute;s qui se produisent sous votre compte ou mot de passe. Si vous &ecirc;tes  moins de 18 ans, vous pouvez utiliser ce site seulement avec la participation  d\'un parent ou tuteur.</span><span lang=\"RU\"> </span><span style=\"mso-fareast-font-family:\" &#39?;mso-bidi-font-family:?&#39?;=\"\" color:black?=\"\" lang=\"RU\">&nbsp;</span><span lang=\"RU\"><br />  <br />  </span><b><span style=\"mso-fareast-font-family:  \" &#39?;mso-bidi-font-family:?&#39?;color:black?=\"\" lang=\"RU\">Tarification  Avertissement</span></b><span lang=\"RU\"><br />  <br />  </span><span style=\"mso-fareast-font-family:\" &#39?;mso-bidi-font-family:=\"\" \"&#39?;color:black?=\"\" lang=\"RU\">Tous les prix sont sujets &agrave; changement. Pour tous les  prix, produits et offres, ce site se r&eacute;serve le droit de faire des ajustements  dus aux conditions changeantes du march&eacute;, l\'arr&ecirc;t des produits, variations de  prix du fabricant, des erreurs dans les publicit&eacute;s et autres circonstances  att&eacute;nuantes.</span><span lang=\"RU\"><br />  <br />  </span><b><span style=\"mso-fareast-font-family:  \" &#39?;mso-bidi-font-family:?&#39?;color:black?=\"\" lang=\"RU\">D&eacute;saccord des Termes  et Conditions d\'utilisation</span></b><span lang=\"RU\"><br />  </span><span style=\"mso-fareast-font-family:\" &#39?;mso-bidi-font-family:=\"\" \"&#39?;color:black?=\"\" lang=\"RU\">Si vous &ecirc;tes en d&eacute;saccord avec l\'une des modalit&eacute;s et  conditions du pr&eacute;sent Accord utilisateur, s\'il vous pla&icirc;t ne pas visiter,  naviguer, de magasiner, d\'acc&egrave;s ou d\'utiliser autrement ce site. Votre  utilisation de ce site Web signifie votre accord &agrave; &ecirc;tre li&eacute; par les termes du  pr&eacute;sent Accord. Nous nous r&eacute;servons le droit de r&eacute;viser ou de modifier les  termes iScripts d\'utilisation, Politique de confidentialit&eacute; et les r&egrave;glements  sans pr&eacute;avis.</span></p>\r\n      \r\n\r\n','Conditions d\'utilisation'),(101,13,5,'<p>    Este sitio proporciona sus servicios a las siguente condiciones: al visitar, navegar, ir de compras, acceder o utilizar el sitio usted acepta este Acuerdo de Usuario y todos sus terminos y condiciones. Al visitar, nevagar, ir de compras acceder o utilizar el sitio despues de un cambio se ha publicado en el sitio, el cliente acepta el cambio. Los clientes deben comprobar este Acuerdo de Usuario con frecuencia.<br />    <br />    <strong>La Actividad del Sitio</strong><br />    La siguente actividad en el sitio queda expresamente prohibido: cualquier uso que no es comercial o personal de cualquier dispositivo electronico o cualquier proceso manual para controlar o copiar partes del sitio o su contenido sin permiso previo por escrito por esta colecci&oacute;n de sitios o el uso de cualquier listado de productos, descripciones o precios para el beneficio de cualquier otra empresa que subministra productos de la competencia con o comparable a los ofrecido en este sitio y cualquier uso de, las visitas a. o cualquier otra accion que imponga una carga irrazonable o deproporcionadamente grande en el sitio, o interfiera con su funcionamento apropiado y oportuno. Este sitio no revisa ni controla los sitios de terceros que enlancen desde este sitio y no es responsable de los contenidos de los sitios de terceros vinculados haci o desde el sitio.<br />    <br />    <strong>Derechos de autor</strong><br />    Usted reconoce que el Sitio contiene informacion, datos, software, graficos,videos, tipografias,graficos,musica,sinidos y otro materiales (&ldquo;Contendio&rdquo;) que estan protegidos po derechos de autor, marcas registradas, secretos comerciales o otros derechos de propiedad y estos derechos son validos y protegidos en todas las formas,medios y tecnologias exitente ahora o en adelante desarollados. Todo el Contenido esta protegido como un trabajo colectivo. Usted no puede modificar, eliminar aumentar, anadir, publicar, transmitir, participar en la transferencia o venta, crear trabajos derivados de, o en cualquier manera explotar el Contenido, en todo o en parte. Si no hay restricciones especificas que se muestran es posible hace r copias de determinadas partes del Contenido, siempre que las copias se hacen solo para su uso personal y que mantenga los avisos de copyright marcas, o otros avisos de derecho de propiedad.</p>\r\n<p>    &nbsp;</p>\r\n<p>    <strong>Limitacion de la responsabilidad</strong><br />    Este sitio, incluyendo pero no limitado a negligencia, no se hace responsible de cualquier perdida de propriedad, los beneficios, o danos personales, dbito a al urilizacion o imposiblilidad de uso de mercancias en este sitio.</p>\r\n<p>    <strong>Su cuenta</strong><br />    Si usted utilize este sitio, usted es responsible de mantener la confidencialidad de su cuenta y contrasena y de restringir el acceso a su computadora, y usted acepta la responsabilidad de todas las actividades que ocurran bajo su cuenta o contrasena. Si usted es menor de 18 anos, puede utilizar el sitio solo con la participacion de los padres o su tutore.</p>','Condiciones'),(102,13,6,'\r\n<p class=\"MsoNormal\"><span style=\"font-family:\" &#39?;mso-fareast-font-family:=\"\" \"&#39?;mso-bidi-font-family:?&#39?;color:black?=\"\" lang=\"RU\">Diese Website bieten  ihre Dienste an Sie unter den folgenden Bedingungen. Durch den Besuch, Surfen,  Shopping, Zugriff oder anderweitige Nutzung der Website erkl&auml;ren Sie sich diese  Nutzungsbedingungen und alle Bedingungen und Konditionen. Durch den Besuch,  Surfen, Shopping, Zugriff oder anderweitige Nutzung der Website nach einer  &Auml;nderung auf der Website gebucht wurde, akzeptiert der Kunde dies zu &auml;ndern.  Kunden sollten pr&uuml;fen, diese Nutzungsvereinbarung h&auml;ufig.</span><span lang=\"RU\"><br />  <br />  </span><b><span style=\"font-family:  \" &#39?;mso-fareast-font-family:?&#39?;mso-bidi-font-family:?&#39?;=\"\" color:black?=\"\" lang=\"RU\">Site-Aktivit&auml;t</span></b><span lang=\"RU\"><br />  </span><span style=\"font-family:\" &#39?;mso-fareast-font-family:=\"\" \"&#39?;mso-bidi-font-family:?&#39?;color:black?=\"\" lang=\"RU\">Die folgenden  Aktivit&auml;ten auf der Website ist ausdr&uuml;cklich verboten: Jede nicht-private oder  kommerzielle Nutzung der automatischen Ger&auml;te oder manuellen Prozess zu  &uuml;berwachen oder zu kopieren, Teile der Seiten oder deren Inhalte ohne vorherige  schriftliche Genehmigung durch enthaltene</span><span lang=\"RU\"> </span><span style=\"font-family:\" &#39?;mso-fareast-font-family:?&#39?;=\"\" mso-bidi-font-family:?&#39?;color:black?=\"\" lang=\"RU\">&nbsp;</span><span lang=\"RU\"><br />  </span><span style=\"font-family:\" &#39?;mso-fareast-font-family:=\"\" \"&#39?;mso-bidi-font-family:?&#39?;color:black?=\"\" lang=\"RU\">dieser Website  Erhebung oder Verwendung von Produktlisten, Beschreibungen oder Preisen, von  der Website zum Wohle eines anderen H&auml;ndlers, dass die Produkte im Wettbewerb  mit oder vergleichbar mit denen auf der Website angeboten liefert, und jede  Nutzung, Besuche oder andere Ma&szlig;nahmen dass erlegt eine unangemessene oder  unverh&auml;ltnism&auml;&szlig;ig gro&szlig;e Last auf der Website oder auf andere Weise st&ouml;rt mit  seinen richtigen und rechtzeitigen funktioniert. Diese Seite enth&auml;lt keine  &Uuml;berpr&uuml;fung oder Kontrolle Websites von Drittanbietern, die auf oder von der  Website und keine Verantwortung f&uuml;r den Inhalt der Websites von Drittanbietern  in Verbindung mit oder von der Website.</span><span lang=\"RU\"><br />  <br />  </span><b><span style=\"font-family:  \" &#39?;mso-fareast-font-family:?&#39?;mso-bidi-font-family:?&#39?;=\"\" color:black?=\"\" lang=\"RU\">Urheberrecht</span></b><span lang=\"RU\"><br />  </span><span style=\"font-family:\" &#39?;mso-fareast-font-family:=\"\" \"&#39?;mso-bidi-font-family:?&#39?;color:black?=\"\" lang=\"RU\">Sie erkennen an, dass  die Website Informationen, Daten, Software, Fotos, Grafiken, Videos, Schriften,  Grafiken, Musik, Ger&auml;usche und andere Materialien (gemeinsam  \"Content\"), die durch Urheberrechte, Marken, Gesch&auml;ftsgeheimnisse  oder andere Eigentumsrechte gesch&uuml;tzt sind enthalten , und dass diese Rechte  g&uuml;ltig und gesch&uuml;tzt in allen Formen, Medien und Technologien, die jetzt oder  im Folgenden entwickelt werden. Alle Inhalte sind als Sammelwerk  urheberrechtlich gesch&uuml;tzt. Sie k&ouml;nnen nicht &auml;ndern, zu entfernen, l&ouml;schen, zu  erg&auml;nzen, zu erg&auml;nzen, zu ver&ouml;ffentlichen, zu &uuml;bertragen, an der Weitergabe  oder der Verkauf, abgeleitete Werke zu erstellen, oder in irgendeiner Weise zu  nutzen eines der Inhalt im Ganzen oder in Teilen. Wenn keine besonderen  Einschr&auml;nkungen angezeigt werden, k&ouml;nnen Sie Kopien von ausgew&auml;hlten Teile des  Inhalts, vorausgesetzt, dass die Kopien nur f&uuml;r den pers&ouml;nlichen Gebrauch, und  dass Sie halten keine Hinweise in den Inhalten enthalten sind, wie alle  Copyright-Vermerke, Marken-Legenden, oder gemacht werden anderen  Eigentumsrechten.</span><span lang=\"RU\"> </span><span style=\"font-family:  \" &#39?;mso-fareast-font-family:?&#39?;mso-bidi-font-family:?&#39?;=\"\" color:black?=\"\" lang=\"RU\">&nbsp;</span><span lang=\"RU\"><br />  <br />  </span><b><span style=\"font-family:  \" &#39?;mso-fareast-font-family:?&#39?;mso-bidi-font-family:?&#39?;=\"\" color:black?=\"\" lang=\"RU\">Haftungsbeschr&auml;nkung</span></b><span lang=\"RU\"><br />  </span><span style=\"font-family:\" &#39?;mso-fareast-font-family:=\"\" \"&#39?;mso-bidi-font-family:?&#39?;color:black?=\"\" lang=\"RU\">Diese Website,  einschlie&szlig;lich, aber nicht beschr&auml;nkt auf Fahrl&auml;ssigkeit, haftet nicht f&uuml;r den  Verlust von Eigentum, Profit oder pers&ouml;nlichen Schaden durch die Nutzung oder  Unm&ouml;glichkeit der Nutzung der Ware auf dieser Website.</span><span lang=\"RU\"><br />  <br />  </span><b><span style=\"font-family:  \" &#39?;mso-fareast-font-family:?&#39?;mso-bidi-font-family:?&#39?;=\"\" color:black?=\"\" lang=\"RU\">Ihr Konto</span></b><span lang=\"RU\"><br />  </span><span style=\"font-family:\" &#39?;mso-fareast-font-family:=\"\" \"&#39?;mso-bidi-font-family:?&#39?;color:black?=\"\" lang=\"RU\">Wenn Sie diese  Website nutzen, sind Sie verantwortlich f&uuml;r die Wahrung der Vertraulichkeit  Ihres Kontos und Passworts sowie f&uuml;r den Zugang zu Ihrem Computer, und Sie  &uuml;bernehmen die Verantwortung f&uuml;r alle Aktivit&auml;ten, die unter Ihrem Konto oder  Kennwort auftreten. Wenn Sie unter 18 sind, k&ouml;nnen Sie diese Seite nur mit  einem Elternteil oder Erziehungsberechtigten nutzen.</span><span lang=\"RU\"> </span><span style=\"font-family:\" &#39?;mso-fareast-font-family:?&#39?;=\"\" mso-bidi-font-family:?&#39?;color:black?=\"\" lang=\"RU\">&nbsp;</span><span lang=\"RU\"><br />  <br />  </span><b><span style=\"font-family:  \" &#39?;mso-fareast-font-family:?&#39?;mso-bidi-font-family:?&#39?;=\"\" color:black?=\"\" lang=\"RU\">Pricing Haftungsausschluss</span></b><span lang=\"RU\"><br />  <br />  </span><span style=\"font-family:\" &#39?;mso-fareast-font-family:=\"\" \"&#39?;mso-bidi-font-family:?&#39?;color:black?=\"\" lang=\"RU\">Alle Preise sind  freibleibend. F&uuml;r alle Preise, Produkte und Angebote, beh&auml;lt dieser Website das  Recht vor, Anpassungen aufgrund von ver&auml;nderten Marktbedingungen, die  Einstellung des Erzeugnisses, Hersteller Preis&auml;nderungen, Irrt&uuml;mer in der  Werbung und andere mildernde Umst&auml;nde zu machen.</span><span lang=\"RU\"><br />  <br />  </span><b><span style=\"font-family:  \" &#39?;mso-fareast-font-family:?&#39?;mso-bidi-font-family:?&#39?;=\"\" color:black?=\"\" lang=\"RU\">Uneinigkeit der Nutzungsbedingungen und AGB</span></b><span lang=\"RU\"><br />  </span><span style=\"font-family:\" &#39?;mso-fareast-font-family:=\"\" \"&#39?;mso-bidi-font-family:?&#39?;color:black?=\"\" lang=\"RU\">Wenn Sie mit einer  der Bedingungen dieser Nutzungsvereinbarung nicht zustimmen, besuchen Sie bitte  nicht, suchen, einkaufen, zuzugreifen oder diese anderweitig nutzen Sie diese  Website. Ihre Nutzung dieser Website erkl&auml;ren Sie sich mit den Bedingungen  dieser Vereinbarung gebunden zu sein. Wir behalten uns vor zu &uuml;berarbeiten oder  zu &auml;ndern iScripts Nutzungsbedingungen, Datenschutz und Vorschriften ohne  vorherige Ank&uuml;ndigung.</span></p>\r\n      \r\n\r\n','Bedingungen'),(103,12,2,'\r\n  \r\n<p class=\"MsoNormal\"><span style=\"mso-fareast-font-family:\" &#39?;=\"\" mso-bidi-font-family:?&#39?;color:black?=\"\" lang=\"RU\">Nous reconnaissons l\'importance  de prot&eacute;ger la confidentialit&eacute; des renseignements personnels sur nos clients.  Les renseignements personnels comprennent toutes les informations  d\'identification personnelle que nous sont fournies. Nous sommes sensibles &agrave;  ces int&eacute;r&ecirc;ts priv&eacute;s et nous croyons que la protection des informations  personnelles pr&eacute;cieuses / financier est l\'une de nos responsabilit&eacute;s les plus  importantes.</span><span lang=\"RU\"><br />  <br />  </span><b><span style=\"mso-fareast-font-family:  \" &#39?;mso-bidi-font-family:?&#39?;color:orange?=\"\" lang=\"RU\">Les politiques  d&eacute;crites ci-dessous d&eacute;crivent nos politiques pour prot&eacute;ger votre vie priv&eacute;e.</span></b><span lang=\"RU\"><br />  <br />  </span><b><span style=\"mso-fareast-font-family:  \" &#39?;mso-bidi-font-family:?&#39?;color:black?=\"\" lang=\"RU\">Utilisation, la  collecte et la conservation des informations client</span></b><span lang=\"RU\"><br />  </span><span style=\"mso-fareast-font-family:\" &#39?;mso-bidi-font-family:=\"\" \"&#39?;color:black?=\"\" lang=\"RU\">Nous recueillons, conserver et utiliser seulement les  informations sur nos clients qui est requis par la loi pour administrer notre  entreprise et offrir des services de haut niveau pour nos clients. Nous  conservons ces informations ne sont plus que n&eacute;cessaires pour atteindre ces  objectifs. Toutes les informations transmises de cr&eacute;dit carte est trait&eacute;e en  toute s&eacute;curit&eacute; gr&acirc;ce &agrave; cryptage num&eacute;rique Secure Socket Layers (SSL).</span><span lang=\"RU\"><br />  <br />  </span><b><span style=\"mso-fareast-font-family:  \" &#39?;mso-bidi-font-family:?&#39?;color:black?=\"\" lang=\"RU\">Spam</span></b><span lang=\"RU\"><br />  </span><span style=\"mso-fareast-font-family:\" &#39?;mso-bidi-font-family:=\"\" \"&#39?;color:black?=\"\" lang=\"RU\">Le spam est inondations Internet avec de nombreuses  copies du m&ecirc;me message, dans une tentative de forcer le message sur les  personnes qui n\'auraient autrement pas choisir de le recevoir. Spam cible les  utilisateurs individuels avec des messages de publipostage et des co&ucirc;ts de  l\'exp&eacute;diteur que tr&egrave;s peu &agrave; envoyer. La plupart des co&ucirc;ts sont pay&eacute;s par le  destinataire ou les transporteurs, plut&ocirc;t que par l\'exp&eacute;diteur.</span><span lang=\"RU\"><br />  <br />  </span><span style=\"mso-fareast-font-family:\" &#39?;mso-bidi-font-family:=\"\" \"&#39?;color:black?=\"\" lang=\"RU\">Nous ne pardonnons pas l\'utilisation de spam et  l\'envoi de courriels non sollicit&eacute;s de toute forme, nous ne contr&ocirc;lons pas  l\'implication d\'autres sites Web et / ou pratiques dans ce domaine.</span></p>\r\n            \r\n\r\n','Politique de confidentialité'),(107,11,6,'\r\n  Verkaufen Sie Ihre gebrauchten oder nicht benutzten Artikel zu einem g&uuml;nstigeren Preis!    \r\n\r\n','Verkaufen'),(104,12,5,'<p>    Nosotros reconocemos la importance ade proteger la privacidad de la informacion personal d enuestros clientes. La informacion personal incluye toda la informacion de identificacion que nos proporcione. Somos sensibles a los intereses privados y creemos que proteger la valiosa informacion personal y financiera de usted representa una de los responsabilidades mas importante para nosotros.<br />    &nbsp;</p>\r\n<p>    <span style=\"color:#ff8c00;\"><strong>Las politaicas descritas abajo describen nuestra politicas para proteger sy privacidad..</strong></span><br />    <br />    <strong>Uso, colecion y retencion de informacion del cliente.</strong><br />    Nosotros recogemos conservamos y utilisamos solo la informacion sobre nuestros clients que es requerida por la ley para administraer nuestro negocio y proporcionar servicios de alta calidad a nuestro clientes. Nos reservamos esta informacion no mas de lo necesario para alcanzar estos objectivos. Toda la informacion de tarjeta de credito transmitido a nuestro sitio se maneja de forma seguara, atraves de technologia digitalmente encriptada segura - SSL (Secure Socket Layers).<br />    <br />    <strong>Politica contra el </strong><strong>spam</strong><br />    El spam esta inundando el Internet con muchas copias del mismo mensaje, en un intento de forzar el mensaje al las personas que de otro modo no querian de recibirlo. El spam esta dirigido al usuarios individuales con mensajes de correo electronicos directos que cuesta quasi nada para remitir. La mayoria de los costos son pagados por el beneficiario del correo o por las companias de internet.<br />    <br />    Nosotros no aprobamos el uso de spam y el envio de correo electronico no solicitado de cualquier forma ni tampoco controlamos la interevncion de otros sitios de Internet y/o practicas en este ambito.</p>','Politica de Privacidad'),(106,11,5,'\r\n<p>    &iexcl;Vender los articulos que usted quieres vender no estas utilizando a un precio mejor!</p>\r\n\r\n','Vender'),(105,12,6,'\r\n  \r\n<p class=\"MsoNormal\"><span style=\"font-family:\" &#39?;mso-fareast-font-family:=\"\" \"&#39?;mso-bidi-font-family:?&#39?;color:black?=\"\" lang=\"RU\">Wir erkennen die  Bedeutung des Schutzes der Privatsph&auml;re von pers&ouml;nlichen Informationen unserer  Kunden. Pers&ouml;nliche Informationen enth&auml;lt alle pers&ouml;nlichen Informationen, die  uns zur Verf&uuml;gung gestellt wird. Wir sind uns dieser privaten Interessen und  glauben, dass der Schutz der wertvollen pers&ouml;nlichen / Finanzinformationen ist  eine unserer wichtigsten Aufgaben.</span><span lang=\"RU\"><br />  <br />  </span><b><span style=\"font-family:  \" &#39?;mso-fareast-font-family:?&#39?;mso-bidi-font-family:?&#39?;=\"\" color:orange?=\"\" lang=\"RU\">Die Politik skizziert unten beschreiben unsere Richtlinien zum  Schutz Ihrer Privatsph&auml;re.</span></b><span lang=\"RU\"><br />  <br />  </span><b><span style=\"font-family:  \" &#39?;mso-fareast-font-family:?&#39?;mso-bidi-font-family:?&#39?;=\"\" color:black?=\"\" lang=\"RU\">Die Verwendung, Sammlung und Speicherung von Client-Informationen</span></b><span lang=\"RU\"><br />  </span><span style=\"font-family:\" &#39?;mso-fareast-font-family:=\"\" \"&#39?;mso-bidi-font-family:?&#39?;color:black?=\"\" lang=\"RU\">Wir erheben,  speichern und nutzen nur die Informationen &uuml;ber unsere Kunden, dass dies  gesetzlich vorgeschrieben ist, um unser Gesch&auml;ft zu verwalten und bieten hohe  Leistungen f&uuml;r unsere Kunden. Wir speichern diese Daten nicht l&auml;nger als n&ouml;tig,  um diese Ziele zu erreichen. Alle &uuml;bermittelten Kreditkarteninformationen  werden sicher &uuml;ber digital verschl&uuml;sselte Secure Socket Layers  (SSL)-Technologie behandelt.</span><span lang=\"RU\"><br />  <br />  </span><b><span style=\"font-family:  \" &#39?;mso-fareast-font-family:?&#39?;mso-bidi-font-family:?&#39?;=\"\" color:black?=\"\" lang=\"RU\">Spam-Richtlinie</span></b><span lang=\"RU\"><br />  </span><span style=\"font-family:\" &#39?;mso-fareast-font-family:=\"\" \"&#39?;mso-bidi-font-family:?&#39?;color:black?=\"\" lang=\"RU\">Spam &uuml;berflutet das  Internet mit vielen Kopien der gleichen Nachricht, in einem Versuch, die  Nachricht auf Menschen, die sonst nicht w&auml;hlen, sie zu empfangen zwingen w&uuml;rde.  E-Mail Spam Ziele einzelne Benutzer mit Direct-Mail-Nachrichten und Kosten des  Absenders nur sehr wenig zu senden. Die meisten Kosten werden durch den  Empf&auml;nger oder die Tr&auml;ger als Lasten des Absenders.</span><span lang=\"RU\"><br />  <br />  </span><span style=\"font-family:\" &#39?;mso-fareast-font-family:=\"\" \"&#39?;mso-bidi-font-family:?&#39?;color:black?=\"\" lang=\"RU\">Wir dulden die  Nutzung von Spam und das Versenden von unerw&uuml;nschten E-Mails in irgendeiner  Form, noch haben wir Kontrolle &uuml;ber andere Websites Beteiligung und / oder  Praktiken in diesem Bereich.</span></p>\r\n            \r\n\r\n','Datenschutzbestimmungen'),(108,10,5,'\r\n<p>    Limpiar su casa de articulos que no estas usando, mediante el canje por algo que usted necesita.</p>\r\n\r\n','Baratar'),(109,10,6,'\r\n  Entr&uuml;mpeln Sie Ihr Haus halten Produkten durch den Austausch mit etwas, das Sie brauchen.    \r\n\r\n','tauschen'),(110,9,2,'\r\n      Obtenir un article que vous avez cherch&eacute; &agrave; meilleur prix.    \r\n\r\n','souhaits'),(111,9,5,'\r\n  \r\n<p>    Obtener un articulo, que usted ha estado buscando, a un precio mejor.</p>\r\n    \r\n\r\n','Deseo'),(112,9,6,'\r\n      Verschaffen Sie sich einen Artikel, den Sie gesucht haben zu einem besseren Preis.    \r\n\r\n','Wunsch'),(113,8,2,'\r\n<p class=\"MsoNormal\"><b><span style=\"mso-fareast-font-family:\" &#39?;mso-bidi-font-family:?&#39?;=\"\" color:black?=\"\" lang=\"RU\">Nous ne sommes pas juste un site web, nous sommes une communaut&eacute;!</span></b><span lang=\"RU\"><br />  <br />  </span><span style=\"mso-fareast-font-family:\" &#39?;mso-bidi-font-family:=\"\" \"&#39?;color:black?=\"\" lang=\"RU\">Ce site est un service en ligne permutation, o&ugrave; les  membres peuvent acc&eacute;der aux d&eacute;tails sur les autres membres des articles non  d&eacute;sir&eacute;s, et &eacute;l&eacute;ments de liste sur le site eux-m&ecirc;mes qu\'ils n\'ont plus besoin,  puis faire une demande pour des biens voulait. Notre objectif principal est d\'aider  nos membres &agrave; se d&eacute;barrasser de leurs &eacute;l&eacute;ments ind&eacute;sirables et de leur  permettre de trouver des biens dont ils ont besoin parmi les uns des autres  sans aucun frais.</span><span lang=\"RU\"><br />  <br />  </span><span style=\"mso-fareast-font-family:\" &#39?;mso-bidi-font-family:=\"\" \"&#39?;color:black?=\"\" lang=\"RU\">Ce site est n&eacute; de l\'id&eacute;e que de nombreux individus  luttent aujourd\'hui pour d&eacute;cider quoi faire avec les &eacute;l&eacute;ments qu\'ils n\'ont plus  l\'utiliser pour. Nous avons constat&eacute; que, plus souvent qu\'autrement, ces  &eacute;l&eacute;ments sont g&eacute;n&eacute;ralement corrompue ou totalement ignor&eacute;s et vous savez ce  qu\'ils disent \"Trash Un homme est le tr&eacute;sor d\'un autre homme.\" Dans  cet esprit, nous avons reconnu qu\'il y avait effectivement une place dans  l\'&eacute;conomie d\'aujourd\'hui pour ces personnes, et cette place est ici!</span><span lang=\"RU\"><br />  <br />  </span><span style=\"mso-fareast-font-family:\" &#39?;mso-bidi-font-family:=\"\" \"&#39?;color:black?=\"\" lang=\"RU\">Notre personnel, s\'est pleinement engag&eacute; &agrave; assurer que  chaque utilisateur dans notre communaut&eacute; est combl&eacute;s. De plus, notre personnel  est constamment converser entre eux des &eacute;changes d\'id&eacute;es et les pens&eacute;es  d\'autres nouvelles pour vous accueillir. Nous aimerions entendre vos id&eacute;es et  vos pens&eacute;es aussi! Nous esp&eacute;rons que vous appr&eacute;cierez notre site et de tous les  avantages qu\'elle apporte &agrave; vous.</span><span lang=\"RU\"> </span><span style=\"mso-fareast-font-family:\" &#39?;mso-bidi-font-family:?&#39?;=\"\" color:black?=\"\" lang=\"RU\">&nbsp;</span></p>\r\n\r\n','A propos de nous'),(114,8,5,'<p>    <strong>No somos solo un sitio en internet, somos una comunidad!</strong><br />    <br />    Este sitio es un servicio on-line de intercambio, donde los miembros pueden promocionar articulos que no necesitan mas. Nuestro sitio facilita a los miembros para baratar estos articulos. Nuestro principal objectivo es ayudar a nuestro miembros de desharcese de sus articolos que no lo necesitan y buscar otros productos, sin costo alguno.</p>\r\n<p>    Este sitio nacio de la idea que hoy en el dia hay muchas personas que no puede decidir que hacer con los articulos para que no tinen uso. Hemos encontrado que mas a menudo que no estos articulos suelen ser colocado en un rincon o tirado a la basura y se sabe el dicio que &ldquo;basura de uno es tesoro de otro&rdquo;. Con esto en mente ne dimos cuenta de que abia heho un lugar en la economia actual para estas personas y este lugar este aqu&iacute; en</p>\r\n<p>    Nuestro personal esta totalmente comprometido a asegurar que cada de los usuarios en nuestra comunidad esta atendido. Ademas, nuestro personal esta analizando permanentemente como hacer mejor para encontrar y implementar nuevas ideas para hacer mas facil el uso de nuestro sitio en beneficio de toda la comunidad. Nos encantaria echchar sus ideas y pensamientos tambien.</p>\r\n<p>    Esperamos que usted disfrute de nuestro sitio y de todos los beneficios que trae para usted.</p>','Quienes somos'),(115,8,6,'\r\n<p class=\"MsoNormal\"><b><span style=\"font-family:\" &#39?;mso-fareast-font-family:?&#39?;mso-bidi-font-family:=\"\" \"&#39?;color:black?=\"\" lang=\"RU\">Wir sind nicht nur eine Website sind wir eine  Gemeinschaft!</span></b><span lang=\"RU\"><br />  <br />  </span><span style=\"font-family:\" &#39?;mso-fareast-font-family:=\"\" \"&#39?;mso-bidi-font-family:?&#39?;color:black?=\"\" lang=\"RU\">Diese Seite ist ein  on-line Austausch-Service, in denen die Mitglieder Informationen &uuml;ber andere  Mitglieder unerw&uuml;nschte Elemente und Listenelemente auf der Website selbst sie  nicht mehr ben&ouml;tigen, zugreifen k&ouml;nnen, dann machen Anforderung wollte G&uuml;ter.  Unser Hauptziel ist es, unseren Mitgliedern helfen loszuwerden ihre  unerw&uuml;nschte Elemente und es ihnen erm&ouml;glichen, Waren, die sie brauchen  untereinander kostenlos zu finden.</span><span lang=\"RU\"><br />  <br />  </span><span style=\"font-family:\" &#39?;mso-fareast-font-family:=\"\" \"&#39?;mso-bidi-font-family:?&#39?;color:black?=\"\" lang=\"RU\">Diese Seite wurde aus  der Erkenntnis, dass viele Menschen heute Kampfes entscheiden, was mit  Gegenst&auml;nde, die sie nicht mehr haben verwenden geboren. Wir haben  festgestellt, dass mehr als oft nicht, diese Elemente sind in der Regel im  Papierkorb oder v&ouml;llig au&szlig;er Acht gelassen, und Sie wissen, was sie sagen  \"One Man ist Trash Another Man Schatz ist.\" In diesem Sinne haben wir  erkannt, dass es tats&auml;chlich einen Platz in der heutigen Wirtschaft f&uuml;r diese  Personen, und dieser Ort ist hier!</span><span lang=\"RU\"><br />  <br />  </span><span style=\"font-family:\" &#39?;mso-fareast-font-family:=\"\" \"&#39?;mso-bidi-font-family:?&#39?;color:black?=\"\" lang=\"RU\">Unser Personal ist  voll versichert, dass jeder Benutzer in unserer Gemeinde ist es, Catering  verpflichtet. Dar&uuml;ber hinaus sind unsere Mitarbeiter st&auml;ndig im Gespr&auml;ch  untereinander den Austausch neuer Ideen und Gedanken mit Ihnen aufnehmen. Wir  freuen uns auf Ihre Ideen und Gedanken zu h&ouml;ren! Wir hoffen, dass Sie unsere  Website und alle Vorteile es bringt, Sie genie&szlig;en.</span><span lang=\"RU\"> </span><span style=\"font-family:\" &#39?;mso-fareast-font-family:?&#39?;=\"\" mso-bidi-font-family:?&#39?;color:black?=\"\" lang=\"RU\">&nbsp;</span></p>\r\n      \r\n\r\n','Über uns'),(119,15,6,'\r\n                                  \r\n<table border=\"0\" cellpadding=\"0\" cellspacing=\"0\">                        \r\n<tbody>                            \r\n<tr>                                \r\n<td colspan=\"3\" style=\"width:576px;height:0px;\">                                      New Artikel wurde hinzugef&uuml;gt              </td>        </tr>                            \r\n<tr>                                \r\n<td style=\"width:129px;height:0px;\">                                      Kategorie            </td>                                \r\n<td style=\"width:444px;height:0px;\">                                      <strong>{txtCategoryname}</strong>              </td>                                \r\n<td style=\"width:3px;height:0px;\">                                    \r\n<p>                    &nbsp;</p>\r\n                                </td>        </tr>                              \r\n<tr>                                \r\n<td style=\"width:129px;height:0px;\">                                      Titel            </td>                                \r\n<td style=\"width:444px;height:0px;\">                                      <strong>{txtTitle}</strong>            </td>                                  \r\n<td style=\"width:3px;height:0px;\">                                    \r\n<p>                    &nbsp;</p>\r\n                                </td>        </tr>                              \r\n<tr>                                \r\n<td style=\"width:129px;height:0px;\">                                      Branding            </td>                                \r\n<td style=\"width:444px;height:0px;\">                                      <strong>{txtBrand}</strong>            </td>                                  \r\n<td style=\"width:3px;height:0px;\">                                    \r\n<p>                    &nbsp;</p>\r\n                                </td>        </tr>                              \r\n<tr>                                \r\n<td style=\"width:129px;height:0px;\">                                      Typ            </td>                                \r\n<td style=\"width:444px;height:0px;\">                                      <strong>{ddlType}</strong>            </td>                                  \r\n<td style=\"width:3px;height:0px;\">                                    \r\n<p>                    &nbsp;</p>\r\n                                </td>        </tr>                              \r\n<tr>                                \r\n<td style=\"width:129px;height:0px;\">                                      Bedingung            </td>                                \r\n<td style=\"width:444px;height:0px;\">                                      <strong>{ddlCondition}</strong>            </td>                                  \r\n<td style=\"width:3px;height:0px;\">                                    \r\n<p>                    &nbsp;</p>\r\n                                </td>        </tr>                              \r\n<tr>                                \r\n<td style=\"width:129px;height:0px;\">                                      Jahr            </td>                                \r\n<td style=\"width:444px;height:0px;\">                                      <strong>{txtYear}</strong>            </td>                                  \r\n<td style=\"width:3px;height:0px;\">                                    \r\n<p>                    &nbsp;</p>\r\n                                </td>        </tr>                              \r\n<tr>                                \r\n<td style=\"width:129px;height:0px;\">                                      {pricename}            </td>                                \r\n<td style=\"width:444px;height:0px;\">                                      <strong>{txtValue}</strong>            </td>                                  \r\n<td style=\"width:3px;height:0px;\">                                    \r\n<p>                    &nbsp;</p>\r\n                                </td>        </tr>                              \r\n<tr>                                \r\n<td colspan=\"3\" style=\"width:576px;height:0px;\">                                      Vielen Dank            </td>        </tr>                              \r\n<tr>                                \r\n<td colspan=\"3\" style=\"width:576px;height:0px;\">                                      \r\n<p>                    {SITE_NAME}   Crew.&nbsp;{SITE_URL}</p>\r\n                                </td>        </tr>      </tbody></table>                    \r\n<p>    &nbsp;</p>\r\n                                                    \r\n\r\n','Neues Element ist in {SITE_NAME} hinzugefügt worden'),(122,17,5,'\r\n<table border=\"0\" cellpadding=\"4\" cellspacing=\"0\" width=\"610\">    <colgroup>        <col>        <col>    </colgroup>      \r\n<tbody>          \r\n<tr>              \r\n<td colspan=\"2\">                  \r\n<p>                    El siguente articulo se ha vendido en {site_name}</p>\r\n              </td>        </tr>          \r\n<tr>              \r\n<td>                  \r\n<p>                    Nombre del producto</p>\r\n              </td>              \r\n<td>                  \r\n<p>                    {var_title}</p>\r\n              </td>        </tr>          \r\n<tr>              \r\n<td>                  \r\n<p>                    El precio del producto</p>\r\n              </td>              \r\n<td>                  \r\n<p>                    {var_amount}</p>\r\n              </td>        </tr>          \r\n<tr>              \r\n<td>                  \r\n<p>                    La cantidad</p>\r\n              </td>              \r\n<td>                  \r\n<p>                    {var_quantity}</p>\r\n              </td>        </tr>          \r\n<tr>              \r\n<td>                  \r\n<p>                    Identificacion del la transacion</p>\r\n              </td>              \r\n<td>                  \r\n<p>                    {txnid}</p>\r\n              </td>        </tr>          \r\n<tr>              \r\n<td>                  \r\n<p>                    Comprador</p>\r\n              </td>              \r\n<td>                  \r\n<p>                    {guserFName}</p>\r\n              </td>        </tr>          \r\n<tr>              \r\n<td colspan=\"2\" height=\"23\">                  \r\n<p>                    La {SITE_NAME} Tripulacion | {SITE_URL}</p>\r\n              </td>        </tr>    </tbody></table>  \r\n<p>    &nbsp;</p>\r\n\r\n','Uno de sus productos aparezcan en ¡{site_name}! ha sido vendido'),(123,17,6,'\r\n<table border=\"0\" cellpadding=\"0\" cellspacing=\"0\">      \r\n<tbody>          \r\n<tr>              \r\n<td colspan=\"3\" style=\"width:576px;height:0px;\">                  \r\n<p>                    Nach Artikel wurde am {SITE_NAME} verkauft worden</p>\r\n              </td>        </tr>          \r\n<tr>              \r\n<td style=\"width:125px;height:0px;\">                  \r\n<p>                    Artikel Name</p>\r\n              </td>              \r\n<td style=\"width:447px;height:0px;\">                  \r\n<p>                    {var_title}</p>\r\n              </td>              \r\n<td style=\"width:3px;height:0px;\">                  \r\n<p>                    &nbsp;</p>\r\n              </td>        </tr>          \r\n<tr>              \r\n<td style=\"width:125px;height:0px;\">                  \r\n<p>                    Produkt Anzahl</p>\r\n              </td>              \r\n<td style=\"width:447px;height:0px;\">                  \r\n<p>                    {var_amount}</p>\r\n              </td>              \r\n<td style=\"width:3px;height:0px;\">                  \r\n<p>                    &nbsp;</p>\r\n              </td>        </tr>          \r\n<tr>              \r\n<td style=\"width:125px;height:0px;\">                  \r\n<p>                    Qunatity</p>\r\n              </td>              \r\n<td style=\"width:447px;height:0px;\">                  \r\n<p>                    {var_quantity}</p>\r\n              </td>              \r\n<td style=\"width:3px;height:0px;\">                  \r\n<p>                    &nbsp;</p>\r\n              </td>        </tr>          \r\n<tr>              \r\n<td style=\"width:125px;height:0px;\">                  \r\n<p>                    Transaktions-ID:</p>\r\n              </td>              \r\n<td style=\"width:447px;height:0px;\">                  \r\n<p>                    {txnid}</p>\r\n              </td>              \r\n<td style=\"width:3px;height:0px;\">                  \r\n<p>                    &nbsp;</p>\r\n              </td>        </tr>          \r\n<tr>              \r\n<td style=\"width:125px;height:0px;\">                  \r\n<p>                    d. K&auml;ufer</p>\r\n              </td>              \r\n<td style=\"width:447px;height:0px;\">                  \r\n<p>                    {guserFName}</p>\r\n              </td>              \r\n<td style=\"width:3px;height:0px;\">                  \r\n<p>                    &nbsp;</p>\r\n              </td>        </tr>          \r\n<tr>              \r\n<td colspan=\"3\" style=\"width:576px;height:0px;\">                  \r\n<p>                    Die {SITE_NAME} Crew | {SITE_URL}</p>\r\n              </td>        </tr>    </tbody></table>  \r\n<p>    &nbsp;</p>\r\n\r\n','Eine Ihrer Produkte auf der {SITE_NAME} aufgeführt wurde verkauft'),(125,18,6,'\r\n  \r\n<table border=\"0\" cellpadding=\"0\" cellspacing=\"0\">        \r\n<tbody>            \r\n<tr>                \r\n<td colspan=\"2\" style=\"width:576px;height:0px;\">                    \r\n<p>                    Neuer Kommentar von {txtName}</p>\r\n                </td>        </tr>            \r\n<tr>                \r\n<td style=\"width:128px;height:0px;\">                    \r\n<p>                    &nbsp;</p>\r\n                </td>                \r\n<td style=\"width:448px;height:0px;\">                    \r\n<p>                    &nbsp;</p>\r\n                </td>        </tr>            \r\n<tr>                \r\n<td style=\"width:128px;height:0px;\">                    \r\n<p>                    Name</p>\r\n                </td>                \r\n<td style=\"width:448px;height:0px;\">                    \r\n<p>                    {txtName}</p>\r\n                </td>        </tr>            \r\n<tr>                \r\n<td style=\"width:128px;height:0px;\">                    \r\n<p>                    E-Mail</p>\r\n                </td>                \r\n<td style=\"width:448px;height:0px;\">                    \r\n<p>                    {txtEmail}</p>\r\n                </td>        </tr>            \r\n<tr>                \r\n<td style=\"width:128px;height:0px;\">                    \r\n<p>                    Adresse</p>\r\n                </td>                \r\n<td style=\"width:448px;height:0px;\">                    \r\n<p>                    {txtAddress}</p>\r\n                </td>        </tr>            \r\n<tr>                \r\n<td style=\"width:128px;height:0px;\">                    \r\n<p>                    Telefon</p>\r\n                </td>                \r\n<td style=\"width:448px;height:0px;\">                    \r\n<p>                    {txtPhone}</p>\r\n                </td>        </tr>            \r\n<tr>                \r\n<td style=\"width:128px;height:0px;\">                    \r\n<p>                    Kommentieren</p>\r\n                </td>                \r\n<td style=\"width:448px;height:0px;\">                    \r\n<p>                    {txtMsg}</p>\r\n                </td>        </tr>            \r\n<tr>                \r\n<td style=\"width:128px;height:0px;\">                    \r\n<p>                    &nbsp;</p>\r\n                </td>                \r\n<td style=\"width:448px;height:0px;\">                    \r\n<p>                    &nbsp;</p>\r\n                </td>        </tr>            \r\n<tr>                \r\n<td colspan=\"2\" style=\"width:576px;height:0px;\">                    \r\n<p>                    Vielen Dank!</p>\r\n                </td>        </tr>            \r\n<tr>                \r\n<td colspan=\"2\" style=\"width:576px;height:0px;\">                    \r\n<p>                    {SITE_NAME} Crew.&nbsp;{SITE_URL}</p>\r\n                </td>        </tr>    </tbody></table>    \r\n<p>    &nbsp;</p>\r\n    \r\n\r\n','Neuer Kommentar von {txtName}!'),(126,19,5,'<table border=\"0\" cellpadding=\"4\" cellspacing=\"0\" width=\"586\">    <colgroup>        <col>        <col>    </colgroup>    \r\n<tbody>        \r\n<tr>            \r\n<td colspan=\"2\">                \r\n<p>                    Un nuevo producto ha sido anadido la {TYPE}lista. Los detalles del tema se da a continuaci&oacute;n.</p>\r\n                \r\n<p>                    &nbsp;</p>\r\n            </td>        </tr>        \r\n<tr>            \r\n<td>                \r\n<p>                    Titulo:</p>\r\n            </td>            \r\n<td>                \r\n<p>                    <strong>{txtCategoryname}</strong></p>\r\n            </td>        </tr>        \r\n<tr>            \r\n<td>                \r\n<p>                    Marca:</p>\r\n            </td>            \r\n<td>                \r\n<p>                    <strong>{txtTitle}</strong></p>\r\n            </td>        </tr>        \r\n<tr>            \r\n<td>                \r\n<p>                    Tipo:</p>\r\n            </td>            \r\n<td>                \r\n<p>                    <strong>{txtBrand}</strong></p>\r\n            </td>        </tr>        \r\n<tr>            \r\n<td>                \r\n<p>                    Condiciones:</p>\r\n            </td>            \r\n<td>                \r\n<p>                    <strong>{ddlType}</strong></p>\r\n            </td>        </tr>        \r\n<tr>            \r\n<td>                \r\n<p>                    Ano:</p>\r\n            </td>            \r\n<td>                \r\n<p>                    <strong>{ddlCondition}</strong></p>\r\n            </td>        </tr>        \r\n<tr>            \r\n<td>                \r\n<p>                    El precio:</p>\r\n            </td>            \r\n<td>                \r\n<p>                    <strong>{txtYear}</strong></p>\r\n            </td>        </tr>        \r\n<tr>            \r\n<td>                \r\n<p>                    Titulo:</p>\r\n            </td>            \r\n<td>                \r\n<p>                    <strong>{txtValue}</strong></p>\r\n            </td>        </tr>        \r\n<tr>            \r\n<td colspan=\"2\">                \r\n<p>                    Gracias,</p>\r\n            </td>        </tr>        \r\n<tr>            \r\n<td colspan=\"2\">                \r\n<p>                    {SITE_NAME} Tripulacion. | {SITE_URL}</p>\r\n            </td>        </tr>    </tbody></table>\r\n<p>    &nbsp;</p>','Nuevo producto anadido a la lista de ventas!'),(127,19,6,'\r\n                      \r\n<table border=\"0\" cellpadding=\"0\" cellspacing=\"0\">                  \r\n<tbody>                      \r\n<tr>                          \r\n<td colspan=\"3\" style=\"width:576px;height:0px;\">                                      New Artikel wurde hinzugef&uuml;gt              </td>        </tr>                      \r\n<tr>                          \r\n<td style=\"width:129px;height:0px;\">                                      Kategorie            </td>                          \r\n<td style=\"width:444px;height:0px;\">                                      <strong>{txtCategoryname}</strong>              </td>                          \r\n<td style=\"width:3px;height:0px;\">                              \r\n<p>                    &nbsp;</p>\r\n                          </td>        </tr>                        \r\n<tr>                          \r\n<td style=\"width:129px;height:0px;\">                                      Titel            </td>                          \r\n<td style=\"width:444px;height:0px;\">                                      <strong>{txtTitle}</strong>            </td>                            \r\n<td style=\"width:3px;height:0px;\">                              \r\n<p>                    &nbsp;</p>\r\n                          </td>        </tr>                        \r\n<tr>                          \r\n<td style=\"width:129px;height:0px;\">                                      Branding            </td>                          \r\n<td style=\"width:444px;height:0px;\">                                      <strong>{txtBrand}</strong>            </td>                            \r\n<td style=\"width:3px;height:0px;\">                              \r\n<p>                    &nbsp;</p>\r\n                          </td>        </tr>                        \r\n<tr>                          \r\n<td style=\"width:129px;height:0px;\">                                      Typ            </td>                          \r\n<td style=\"width:444px;height:0px;\">                                      <strong>{ddlType}</strong>            </td>                            \r\n<td style=\"width:3px;height:0px;\">                              \r\n<p>                    &nbsp;</p>\r\n                          </td>        </tr>                        \r\n<tr>                          \r\n<td style=\"width:129px;height:0px;\">                                      Bedingung            </td>                          \r\n<td style=\"width:444px;height:0px;\">                                      <strong>{ddlCondition}</strong>            </td>                            \r\n<td style=\"width:3px;height:0px;\">                              \r\n<p>                    &nbsp;</p>\r\n                          </td>        </tr>                        \r\n<tr>                          \r\n<td style=\"width:129px;height:0px;\">                                      Jahr            </td>                          \r\n<td style=\"width:444px;height:0px;\">                                      <strong>{txtYear}</strong>            </td>                            \r\n<td style=\"width:3px;height:0px;\">                              \r\n<p>                    &nbsp;</p>\r\n                          </td>        </tr>                        \r\n<tr>                          \r\n<td style=\"width:129px;height:0px;\">                                      {pricename}            </td>                          \r\n<td style=\"width:444px;height:0px;\">                                      <strong>{txtValue}</strong>            </td>                            \r\n<td style=\"width:3px;height:0px;\">                              \r\n<p>                    &nbsp;</p>\r\n                          </td>        </tr>                        \r\n<tr>                          \r\n<td colspan=\"3\" style=\"width:576px;height:0px;\">                                      Vielen Dank            </td>        </tr>                        \r\n<tr>                          \r\n<td colspan=\"3\" style=\"width:576px;height:0px;\">                                \r\n<p>                    {SITE_NAME}   Crew.&nbsp;{SITE_URL}</p>\r\n                          </td>        </tr>      </tbody></table>              \r\n<p>    &nbsp;</p>\r\n                                  \r\n\r\n','Neuer Eintrag hinzugefügt, um die Verkaufsliste!'),(130,21,5,'<table border=\"0\" cellpadding=\"4\" cellspacing=\"0\" width=\"586\">    <colgroup>        <col>        <col>    </colgroup>    \r\n<tbody>        \r\n<tr>            \r\n<td colspan=\"2\">                \r\n<p>                    Bienvenido a {SITE_NAME}. Como miembro, usted tendra la capacidad de publicar en nuestro sitio articulos que usted ya no tiene uso. Tambien, usted tendra acceso para ver los articulos ya publicados por otros miembros de <u>{</u>SITE_NAME}. El principal objectivo del sitio es aydar a nuestros miembros de deshacerse de los articulos que ustedes no deseas y luego encontrar articulos que necesitas aunque, para un peque&ntilde;o precio.Esto se hace pemitiendo a los usuarios negociar para los articulos que necesitan con los demas de una manera segura y divertida atraves de nustro sitio. Por favor, no dude en conctactarnos a {SITE_EMAIL} con qualqiuer pregunta, comentario o sugerencia acerca de nueatros dervicios unicos. Una vez mas, gracias por unirse a nuestra comunidad y disfrute de su experiencia en {SITE_URL}.</p>\r\n                \r\n<p>                    &nbsp;</p>\r\n                \r\n<p>                    <strong><u>Detalle de su cuenta :</u></strong></p>\r\n            </td>        </tr>        \r\n<tr>            \r\n<td>                \r\n<p>                    Nombre de usuario</p>\r\n            </td>            \r\n<td>                \r\n<p>                    {LoginName}</p>\r\n            </td>        </tr>        \r\n<tr>            \r\n<td>                \r\n<p>                    Contrasena</p>\r\n            </td>            \r\n<td>                \r\n<p>                    {Password}</p>\r\n            </td>        </tr>        \r\n<tr>            \r\n<td colspan=\"2\">                \r\n<p>                    Bienveniso a bordo!</p>\r\n            </td>        </tr>        \r\n<tr>            \r\n<td colspan=\"2\">                \r\n<p>                    <strong>Porque pagar quando se puede &iexcl;{SITE_NAME}!</strong></p>\r\n            </td>        </tr>        \r\n<tr>            \r\n<td colspan=\"2\">                \r\n<p>                    Gracias,</p>\r\n            </td>        </tr>        \r\n<tr>            \r\n<td colspan=\"2\">                \r\n<p>                    {SITE_NAME} Tripulacion. | {SITE_URL}</p>\r\n            </td>        </tr>    </tbody></table>\r\n<p>    &nbsp;</p>','Bienvenido a ¡{SITE_NAME}! Su cuenta ha sido creada con éxito! '),(131,21,6,'\r\n  \r\n<table border=\"0\" cellpadding=\"0\" cellspacing=\"0\">        \r\n<tbody>            \r\n<tr>                \r\n<td colspan=\"2\" style=\"width:576px;height:0px;\">                    \r\n<p>                    Willkommen bei {SITE_NAME} Als Mitglied werden Sie die M&ouml;glichkeit, Artikel auf unserer Website, die Sie nicht mehr verwenden f&uuml;r und der Zugang zu unerw&uuml;nschten Elemente bereits von den Mitgliedern der {SITE_NAME} posted view post haben. Das Hauptziel der Website ist es, unseren Mitgliedern helfen loszuwerden ihre unerw&uuml;nschte Elemente und es ihnen erm&ouml;glichen, Waren, die sie ben&ouml;tigen, untereinander f&uuml;r einen kleinen Preis! Dies ist, indem die Anwender mit jedem anderen auf unserer Website f&uuml;r Gegenst&auml;nde, die sie brauchen zu verhandeln, in eine unterhaltsame und sichere Plattform durchgef&uuml;hrt. Bitte z&ouml;gern Sie nicht uns zu kontaktieren { SITE_EMAIL } mit Fragen, Anmerkungen oder Anregungen zu unserem einzigartigen Service. Nochmals vielen Dank f&uuml;r den Beitritt unserer Gemeinde und genie&szlig;en Sie Ihre Erfahrungen an {SITE_URL}. &nbsp;<br />                    <strong><u>Ihre Kontodaten wie folgt:</u></strong></p>\r\n                </td>        </tr>            \r\n<tr>                \r\n<td style=\"width:128px;height:0px;\">                    \r\n<p>                    Benutzername</p>\r\n                </td>                \r\n<td style=\"width:448px;height:0px;\">                    \r\n<p>                    {LoginName}</p>\r\n                </td>        </tr>            \r\n<tr>                \r\n<td style=\"width:128px;height:0px;\">                    \r\n<p>                    Passwort</p>\r\n                </td>                \r\n<td style=\"width:448px;height:0px;\">                    \r\n<p>                    {Password}</p>\r\n                </td>        </tr>            \r\n<tr>                \r\n<td colspan=\"2\" style=\"width:576px;height:0px;\">                    \r\n<p>                    Willkommen an Bord!</p>\r\n                </td>        </tr>            \r\n<tr>                \r\n<td colspan=\"2\" style=\"width:576px;height:0px;\">                    \r\n<p>                    <strong>Warum bezahlen? Wenn man {SITE_NAME}!</strong></p>\r\n                </td>        </tr>            \r\n<tr>                \r\n<td colspan=\"2\" style=\"width:576px;height:0px;\">                    \r\n<p>                    Vielen Dank</p>\r\n                </td>        </tr>            \r\n<tr>                \r\n<td colspan=\"2\" style=\"width:576px;height:0px;\">                    \r\n<p>                    {SITE_NAME} Crew.&nbsp;{SITE_URL}</p>\r\n                </td>        </tr>    </tbody></table>    \r\n<p>    &nbsp;</p>\r\n    \r\n\r\n','Willkommen {SITE_NAME}!Ihr Konto wurde erfolgreich erstellt!'),(134,24,5,'<table border=\"0\" cellpadding=\"4\" cellspacing=\"0\" width=\"586\">    <colgroup>        <col>        <col>    </colgroup>    \r\n<tbody>        \r\n<tr>            \r\n<td>                \r\n<p>                    {comments}</p>\r\n            </td>            \r\n<td>                \r\n<p>                    &nbsp;</p>\r\n            </td>        </tr>        \r\n<tr>            \r\n<td colspan=\"2\">                \r\n<p>                    Haga clic en la siguente direccion de internet o copie y pege la direccion en la casilla de direcciones del navegador</p>\r\n            </td>        </tr>        \r\n<tr>            \r\n<td colspan=\"2\">                \r\n<p>                    Por favor visite{SITE_URL}</p>\r\n            </td>        </tr>        \r\n<tr>            \r\n<td>                \r\n<p>                    Gracias,</p>\r\n            </td>            \r\n<td>                \r\n<p>                    &nbsp;</p>\r\n            </td>        </tr>        \r\n<tr>            \r\n<td colspan=\"2\">                \r\n<p>                    {SITE_NAME} Tripulacion | {SITE_URL}</p>\r\n            </td>        </tr>        \r\n<tr>            \r\n<td colspan=\"2\">                \r\n<p>                    &nbsp;</p>\r\n            </td>        </tr>    </tbody></table>\r\n<p>    &nbsp;</p>','Yo recomiendo esto sitio!'),(135,24,6,'\r\n<table border=\"0\" cellpadding=\"0\" cellspacing=\"0\">      \r\n<tbody>          \r\n<tr>              \r\n<td style=\"width:231px;height:0px;\">                  \r\n<p>                    {comments}</p>\r\n              </td>              \r\n<td style=\"width:341px;height:0px;\">                  \r\n<p>                    &nbsp;</p>\r\n              </td>              \r\n<td style=\"width:3px;height:0px;\">                  \r\n<p>                    &nbsp;</p>\r\n              </td>        </tr>          \r\n<tr>              \r\n<td style=\"width:231px;height:0px;\">                  \r\n<p>                    Klicken Sie auf den folgenden Internet-Adresse oder Kopieren &amp; Einf&uuml;gen in die Adressleiste Ihres Browsers ein.</p>\r\n              </td>              \r\n<td style=\"width:341px;height:0px;\">                  \r\n<p>                    &nbsp;</p>\r\n              </td>              \r\n<td style=\"width:3px;height:0px;\">                  \r\n<p>                    &nbsp;</p>\r\n              </td>        </tr>          \r\n<tr>              \r\n<td style=\"width:231px;height:0px;\">                  \r\n<p>                    Bitte besuchen Sie {SITE_URL}</p>\r\n              </td>              \r\n<td style=\"width:341px;height:0px;\">                  \r\n<p>                    &nbsp;</p>\r\n              </td>              \r\n<td style=\"width:3px;height:0px;\">                  \r\n<p>                    &nbsp;</p>\r\n              </td>        </tr>          \r\n<tr>              \r\n<td style=\"width:231px;height:0px;\">                  \r\n<p>                    Vielen Dank</p>\r\n              </td>              \r\n<td style=\"width:341px;height:0px;\">                  \r\n<p>                    &nbsp;</p>\r\n              </td>              \r\n<td style=\"width:3px;height:0px;\">                  \r\n<p>                    &nbsp;</p>\r\n              </td>        </tr>          \r\n<tr>              \r\n<td colspan=\"3\" style=\"width:576px;height:0px;\">                  \r\n<p>                    Die {SITE_NAME} Crew | {SITE_URL}</p>\r\n              </td>        </tr>    </tbody></table>  \r\n<p>    &nbsp;</p>\r\n\r\n','Ich empfehle diese Seite!'),(137,25,6,'\r\n<table border=\"0\" cellpadding=\"0\" cellspacing=\"0\">      \r\n<tbody>          \r\n<tr>              \r\n<td colspan=\"3\" style=\"width:576px;height:0px;\">                  \r\n<p>                    Ein neues Element wurde in die Liste aufgenommen worden. Die Details der Artikel ist unten angegeben.</p>\r\n              </td>        </tr>          \r\n<tr>              \r\n<td style=\"width:362px;height:0px;\">                  \r\n<p>                    Produkt abgerechnete Betrag</p>\r\n              </td>              \r\n<td style=\"width:211px;height:0px;\">                  \r\n<p>                    {var_settle}</p>\r\n              </td>              \r\n<td style=\"width:3px;height:0px;\">                  \r\n<p>                    &nbsp;</p>\r\n              </td>        </tr>          \r\n<tr>              \r\n<td style=\"width:362px;height:0px;\">                  \r\n<p>                    Produkt Istmenge</p>\r\n              </td>              \r\n<td style=\"width:211px;height:0px;\">                  \r\n<p>                    {var_actual}</p>\r\n              </td>              \r\n<td style=\"width:3px;height:0px;\">                  \r\n<p>                    &nbsp;</p>\r\n              </td>        </tr>          \r\n<tr>              \r\n<td style=\"width:362px;height:0px;\">                  \r\n<p>                    Escrow Kommission</p>\r\n              </td>              \r\n<td style=\"width:211px;height:0px;\">                  \r\n<p>                    {var_comm}</p>\r\n              </td>              \r\n<td style=\"width:3px;height:0px;\">                  \r\n<p>                    &nbsp;</p>\r\n              </td>        </tr>          \r\n<tr>              \r\n<td style=\"width:362px;height:0px;\">                  \r\n<p>                    Zahlungsweise</p>\r\n              </td>              \r\n<td style=\"width:211px;height:0px;\">                  \r\n<p>                    {var_mode}</p>\r\n              </td>              \r\n<td style=\"width:3px;height:0px;\">                  \r\n<p>                    &nbsp;</p>\r\n              </td>        </tr>          \r\n<tr>              \r\n<td colspan=\"3\" style=\"width:576px;height:0px;\">                  \r\n<p>                    Die {SITE_NAME} Crew | {SITE_URL}</p>\r\n              </td>        </tr>    </tbody></table>  \r\n<p>    &nbsp;</p>\r\n\r\n','Ihre Höhe ist von admin wurde am {SITE_NAME} nieder'),(145,29,6,'\r\n      \r\n<table border=\"0\" cellpadding=\"0\" cellspacing=\"0\">          \r\n<tbody>              \r\n<tr>                  \r\n<td colspan=\"2\" style=\"width:576px;height:0px;\">                      \r\n<p>                    Danke f&uuml;r den Kauf {point_name} mit {payment_type}. Ihr Konto ist mit {point_val} nachgef&uuml;llt. Bitte benutzen Sie diese Punkte zu verkaufen, tauschen, kaufen Artikel in {SITE_NAME}</p>\r\n                  </td>        </tr>              \r\n<tr>                  \r\n<td style=\"width:161px;height:0px;\">                      \r\n<p>                    Benutzername</p>\r\n                  </td>                  \r\n<td style=\"width:415px;height:0px;\">                      \r\n<p>                    {guserFName}</p>\r\n                  </td>        </tr>              \r\n<tr>                  \r\n<td style=\"width:161px;height:0px;\">                      \r\n<p>                    Zahlungsmethode</p>\r\n                  </td>                  \r\n<td style=\"width:415px;height:0px;\">                      \r\n<p>                    {payment_type}</p>\r\n                  </td>        </tr>              \r\n<tr>                  \r\n<td style=\"width:161px;height:0px;\">                      \r\n<p>                    Zahltag</p>\r\n                  </td>                  \r\n<td style=\"width:415px;height:0px;\">                      \r\n<p>                    {date}</p>\r\n                  </td>        </tr>              \r\n<tr>                  \r\n<td style=\"width:161px;height:0px;\">                      \r\n<p>                    Gesamtbetrag</p>\r\n                  </td>                  \r\n<td style=\"width:415px;height:0px;\">                      \r\n<p>                    {sess_PointAmount}</p>\r\n                  </td>        </tr>              \r\n<tr>                  \r\n<td colspan=\"2\" style=\"width:576px;height:0px;\">                      \r\n<p>                    Vielen Dank</p>\r\n                  </td>        </tr>              \r\n<tr>                  \r\n<td colspan=\"2\" style=\"width:576px;height:0px;\">                      \r\n<p>                    {SITE_NAME} Crew.&nbsp;{SITE_URL}</p>\r\n                  </td>        </tr>    </tbody></table>      \r\n<p>    &nbsp;</p>\r\n          \r\n\r\n','{POINT_NAME} gekauft Details'),(147,30,6,'\r\n<table border=\"0\" cellpadding=\"0\" cellspacing=\"0\">      \r\n<tbody>          \r\n<tr>              \r\n<td colspan=\"2\" style=\"width:576px;height:0px;\">                  \r\n<p>                    Danke &nbsp; zahlen &nbsp; Transaktion. &nbsp;Ihre &nbsp; Punkte &nbsp; hat &nbsp; worden, um Ihren hinzu &nbsp; Konto</p>\r\n              </td>        </tr>          \r\n<tr>              \r\n<td style=\"width:161px;height:0px;\">                  \r\n<p>                    Benutzername<br />                    &nbsp;</p>\r\n              </td>              \r\n<td style=\"width:415px;height:0px;\">                  \r\n<p>                    {guserFName}</p>\r\n              </td>        </tr>          \r\n<tr>              \r\n<td style=\"width:161px;height:0px;\">                  \r\n<p>                    Zahlungsmethode<br />                    &nbsp;</p>\r\n              </td>              \r\n<td style=\"width:415px;height:0px;\">                  \r\n<p>                    {payment_type}</p>\r\n              </td>        </tr>          \r\n<tr>              \r\n<td style=\"width:161px;height:0px;\">                  \r\n<p>                    Datum der Transaktion<br />                    &nbsp;</p>\r\n              </td>              \r\n<td style=\"width:415px;height:0px;\">                  \r\n<p>                    {date}</p>\r\n              </td>        </tr>          \r\n<tr>              \r\n<td style=\"width:161px;height:0px;\">                  \r\n<p>                    Ttal Amount<br />                    &nbsp;</p>\r\n              </td>              \r\n<td style=\"width:415px;height:0px;\">                  \r\n<p>                    {sess_PointAmount}</p>\r\n              </td>        </tr>          \r\n<tr>              \r\n<td colspan=\"2\" style=\"width:576px;height:0px;\">                  \r\n<p>                    Vielen Dank</p>\r\n              </td>        </tr>          \r\n<tr>              \r\n<td colspan=\"2\" style=\"width:576px;height:0px;\">                  \r\n<p>                    {SITE_NAME} Crew | {SITE_URL}</p>\r\n              </td>        </tr>    </tbody></table>  \r\n<p>    &nbsp;</p>\r\n\r\n','{POINT_NAME} gekauft Details'),(149,32,6,'\r\n  \r\n<table border=\"0\" cellpadding=\"0\" cellspacing=\"0\">        \r\n<tbody>            \r\n<tr>                \r\n<td colspan=\"2\" style=\"width:576px;height:0px;\">                    \r\n<p>                    Willkommen bei {SITE_NAME} Als Mitglied werden Sie die M&ouml;glichkeit, Artikel auf unserer Website, die Sie nicht mehr verwenden f&uuml;r und der Zugang zu unerw&uuml;nschten Elemente bereits von den Mitgliedern der {SITE_NAME} posted view post haben. Das Hauptziel der Website ist es, unseren Mitgliedern helfen loszuwerden ihre unerw&uuml;nschte Elemente und es ihnen erm&ouml;glichen, Waren, die sie ben&ouml;tigen, untereinander f&uuml;r einen kleinen Preis! Dies ist, indem die Anwender mit jedem anderen auf unserer Website f&uuml;r Gegenst&auml;nde, die sie brauchen zu verhandeln, in eine unterhaltsame und sichere Plattform durchgef&uuml;hrt. Bitte z&ouml;gern Sie nicht uns zu kontaktieren {SITE_EMAIL} mit Fragen, Anmerkungen oder Anregungen zu unserem einzigartigen Service. Nochmals vielen Dank f&uuml;r den Beitritt unserer Gemeinde und genie&szlig;en Sie Ihre Erfahrungen an {SITE_URL}. &nbsp;<br />                    <strong><u>Ihre Kontodaten wie folgt:</u></strong></p>\r\n                </td>        </tr>            \r\n<tr>                \r\n<td style=\"width:128px;height:0px;\">                    \r\n<p>                    Benutzername</p>\r\n                </td>                \r\n<td style=\"width:448px;height:0px;\">                    \r\n<p>                    {LoginName}</p>\r\n                </td>        </tr>            \r\n<tr>                \r\n<td style=\"width:128px;height:0px;\">                    \r\n<p>                    Passwort</p>\r\n                </td>                \r\n<td style=\"width:448px;height:0px;\">                    \r\n<p>                    {Password}</p>\r\n                </td>        </tr>            \r\n<tr>                \r\n<td colspan=\"2\" style=\"width:576px;height:0px;\">                    \r\n<p>                    <strong><u>Klicken Sie auf den folgenden Link, um Ihr Konto zu aktivieren:</u></strong></p>\r\n                </td>        </tr>            \r\n<tr>                \r\n<td colspan=\"2\" style=\"width:576px;height:0px;\">                    \r\n<p>                    {activate_link}</p>\r\n                </td>        </tr>            \r\n<tr>                \r\n<td colspan=\"2\" style=\"width:576px;height:0px;\">                    \r\n<p>                    Willkommen an Bord!</p>\r\n                </td>        </tr>            \r\n<tr>                \r\n<td colspan=\"2\" style=\"width:576px;height:0px;\">                    \r\n<p>                    <strong>Warum bezahlen? Wenn man {SITE_NAME}!</strong></p>\r\n                </td>        </tr>            \r\n<tr>                \r\n<td colspan=\"2\" style=\"width:576px;height:0px;\">                    \r\n<p>                    Vielen Dank</p>\r\n                </td>        </tr>            \r\n<tr>                \r\n<td colspan=\"2\" style=\"width:576px;height:0px;\">                    \r\n<p>                    {SITE_NAME} Crew.&nbsp;{SITE_URL}</p>\r\n                </td>        </tr>    </tbody></table>    \r\n<p>    &nbsp;</p>\r\n    \r\n\r\n','Willkommen {SITE_NAME}!Ihr Konto wurde erfolgreich erstellt!'),(151,33,6,'\r\n              \r\n<table border=\"0\" cellpadding=\"0\" cellspacing=\"0\">              \r\n<tbody>                  \r\n<tr>                      \r\n<td colspan=\"3\" style=\"width:576px;height:0px;\">                          \r\n<p>                    Ein neuer Benutzer hat mit {SITE_NAME} registriert. Da unten sind seine Angaben:</p>\r\n                      </td>        </tr>                  \r\n<tr>                      \r\n<td style=\"width:137px;height:0px;\">                          \r\n<p>                    Benutzername</p>\r\n                      </td>                      \r\n<td style=\"width:436px;height:0px;\">                          \r\n<p>                    {var_login_name}</p>\r\n                      </td>                      \r\n<td style=\"width:3px;height:0px;\">                          \r\n<p>                    &nbsp;</p>\r\n                      </td>        </tr>                                  \r\n<tr>                      \r\n<td style=\"width:137px;height:0px;\">                          \r\n<p>                    E-Mail</p>\r\n                      </td>                      \r\n<td style=\"width:436px;height:0px;\">                          \r\n<p>                    {var_email}</p>\r\n                      </td>                      \r\n<td style=\"width:3px;height:0px;\">                          \r\n<p>                    &nbsp;</p>\r\n                      </td>        </tr>                  \r\n<tr>                      \r\n<td colspan=\"3\" style=\"width:576px;height:0px;\">                          \r\n<p>                    Vielen Dank</p>\r\n                      </td>        </tr>                  \r\n<tr>                      \r\n<td colspan=\"3\" style=\"width:576px;height:0px;\">                          \r\n<p>                    {SITE_NAME} Crew. {SITE_URL}</p>\r\n                      </td>        </tr>    </tbody></table>          \r\n<p>    &nbsp;</p>\r\n                      \r\n\r\n','New Registration mit {SITE_NAME}!'),(154,41,5,'<p>    Uno de los articulos se ha vedido en <strong>{SITE_NAME}</strong><br />    <br />    Nombre del articulo&nbsp; :&nbsp; {var_title}<br />    Precio&nbsp;&nbsp;&nbsp;&nbsp;&nbsp;&nbsp;&nbsp;&nbsp;&nbsp;&nbsp;&nbsp;&nbsp;&nbsp;&nbsp;&nbsp;&nbsp;&nbsp;&nbsp;&nbsp;&nbsp;&nbsp;&nbsp;&nbsp;&nbsp; :&nbsp; {var_amount}<br />    Vendedor&nbsp;&nbsp;&nbsp;&nbsp;&nbsp;&nbsp;&nbsp;&nbsp;&nbsp;&nbsp;&nbsp;&nbsp;&nbsp;&nbsp;&nbsp;&nbsp;&nbsp;&nbsp; :&nbsp; {sellerName}<br />    Comprador&nbsp;&nbsp;&nbsp;&nbsp;&nbsp;&nbsp;&nbsp;&nbsp;&nbsp;&nbsp;&nbsp;&nbsp;&nbsp;&nbsp;&nbsp; :&nbsp;&nbsp;{buyerName}<br />    <br />    Gracias,<br />    {SITE_NAME} Tripulacion | {SITE_URL}</p>\r\n<p>    &nbsp;</p>\r\n<p>    &nbsp;</p>','Uno de los articulos se ha vendido en {SITE_NAME}'),(155,41,6,'\r\n<p>    Eines der Produkte ist in der {SITE_NAME} verkauft<br />    <br />    Produktname: {var_title}<br />    Preis &nbsp;&nbsp;&nbsp;&nbsp;&nbsp;&nbsp;&nbsp;&nbsp;&nbsp;&nbsp;&nbsp;&nbsp;&nbsp;&nbsp;&nbsp; : {var_amount}<br />    Verk&auml;ufer &nbsp;&nbsp;&nbsp;&nbsp;&nbsp;&nbsp;&nbsp;&nbsp;&nbsp;&nbsp;&nbsp;&nbsp;&nbsp;&nbsp; : {sellerName}<br />    K&auml;ufer &nbsp;&nbsp;&nbsp;&nbsp;&nbsp;&nbsp;&nbsp;&nbsp;&nbsp;&nbsp;&nbsp;&nbsp;&nbsp; : &nbsp;&nbsp; {buyerName}<br />    <br />    Danke!<br />    {SITE_NAME} Crew | {SITE_URL}</p>\r\n\r\n','Einer der Artikel ist leider ausverkauft   in {SITE_NAME}'),(156,40,5,'<p>    Su pago mensual en {SITE_NAME} esta recibido. Los detalles de los pagos se puede ver a continuaccion<br />    Cantidad pagada : {amountPaid}<br />    Fecha de pago : {dop}<br />    <br />    Gracias,</p>\r\n<p>    &nbsp;</p>\r\n<p>    {SITE_NAME} Tripulacion | {SITE_URL}</p>','Pago mensual en {SITE_NAME}: '),(157,40,6,'\r\n<p>    Die folgenden Benutzer hat die monatliche Zahlung in {SITE_NAME} gemacht<br />    <br />    Benutzername: {username}<br />    Amount Paid: {amountPaid}<br />    Datum der Zahlung: {dop}<br />    <br />    Vielen Dank<br />    <br />    {SITE_NAME} Crew | {SITE_URL}</p>\r\n\r\n','monatliche Zahlung in {SITE_NAME}'),(158,39,5,'<p>    Su pago mensual en {SITE_NAME} esta recibido. Los detalles de los pagos se puede ver a continuaccion<br />    Cantidad pagada : {amountPaid}<br />    Fecha de pago : {dop}<br />    <br />    Gracias,</p>\r\n<p>    &nbsp;</p>\r\n<p>    {SITE_NAME} Tripulacion | {SITE_URL}</p>','Pago mensual {SITE_NAME}'),(159,39,6,'\r\n  \r\n<p>    Ihre monatliche Zahlung in {SITE_NAME} ist der Erfolg voll. Die Zahlungen Details sind unten:<br />    <br />    Amount Paid: {amountPaid}<br />    Datum der Zahlung: {dop}<br />    <br />    Vielen Dank<br />    {SITE_NAME} Crew.&nbsp;{SITE_URL}</p>\r\n    \r\n\r\n','monatliche Zahlung in {SITE_NAME}'),(160,38,5,'<p>    Su pago mensual en {SITE_NAME} esta recibido. Los detalles de los pagos se puede ver a continuaccion<br />    Cantidad pagada : {amountPaid}<br />    Fecha de pago : {dop}<br />    <br />    Gracias,<br />    {SITE_NAME} Tripulacion. | {SITE_URL}</p>','Pago mensual {SITE_NAME}'),(161,38,6,'\r\n      Bitte stellen Sie Ihre monatliche Zahlung in {SITE_NAME}<br /><br />Benutzername&nbsp;&nbsp;&nbsp;&nbsp;&nbsp;&nbsp;&nbsp;&nbsp;   : {LoginName}<br />Zu zahlender Betrag&nbsp;&nbsp; :   {amountToPay}<br /><br />Klicken Sie auf den untenstehenden Link, um den Betrag zu zahlen:<br />{payNow}<br /><br />Thank You,<br /><br />{SITE_NAME} Crew | {SITE_URL}<br /><br />              \r\n\r\n','Monatliche Zahlung in {SITE_NAME}'),(162,36,5,'<table border=\"0\" cellpadding=\"4\" cellspacing=\"0\" width=\"586\">    <colgroup>        <col>        <col>    </colgroup>    \r\n<tbody>        \r\n<tr>            \r\n<td colspan=\"2\">                \r\n<p>                    Gracias por usar {SITE_NAME}. Su transaccion ha sido completada y nos pondremos en contacto con usted tan pronto como el administrador acepta el pago</p>\r\n            </td>        </tr>        \r\n<tr>            \r\n<td colspan=\"2\">                \r\n<p>                    Usted puede visitar el resumen de cuenta para ver los detalle de esta transaccion</p>\r\n            </td>        </tr>        \r\n<tr>            \r\n<td>                \r\n<p>                    Nombre del articulo</p>\r\n            </td>            \r\n<td>                \r\n<p>                    {var_title}</p>\r\n            </td>        </tr>        \r\n<tr>            \r\n<td>                \r\n<p>                    La candidad de articulo</p>\r\n            </td>            \r\n<td>                \r\n<p>                    {var_amount}</p>\r\n            </td>        </tr>        \r\n<tr>            \r\n<td>                \r\n<p>                    Cantidad</p>\r\n            </td>            \r\n<td>                \r\n<p>                    {var_quantity}</p>\r\n            </td>        </tr>        \r\n<tr>            \r\n<td>                \r\n<p>                    Identificaccion de la transaccion</p>\r\n            </td>            \r\n<td>                \r\n<p>                    {txnid}</p>\r\n            </td>        </tr>        \r\n<tr>            \r\n<td colspan=\"2\">                \r\n<p>                    El {SITE_NAME} Tripulacion | {SITE_URL}</p>\r\n            </td>        </tr>    </tbody></table>\r\n<p>    &nbsp;</p>','Informacion sobre su compra en {SITE_NAME}'),(163,36,6,'\r\n  \r\n<table border=\"0\" cellpadding=\"0\" cellspacing=\"0\">        \r\n<tbody>            \r\n<tr>                \r\n<td colspan=\"3\" style=\"width:576px;height:0px;\">                    \r\n<p>                    Vielen Dank f&uuml;r Ihr {SITE_NAME} Ihre Transaktion wurde abgeschlossen und wir, wir werden uns umgehend mit Ihnen so schnell wie der Administrator die Zahlung akzeptiert.</p>\r\n                </td>        </tr>            \r\n<tr>                \r\n<td colspan=\"3\" style=\"width:576px;height:0px;\">                    \r\n<p>                    Vielleicht besuchen Sie die {Account Summary}, um Details zu dieser Transaktion anzuzeigen.</p>\r\n                </td>        </tr>            \r\n<tr>                \r\n<td style=\"width:125px;height:0px;\">                    \r\n<p>                    Artikel Name</p>\r\n                </td>                \r\n<td style=\"width:447px;height:0px;\">                    \r\n<p>                    {var_title}</p>\r\n                </td>                \r\n<td style=\"width:3px;height:0px;\">                    \r\n<p>                    &nbsp;</p>\r\n                </td>        </tr>            \r\n<tr>                \r\n<td style=\"width:125px;height:0px;\">                    \r\n<p>                    Produkt Anzahl</p>\r\n                </td>                \r\n<td style=\"width:447px;height:0px;\">                    \r\n<p>                    {var_amount}</p>\r\n                </td>                \r\n<td style=\"width:3px;height:0px;\">                    \r\n<p>                    &nbsp;</p>\r\n                </td>        </tr>            \r\n<tr>                \r\n<td style=\"width:125px;height:0px;\">                    \r\n<p>                    Menge</p>\r\n                </td>                \r\n<td style=\"width:447px;height:0px;\">                    \r\n<p>                    {var_quantity}</p>\r\n                </td>                \r\n<td style=\"width:3px;height:0px;\">                    \r\n<p>                    &nbsp;</p>\r\n                </td>        </tr>            \r\n<tr>                \r\n<td style=\"width:125px;height:0px;\">                    \r\n<p>                    Transaktions-ID:</p>\r\n                </td>                \r\n<td style=\"width:447px;height:0px;\">                    \r\n<p>                    {txnid}</p>\r\n                </td>                \r\n<td style=\"width:3px;height:0px;\">                    \r\n<p>                    &nbsp;</p>\r\n                </td>        </tr>            \r\n<tr>                \r\n<td colspan=\"3\" style=\"width:576px;height:0px;\">                    \r\n<p>                    Die {SITE_NAME} Crew | {SITE_URL}</p>\r\n                </td>        </tr>    </tbody></table>    \r\n<p>    &nbsp;</p>\r\n    \r\n\r\n','Ihre Informationen zum Kauf an {SITE_NAME}'),(165,35,6,'\r\n<table border=\"0\" cellpadding=\"0\" cellspacing=\"0\">      \r\n<tbody>          \r\n<tr>              \r\n<td colspan=\"2\" style=\"width:576px;height:0px;\">                  \r\n<p>                    Die folgenden Benutzer wurde Punkte in {SITE_NAME} gekauft</p>\r\n              </td>        </tr>          \r\n<tr>              \r\n<td style=\"width:161px;height:0px;\">                  \r\n<p>                    Benutzername</p>\r\n              </td>              \r\n<td style=\"width:415px;height:0px;\">                  \r\n<p>                    &nbsp; {guserFName}</p>\r\n              </td>        </tr>          \r\n<tr>              \r\n<td style=\"width:161px;height:0px;\">                  \r\n<p>                    Zahlungsmethode<br />                    &nbsp;</p>\r\n              </td>              \r\n<td style=\"width:415px;height:0px;\">                  \r\n<p>                    {payment_type}</p>\r\n              </td>        </tr>          \r\n<tr>              \r\n<td style=\"width:161px;height:0px;\">                  \r\n<p>                    Datum der Transaktion<br />                    &nbsp;</p>\r\n              </td>              \r\n<td style=\"width:415px;height:0px;\">                  \r\n<p>                    {date}</p>\r\n              </td>        </tr>          \r\n<tr>              \r\n<td style=\"width:161px;height:0px;\">                  \r\n<p>                    Gesamtbetrag<br />                    &nbsp;</p>\r\n              </td>              \r\n<td style=\"width:415px;height:0px;\">                  \r\n<p>                    {sess_PointAmount}</p>\r\n              </td>        </tr>          \r\n<tr>              \r\n<td colspan=\"2\" style=\"width:576px;height:0px;\">                  \r\n<p>                    Vielen Dank</p>\r\n              </td>        </tr>          \r\n<tr>              \r\n<td colspan=\"2\" style=\"width:576px;height:0px;\">                  \r\n<p>                    {SITE_NAME} Crew | {SITE_URL}</p>\r\n              </td>        </tr>    </tbody></table>  \r\n<p>    &nbsp;</p>\r\n\r\n','New {POINT_NAME} gekauft Details'),(170,9,8,'',''),(171,10,8,'',''),(172,11,8,'',''),(173,1,8,'',''),(174,43,1,'\r\n    But I must explain to you how all this is the ERCO.      \r\n<div><span style=\"font-family: Arial, Helvetica, sans; line-height: 14px; text-align: justify;\"><br /></span></div>    \r\n\r\n','CREATE YOUR OWN SWAPPING SITE!'),(175,43,2,'\r\n            Mais je dois vous expliquer comment tout cela est le ERCO                        \r\n\r\n','CREER VOTRE PROPRE ÉCHANGE SITE !'),(176,43,5,'\r\n            Pero debo explicar a usted c&Atilde;&sup3;mo todo esto es el ERCO                        \r\n\r\n','Â¡CREA TU PROPIO INTERCAMBIO SITIO!'),(177,43,6,'\r\n            Aber ich muss Ihnen erkl&Atilde;&curren;ren, wie all dies ist die ERCO                        \r\n\r\n','ERSTELLEN SIE IHR EIGENES SWAPPING -SITE!'),(178,43,8,'\r\n            HOME_BANNER_TEXT                        \r\n\r\n','HOME_BANNER_HEADING'),(179,14,8,'',''),(180,7,8,'',''),(194,46,6,'\r\n    <span id=\"result_box\" class=\"short_text\" lang=\"de\"><span class=\"hps\">Ihr Angebot</span> <span class=\"hps\">durch</span> <span class=\"hps\">akzeptiert</span></span> {user_name}.<span id=\"result_box\" class=\"\" lang=\"fr\"><span class=\"hps\">S\'il vous pla&icirc;t</span> <span class=\"hps\">vous connecter pour voir</span> <span class=\"hps\">les</span> <span class=\"hps\">d&eacute;tails de l\'offre</span></span>.<br /><br />Vielen Dank<br /><br />{SITE_NAME} Crew.| {SITE_URL}        \r\n\r\n','Ihr Angebot an Akzeptierte {SITE_NAME}'),(195,46,8,'',''),(191,46,1,'\r\n    Your offer accepted by {user_name}.Please login to view the offer details.<br /><br />The {SITE_NAME} Crew | {SITE_URL}              \r\n\r\n','Your Offer Accepted  at {SITE_NAME}'),(192,46,2,'\r\n    <span id=\"result_box\" class=\"short_text\" lang=\"fr\"><span class=\"hps\">Votre offre</span> <span class=\"hps\">accept&eacute;e par</span></span> {user_name}.<br />    \r\n<div id=\"gt-res-content\" class=\"almost_half_cell\">        \r\n<div dir=\"ltr\" style=\"zoom:1\"><span id=\"result_box\" class=\"\" lang=\"fr\"><span class=\"hps\">S\'il vous pla&icirc;t</span> <span class=\"hps\">vous connecter pour voir</span> <span class=\"hps\">les</span> <span class=\"hps\">d&eacute;tails de l\'offre.</span></span></div></div><br />Merci!<br /><br />{SITE_NAME} Crew | {SITE_URL}                              \r\n\r\n','Votre offre acceptée au {SITE_NAME}'),(193,46,5,'\r\n    Your offer accepted by {user_name}.<span id=\"result_box\" class=\"short_text\" lang=\"es\"><span class=\"hps\">Inicia sesi&oacute;n para</span> <span class=\"hps\">ver</span> <span class=\"hps\">los</span> <span class=\"hps\">detalles de la oferta</span></span>.<br /><br />Gracias<br /><br />{SITE_NAME} Tripulacion.| {SITE_URL}    \r\n\r\n','Su oferta aceptada por {SITE_NAME}'),(181,44,1,'\r\n      New offer has been received from {receiver_user_name}.Please login to view the offer details.<br /><br />The {SITE_NAME} Crew | {SITE_URL}<br />                      \r\n\r\n','New offer recieved at {SITE_NAME}'),(182,44,2,'\r\n      \r\n<div style=\"display: inline-block;\" id=\"gt-input-tool\">    \r\n<div id=\"itamenu\"><span class=\"ita-kd-inputtools-div\"></span></div></div>    \r\n<div id=\"gt-src-c\" class=\"g-unit\">    \r\n<div id=\"gt-src-p\"> </div> </div>     \r\n<div id=\"gt-res-content\" class=\"almost_half_cell\">    \r\n<div dir=\"ltr\" style=\"zoom:1\"><span id=\"result_box\" class=\"short_text\" lang=\"fr\"><span class=\"hps\">Nouvelle</span> <span class=\"hps\">offre a</span> <span class=\"hps\">&eacute;t&eacute; re&ccedil;ue</span></span> {receiver_user_name}.<span id=\"result_box\" class=\"\" lang=\"fr\"><span class=\"hps\">S\'il vous pla&icirc;t</span> <span class=\"hps\">vous connecter pour voir</span> <span class=\"hps\">les</span> <span class=\"hps\">d&eacute;tails de l\'offre.</span></span><br /></div></div><br />Merci!<br /><br />&nbsp;{SITE_NAME} Crew | {SITE_URL}              \r\n\r\n','Nouvelle offre au recieved {SITE_NAME}'),(183,44,5,'\r\n    <span id=\"result_box\" class=\"short_text\" lang=\"es\"><span class=\"hps\">Nueva</span> <span class=\"hps\">oferta ha sido</span> <span class=\"hps\">recibida de</span></span> {receiver_user_name}.<span id=\"result_box\" class=\"short_text\" lang=\"es\"><span class=\"hps\">Inicia sesi&oacute;n para</span> <span class=\"hps\">ver</span> <span class=\"hps\">los</span> <span class=\"hps\">detalles de la oferta</span></span>.<br /><br />Gracias<br /><br />&nbsp;{SITE_NAME} Tripulacion.| {SITE_URL}              \r\n\r\n','New offer recieved at {SITE_NAME}'),(184,44,6,'\r\n    <span id=\"result_box\" class=\"short_text\" lang=\"de\"><span class=\"hps\">Neues Angebot</span> <span class=\"hps\">wurde von</span> <span class=\"hps\">empfangen worden</span></span> {receiver_user_name}.<span id=\"result_box\" class=\"short_text\" lang=\"de\"><span class=\"hps\">Bitte</span> <span class=\"hps\">anmelden, um die</span> <span class=\"hps\">Details zu sehen</span> <span class=\"hps\">Angebot</span></span>.<br /><br />Vielen Dank<br /><br />{SITE_NAME} Crew.| {SITE_URL}              \r\n\r\n','Neues Angebot erhielt bei {SITE_NAME}'),(185,44,8,'\r\n    New offer has been received from {receiver_user_name}.Please login to view the offer details.<br /><br />The {SITE_NAME} Crew | {SITE_URL}              \r\n\r\n','New offer recieved at {SITE_NAME}'),(186,45,1,'\r\n  Counter offer has been received from {receiver_user_name}.Please login to view the offer details.<br /><br />The {SITE_NAME} Crew | {SITE_URL}                              \r\n\r\n','Counter offer recieved at {SITE_NAME}'),(187,45,2,'\r\n    <span id=\"result_box\" class=\"short_text\" lang=\"fr\"><span class=\"hps\">Contre-offre</span> <span class=\"hps\">a &eacute;t&eacute; re&ccedil;ue</span></span> {receiver_user_name}.<br />  \r\n<div style=\"display: inline-block;\" id=\"gt-input-tool\">  \r\n<div id=\"itamenu\"><span class=\"ita-kd-inputtools-div\"></span></div></div>  \r\n<div id=\"gt-src-c\" class=\"g-unit\">  \r\n<div id=\"gt-src-p\"> </div> </div>   \r\n<div id=\"gt-res-content\" class=\"almost_half_cell\">  \r\n<div dir=\"ltr\" style=\"zoom:1\"><span id=\"result_box\" class=\"\" lang=\"fr\"><span class=\"hps\">S\'il vous pla&icirc;t</span> <span class=\"hps\">vous connecter pour voir</span> <span class=\"hps\">les</span> <span class=\"hps\">d&eacute;tails de l\'offre.</span></span></div></div><br />Merci!<br /><br />{SITE_NAME} Crew | {SITE_URL}                  \r\n\r\n','Contre-offre à recieved {SITE_NAME}'),(188,45,5,'\r\n      \r\n<div style=\"display: inline-block;\" id=\"gt-input-tool\">  \r\n<div id=\"itamenu\"><span class=\"ita-kd-inputtools-div\"></span></div></div>  \r\n<div id=\"gt-src-c\" class=\"g-unit\">  \r\n<div id=\"gt-src-p\"> </div> </div>   \r\n<div id=\"gt-res-content\" class=\"almost_half_cell\">  \r\n<div dir=\"ltr\" style=\"zoom:1\"><span id=\"result_box\" class=\"short_text\" lang=\"es\"><span class=\"hps\">Contra-oferta</span> <span class=\"hps\">se ha recibido</span></span> {receiver_user_name}.<span id=\"result_box\" class=\"short_text\" lang=\"es\"><span class=\"hps\">Inicia sesi&oacute;n para</span> <span class=\"hps\">ver</span> <span class=\"hps\">los</span> <span class=\"hps\">detalles de la oferta</span></span>.<br /></div></div><br />Gracias<br /><br />{SITE_NAME} Tripulacion.| {SITE_URL}                  \r\n\r\n','Contra-oferta recibió en {SITE_NAME}'),(189,45,6,'\r\n      \r\n<div style=\"display: inline-block;\" id=\"gt-input-tool\">  \r\n<div id=\"itamenu\"><span class=\"ita-kd-inputtools-div\"></span></div></div>  \r\n<div id=\"gt-src-c\" class=\"g-unit\">  \r\n<div id=\"gt-src-p\"> </div> </div>   \r\n<div id=\"gt-res-content\" class=\"almost_half_cell\">  \r\n<div dir=\"ltr\" style=\"zoom:1\"><span id=\"result_box\" class=\"short_text\" lang=\"de\"><span class=\"hps\">Gegenangebot</span> <span class=\"hps\">wurde von</span> <span class=\"hps\">empfangen worden</span></span> {receiver_user_name}.<span id=\"result_box\" class=\"\" lang=\"fr\"><span class=\"hps\">S\'il vous pla&icirc;t</span> <span class=\"hps\">vous connecter pour voir</span> <span class=\"hps\">les</span> <span class=\"hps\">d&eacute;tails de l\'offre</span></span>.<br /></div></div><br />Vielen Dank<br /><br />{SITE_NAME} Crew.| {SITE_URL}','Gegenangebot erhielt beit {SITE_NAME}'),(190,45,8,'\r\n    Counter offer has been received from {receiver_user_name}.Please login to view the offer details.<br /><br />The {SITE_NAME} Crew | {SITE_URL}                        \r\n\r\n','Counter offer recieved at {SITE_NAME}');

--
